{"text_format":"1","workbook":"xlsx","n_sheets":15,"sheets":["Program Info","Application","Incentive Calculator","Estimate","Estimate QC","Project Summary Form","Payment 1 QC","Payment 2 QC","Payment Request Form","TuneUpsBuildings052317-2016EUI","Change Log, Version ID","PNNL Est. Savings %","Portfolio Stats","DataLabel Definitions","DropDown Lookups"],"not_rendered":{"charts":0,"images":10,"macros":1,"external_links":9,"defined_names":105,"comments":3,"pivot_tables":0},"unopened":[],"bounds":{"document_bytes":16777216,"sheet_cells":100000,"rows_first":2000,"rows_last":500,"rows_between":2000,"halvings":0,"cell_chars":16384,"cell_head_chars":4096},"cells_cut":0,"cells_raw":0,"read":"whole","date_system":"1900"}

{"sheet":"Program Info","index":0,"n_rows":49,"n_cols":13,"rows_kept":49,"cut":false,"hidden":false,"merged":[]}
[null,"Seattle Office Of Sustainability & Environment ",null,null,null,null,null,null,null,"Revised: ",{"$f":"Application!N2","v":"2018-01-18"},null,{"$f":"Application!P2","v":"Version 1.0.2"}]
[null,null,null,null,null,null,"Building Tune-Up Accelerator"]
[]
[]
[]
[]
[]
[]
[]
[]
[]
[]
[]
[]
[]
[]
[]
[]
[]
[]
[]
[]
[]
[]
[]
[]
[]
[]
[]
[]
[]
[]
[]
[]
[]
[]
[]
[]
[]
[]
[]
[]
[]
[]
[]
[]
[null,null,null,null,null,null,null,"More information about the program is available online: ","Tune-Up Accelerator Program Details"]
[null,null,null,null,null,null,null,"Accelerator Help Desk: ","accelerator@seattle.gov"]
[null,null,null,null,null,null,null,"Phone:","206-233-7184"]

{"sheet":"Application","index":1,"n_rows":73,"n_cols":256,"rows_kept":73,"cut":false,"hidden":false,"merged":[[2,4,2,8],[2,9,2,10],[2,11,2,12],[2,14,2,15],[3,9,3,10],[3,12,3,13],[3,14,3,15],[7,3,8,8],[7,9,7,15],[9,3,9,15],[10,4,10,8],[10,9,13,10],[10,11,11,15],[11,4,11,8],[12,4,12,5],[12,6,12,7],[12,11,13,15],[13,4,13,8],[4,9,4,10],[4,11,4,15],[5,9,5,10],[5,11,5,15],[6,9,6,10],[6,11,6,13],[16,4,16,15],[14,3,14,15],[15,4,15,11],[15,13,15,15],[17,4,17,8],[17,10,17,11],[20,4,20,8],[20,9,20,10],[20,11,20,15],[18,4,18,8],[18,9,18,10],[18,11,18,15],[19,4,19,8],[19,9,19,10],[19,11,19,15],[21,4,21,8],[21,9,21,10],[21,11,21,15],[71,3,71,15],[23,3,23,15],[24,4,24,15],[25,4,25,8],[25,10,25,11],[26,4,26,8],[26,9,26,10],[26,11,26,15],[27,4,27,8],[27,9,27,10],[27,11,27,15],[30,3,50,15],[53,3,69,15]]}
[]
[null,null,null,null,null,null,null,null,null,null,null,null,"Revised: ",{"$f":"'Change Log, Version ID'!D6","v":"2018-01-18"},null,{"$f":"'Change Log, Version ID'!G2","v":"Version 1.0.2"},null," "]
[null,null,null,null,"Building Tune-Up Accelerator",null,null,null,null,"EMA:",null,null,null,"Supv:"]
[null,null,null,null,null,null,null,null,null,"Proj. #:",null,null,"Date Assigned:"]
[null,null,null,"Customer Energy Solutions - Business Conservation Program",null,null,null,null,null,"Project Name: "]
[null,null,null,"Program Application for Building Tune-Up Accelerator",null,null,null,null,null,"City of Seattle Building ID:"]
[null,null,null,null,null,null,null,null,null,"Facility Use: ",null,null,null,null,"Use Code: ",{"$f":"IF(L7=\"\",\"\",VLOOKUP(L7,'DropDown Lookups'!$A$11:$B$50,2,FALSE))","v":""}]
[null,null,null,"Please enter information into the green cells & send to accelerator@seattle.gov \nQuestions? Call 206-233-7184.",null,null,null,null,null,"For Internal Use Only"]
[]
[null,null,null,"Project  Information & Site Address\n",null,null,null,null,null,null,null,null,null,null,null,null,null,null,null,null,null,null,null,null,null,null,null,null,null,null,null,null,null,null,null,null,null,null,null,null,null,null,null,null,null,null,null,null,null,null,null,null,null,null,null,null,null,null,null,null,null,null,null,null,null,null,null,null,null,null,null,null,null,null,null,null,null,null,null,null,null,null,null,null,null,null,null,null,null,null,null,null,null,null,null,null,null,null,null,null,null,null,null,null,null,null,null,null,null,null,null,null,null,null,null,null,null,null,null,null,null,null,null,null,null,null,null,null,null,null,null,null,null,null,null,null,null,null,null,null,null,null,null,null,null,null,null,null,null,null,null,null,null,null,null,null,null,null,null,null,null,null,null,null,null,null,null,null,null,null,null,null,null,null,null,null,null,null,null,null,null,null,null,null,null,null,null,null,null,null,null,null,null,null,null,null,null,null,null,null,null,null,null,null,null,null,null,null,null,null,null,null,null,null,null,null,null,null,null,null,null,null,null,null,null,null,null,null,null,null,null,null,null,null,null,null,null,null,null,null,null,null,null,null,null,null,null,null,null,null,null,null,null,null,null,"New Construction"]
[null,null,null,"Facility Name:",null,null,null,null,null,"Project Scope:\n(pick from the drop-down)",null,"Basic Tune-Up:\n"]
[null,null,null,"Facility Address:"]
[null,null,null,"City:",null,null,"Zip: ",null,null,null,null,{"$f":"HLOOKUP(L11,'DropDown Lookups'!B1:D4,2,FALSE)","v":"This basic Tune-Up meets BTU Requirements. No other additional scope."}]
[null,null,null,"Building Sq Ft (Exclude Parking):"]
[null,null,null,"Customer Information"]
[null,null,null,"Company name for \nParticipation Agreement\n(as it appears on W-9): ",null,null,null,null,null,null,null,null,"Tax ID: "]
[null,null,null,"C/O (alternate business name):"]
[null,null,null,"Mailing Address:",null,null,null,null,null,"City:",null,null,"State:",null,"Zip:"]
[null,null,null,"Authorized Signer:",null,null,null,null,null,"Project Contact:"]
[null,null,null,"Position:",null,null,null,null,null,"Position/ Company: "]
[null,null,null,"Phone:",null,null,null,null,null,"Phone:"]
[null,null,null,"Email Address:",null,null,null,null,null,"Email Address:"]
[]
[null,null,null,"Tune-Up Specialist Information"]
[null,null,null,"First & Last Name:"]
[null,null,null,"Address:",null,null,null,null,null,"City:",null,null,"State:",null,"Zip:"]
[null,null,null,"Firm Name:",null,null,null,null,null,"Phone:"]
[null,null,null,"Position:",null,null,null,null,null,"Email Address:"]
[]
[null,null,null,"Seattle City Light Legal Disclosures:"]
[null,null,null,"This Form serves as an Application for participation in Seattle City Light’s Business Conservation Program (“Program”).  Please read this Program Application Form in its entirety, fill in completely your current contact information, project information, and review the applicable Program Specifications and Guidelines.  \nProgram Application Information: \n\n1) By submitting this Program Application Form, Seattle City Light (“SCL”) may contact the Program applicant to evaluate project information, proposed energy conservation measures, estimate energy savings, and to request of applicants to submit all Program Forms and supporting documentation.  Once SCL determines a Program applicant’s eligibility for program participation, Program applicant is referred to as a “Program Participant” by SCL and may then voluntarily implement the energy conservation measures (ECMs) in accordance with applicable Program Specifications, Guidelines and other Program policies and requirements for participation in the Seattle City Light Business Conservation Program. Implement shall take its ordinary meaning, including but not limited to the installation, commissioning, replacement, or improvement of equipment or building systems for the purpose of conserving energy, or participation in any program aimed at reducing energy consumption. If, and only if, sufficient Program funding is available, and SCL can administratively verify the Program Participant’s completion of all Program Forms and the implementation of the conservation measures according to Program Specifications, Guidelines and other Program policies and requirements, then SCL may issue an incentive payment to the Program Participant. Program information, Forms, Specifications and Guidelines are publicly accessible on the Seattle City Light Website for the Business Conservation Program.  \n\n2) Since the Program is voluntary, Program Participant acknowledges the freedom to choose to implement any energy conservation measures in their facilities, or none at all.  However, Program Participants may only receive an incentive payment if SCL determines such measures are eligible for the Program, are verified by SCL, and the project meets Program Specifications, Guidelines and other Program policies and requirements.  The Program is not an entitlement program and requires complete participation and performance by the Program Participant.\n\n3) Program Participant understands, has notice of, and voluntarily assumes any risks of injury or property damage that may arise during the implementation of energy conservation measures by Program Participant or by any third party contractor.  SCL does not recommend any contractor or equipment used to implement energy conservation measures.  Program Participant acknowledges that any list of past participating contractors provided by SCL is for informational purposes only. \n\n4) Program Participant must at all times comply with all applicable codes, ordinances, laws, and regulations for all conservation measures implemented at the Site Address to be eligible for this Program.  Program Participant and/or any third party contractor selected and used by Program Participant are solely responsible for ensuring compliance with applicable codes, ordinances laws and regulations, and not SCL.  \n\n5) Program Participant acknowledges that SCL’s verification process of Program Participant’s project information or the implementation of energy conservation measures is not, and shall not be construed as any type of certification of compliance with any applicable codes, rules or regulations, and is for administrative and Program purposes only.  \n\n6) Program Participant acknowledges that SCL does not recommend any brand or type of equipment for Participant’s facility or Site Address.  SCL makes no promises, representations or warranties to Program Participant of any efficiencies of conservation measures, nor of any potential or actual energy savings, nor of any merchantability or fitness of operation, use, or for any other purpose.\n\n7) For Program Participant to be eligible to receive an incentive payment, Program Participant shall grant permission and access to SCL, during program participation and for a period of up to three years thereafter, to visit the Participant’s Site Address to verify existing conditions and engage in the collection of usual and customary Business Conservation Program information related to Program Participant’s implementation of the energy conservation measure(s) at the Site Address.  \n\n8) The Program is a limited public utility subsidy that is subject to availability of funds, and any incentive amounts are subject to change or adjustment at the discretion of SCL, in accordance with applicable Program Guidelines, rules, regulations, and applicable city, state or federal law. \n\n9) Program Participant understands that a Program prerequisite to receipt of any SCL incentive payment shall be for Program Participant to read, sign and agree to the terms and conditions of the Program Participation Agreement.\n  "]
[]
[]
[]
[]
[]
[]
[]
[]
[]
[]
[]
[]
[]
[]
[]
[]
[]
[]
[]
[]
[null,null,null," "]
[null,null,null,"Office of Sustainability & Environment Building Tune-Up Accelerator Program Legal Disclosures:"]
[null,null,null,"\n1) By submitting this Program Application, the Applicant understands that they are applying to become a “Program Participant” in the Tune-Up Accelerator Program (“Accelerator Program”) - A City of Seattle program offered through a cooperative agreement from the US Department of Energy. It is available for small to midsize nonresidential buildings (buildings of approximately 100,000 SF or less). The “Basic Tune-Up” is a one-time incentive opportunity to encourage building owners to voluntarily participate in the early adoption of a tune-up that will meet the Seattle Building Tune-Ups mandate (SMC 22.930) before the building is required to comply. (See section 12 for buildings not subject to the Seattle Building Tune-Ups mandate.) Seattle City Light (“SCL”) and the City of Seattle Office of Sustainability and Environment (“OSE”) are City of Seattle partners in this Program. Additional partners include the Smart Buildings Center, Pacific Northwest National Lab and University of Washington Integrated Design Lab. \n\n2) The “Program Participant” in the Accelerator should be the Building Owner, which is defined as an individual or entity possessing a fee interest in a non-residential building or the building owner’s agent, such as a building manager or a lessee that acts on the owner’s behalf. \n\n3) OSE will review the Program Application to determine initial eligibility for participation in the Tune-Up Accelerator Program. Upon approval by OSE, OSE will forward this Program Application to SCL for assignment of a SCL Energy Management Analyst that will work with the Program Applicant or their authorized agent to complete the SCL Program Participation Agreement and any other SCL documentation required to obtain SCL Tune-Up Accelerator Program “Basic Tune-Up” Incentive as detailed in the SCL Program Guidelines. \n\n4) Program Participants in the Tune-Up Accelerator Program must work with a “Tune-Up Specialist” from a service provider firm that has completed a Tune-Up Accelerator Program Service Provider Training, sponsored by OSE. These firms are listed on the Accelerator Program website. The Program Participant understands that the scope of OSE’s service provider training is limited to the reporting requirements of the Tune-Up Accelerator program, and Customer further acknowledges that this is not intended by OSE or SCL to be a contractor recommendation. If the Program Participant would like an exception to work with another firm or to work with qualified in-house facility engineering staff, Program Participant must contact OSE in writing for pre-approval prior to any work to ensure the Tune-Up Specialist meets the requirements of the Tune-Up Accelerator Program.\n\n5) Regardless of Program Participant’s  chosen service provider firm or in-house staff in, individuals that oversee the building assessment and sign-off on the Tune-Up Accelerator Summary Report for the Basic Tune-Up must be qualified Tune-Up Specialists, which is an individual that meets the qualifications specified in Section 12 of the OSE Building Tune-Ups Director’s Rule 2016-01. \n\n6) Program Participant will negotiate their own contract or Scope of Work with their chosen service provider firm’s Tune-Up Specialist (or workplan if using in-house facility engineering staff) and coordinate with them to obtain pre-authorization and complete all documentation needed to obtain Seattle City Light Basic Tune-Up Incentive and any other SCL incentive programs, and as negotiated under the terms of and conditions of the SCL Program Participation Agreement(s) and SCL Program Guidelines. \n\n7) The Program Participant agrees to allow their selected Tune-Up Specialist access to the entire building and all tenant spaces (less than 5,000 SF with tenant owned equipment may be excluded) to collect information about the building’s equipment, operations, and energy consumption as needed to complete the Tune-Up Accelerator Program requirements. This includes completing the building assessment, collecting data to complete a building Asset Score, verifying corrective actions required, and completing the Tune-Up Accelerator Summary Report.\n\n8) Program Participants in the Tune-Up Accelerator Program must submit the completed Tune-Up Accelerator Summary Report, signed by the Building Owner and Tune-Up Specialist to the Accelerator Program no later than June 30, 2019 to use Accelerator Program participation as an alternative compliance pathway to meet the Seattle Building Tune-Ups requirement (a City of Seattle ordinance SMC 22.930). This report will be reviewed by OSE to determine if the Building Owner met the requirements of Section 11 of the OSE Building Tune-Ups Director’s Rule 2016-01. If the Summary Report is approved by OSE, the building owner will be granted a one-time exemption to the first required Seattle Building Tune-Ups Program deadline. Program Participants that submit reports determined to not meet requirements will be contacted and offered an opportunity to correct and resubmit no later than August 31, 2019. Tune-Up Accelerator Summary Reports that are determined by OSE to meet the requirements will be forwarded by OSE to SCL to be used by SCL as incentive program documentation. (See section 12 for buildings not subject to the Seattle Building Tune-Ups mandate.)\n\n9) SCL will estimate incentive payments per the SCL Program Guidelines. Any final incentive payments will be determined SCL’s sole discretion and under the terms of and conditions of the SCL Program Participation Agreement and the SCL Program Guidelines. \n\n10) In addition to any program verification that may be required by SCL, Program Participant agrees to allow access to the building and tenant spaces for the Accelerator Program to conduct measurement and verification (M&V) of results. This may require one or more on-site visits, to be scheduled at mutually agreeable dates and time. (NOTE: M&V is for Accelerator Program analysis purposes only and will be conducted on a sample of buildings. Incentives that have been agreed upon by SCL will not be changed by the result of any additional Accelerator Program M&V.)\n\n11) Program Participant understands that under Washington State Law (RCW Chapter 42.56, the Public Records Act) all records received or created by the City of Seattle are considered public records. Public records include annual energy consumption reports as required under Seattle Municipal Code, SMC 22.920 and any documents submitted by the Applicant or the Service Provider to City to participate in the Tune-Up Accelerator Program. \n\n12) Buildings within the City of Seattle (less than 50,000 SF excluding parking) and buildings outside of the City of Seattle, but within City Light territory (City Light customers) are not subject to the City of Seattle Building Tune-Ups requirement. Buildings meeting these criteria may still participate in the Tune-Up Accelerator program and are eligible for the “Basic Tune-Up” incentive. OSE will review the Tune-Up Summary Report for completeness and accuracy, and make a recommendation to City Light for the final “Tune-Up Action” incentive. City Light will determine the final incentive payment.\n"]
[]
[]
[]
[]
[]
[]
[]
[]
[]
[]
[]
[]
[]
[]
[]
[]
[]
[null,null,null,"By submitting this Application Form, I am requesting Seattle City Light and Office of Sustainability and Environment to verify my participation and eligibility for the Program, and I acknowledge that I have fully read and understand the above Program information.  I acknowledge that Program information, Forms, Specifications and Guidelines are publicly accessible on the Tune-Up Accelerator Website and Project Specific Guidelines will be provided to me with a Program Participation Agreement. "]
[null,null,null,null,null,null,null,null,null,null,null,null,null,"Revised:",{"$f":"'Change Log, Version ID'!D6","v":"2018-01-18"},{"$f":"'Change Log, Version ID'!G2","v":"Version 1.0.2"}]

{"sheet":"Incentive Calculator","index":2,"n_rows":108,"n_cols":14,"rows_kept":108,"cut":false,"hidden":true,"merged":[[2,5,2,9],[6,5,6,7],[7,5,7,7],[59,4,59,5],[31,4,35,7],[51,6,51,7],[52,6,52,7],[27,5,27,6],[12,5,12,6],[101,1,101,3],[102,1,102,3],[93,1,93,3],[94,1,94,3],[95,1,95,3],[96,1,96,3],[97,1,97,3],[82,1,82,3],[81,1,81,3],[98,1,98,3],[99,1,99,3],[100,1,100,3],[88,1,88,3],[89,1,89,3],[90,1,90,3],[91,1,91,3],[92,1,92,3],[84,1,84,3],[85,1,85,3],[86,1,86,3],[87,1,87,3]]}
[]
[]
[null,null,null,null,null,"Accelerator Program Basic Tune-Up Incentive Calculator"]
[]
[]
[null,null,null,null,"SCL Project #",{"$f":"IF(ISBLANK(Application!L4),\"\",Application!L4)","v":""}]
[null,null,null,null,"Facility Name: ",{"$f":"IF(ISBLANK(Application!E11),\"\",Application!E11)","v":""}]
[null,null,null,null,"Address: ",{"$f":"IF(ISBLANK(Application!E12),\"\",Application!E12)","v":""}]
[null,null,null,1,"Building Benchmark Data"]
[]
[null,null,null,null,"Seattle Building benchmark ID #","Building Type","King County Parcel ID #"]
[null,null,null,null,{"$f":"IF(Application!L6=\"\",\"\",Application!L6)","v":""},{"$f":"LOOKUP($E$12,'TuneUpsBuildings052317-2016EUI'!$A$2:$A$1566,'TuneUpsBuildings052317-2016EUI'!$E$2:$E$1566)","v":{"$error":"#N/A"}},{"$f":"LOOKUP($E$12,'TuneUpsBuildings052317-2016EUI'!$A$2:$A$1566,'TuneUpsBuildings052317-2016EUI'!$C$2:$C$1566)","v":{"$error":"#N/A"}}]
[null,null,null,null,"Seattle Benchmark Building Name: ",{"$f":"LOOKUP($E$12,'TuneUpsBuildings052317-2016EUI'!$A$2:$A$15667,'TuneUpsBuildings052317-2016EUI'!$F$2:$F$1566)","v":{"$error":"#N/A"}},{"$f":"LOOKUP($E$12,'TuneUpsBuildings052317-2016EUI'!$A$2:$A$1551,'TuneUpsBuildings052317-2016EUI'!$E$2:$E$1547)","v":{"$error":"#N/A"}}]
[null,null,null,null,"Year Ending 2016 kWh Consumption","EUI Rank (2016 Benchmark data)","EPA (Benchmark) Reported Floor Area- SqFt","Gross Floor Area (less Parking)"]
[null,null,null,null,{"$f":"LOOKUP($E$12,'TuneUpsBuildings052317-2016EUI'!$A$2:$A$1566,'TuneUpsBuildings052317-2016EUI'!$I$2:$I$1566)","v":{"$error":"#N/A"}},{"$f":"LOOKUP($E$12,'TuneUpsBuildings052317-2016EUI'!$A$2:$A$1566,'TuneUpsBuildings052317-2016EUI'!$N$2:$N$1566)","v":{"$error":"#N/A"}},{"$f":"LOOKUP($E$12,'TuneUpsBuildings052317-2016EUI'!$A$2:$A$1566,'TuneUpsBuildings052317-2016EUI'!$J$2:$J$1566)","v":{"$error":"#N/A"}},{"$f":"LOOKUP($E$12,'TuneUpsBuildings052317-2016EUI'!$A$2:$A$1566,'TuneUpsBuildings052317-2016EUI'!$K$2:$K$1566)","v":{"$error":"#N/A"}}]
[]
[null,null,null,null,null,null,null,{"$f":"IF('Incentive Calculator'!E45=\"\",\"\")","v":false}]
[]
[null,null,null,"2.","Tune-Up Cost Estimate (Contains a Default Value- Substitute Actual Costs When Available)",null,null,null,null,null,null,"TUNE-UP COST ESTIMATE"]
[null,null,null,null,{"$f":"E29*M23","v":0},"Assessment Cost Estimate",0.10100000000000001,"Sales tax Rate",null,null,null,null,"If Customer has not selected a Tune-up Specialist"]
[null,null,null,null,{"$f":"E29*M25","v":0},"Basic Tune-Up \"Actions\" Cost Estimate",null,null,null,null,null,null,"When processing the incentive application then"]
[null,null,null,null,{"$f":"(E20+E21)*G20","v":0},"WA State sales Tax",null,null,null,null,null,null,"Use a default value. Prorate payments @ 70% of actual costs"]
[null,null,null,null,{"$f":"SUM(E20:E22)","v":0},"Total Tune-Up Cost Estimate",{"$f":"E23/E29","v":{"$error":"#DIV/0!"}},"Estimated Tune-Up Cost/ SqFt",null,null,null,null,0.09,"Est. per SqFt Assessment Cost"]
[]
[null,null,null,null,null,null,null,null,null,null,null,null,0.15,"Est. Per SqFt Basic Tune-Up Cost"]
[]
[null,null,null,"3.","Eligible Floor Area for Tune-Up Incentive Estimate"]
[null,null,null,null,{"$f":"IF(Application!E14=\"\",\"\",Application!E14)","v":""},"SqFt- Floor Area on Application"]
[null,null,null,null,null,"SqFt- Floor Area for Incentive Calculation"]
[null,null,null,null,"Confirm eligible floor area in King County Parcel Viewer, resolve discrepancies with building owner- Link below, enter parcel ID#"]
[null,null,null,null,"Comments / Notes on reason for any adjusted floor area",null,null,"King County Parcel Viewer"]
[]
[]
[]
[]
[]
[]
[]
[null,null,null,"4.","Incentive Funding Estimate"]
[null,null,null,null,0.03,"/ SqFt Tune-Up Assessment Phase",null,"Avg. Electricity Cost/ kWh"]
[null,null,null,null,0.09,"/ SqFT Required Tune-Up Actions",null,0.08]
[null,null,null,null,"Incentive of up to a total of $0.12/ Square Foot of eligible floor area, or 70% of tune-up costs, whichever is less"]
[null,null,null,null,0.7,"Incentive Cost Cap"]
[null,null,null,null,null,null,null,"% of Assessment Cost",{"$f":"$E$45/($E$20*(1+$G$20))","v":{"$error":"#DIV/0!"}}]
[null,null,null,null,{"$f":"MIN($E$40*$E$29,$E$20*(1+$G$20)*0.7)","v":0},"Basic Tune-Up Assessment Incentive (Estimate)",null,"% of Actions Cost",{"$f":"$E$46/($E$21*(1+$G$20))","v":{"$error":"#DIV/0!"}}]
[null,null,null,null,{"$f":"IF($I$44>=0.7,MIN($E$23*0.7-$E$45,$E$29*$E$41+(($E$40*$E$29)-$E$45)),MIN($E$23*0.7-E45,$E$29*$E$41))","v":{"$error":"#DIV/0!"}},"Basic Tune-Up \"Action\" Incentive (Estimate)",null,"% of Total Tune-Up",{"$f":"$E$47/$E$23","v":{"$error":"#DIV/0!"}}]
[null,null,null,null,{"$f":"SUM(E45:E46)","v":{"$error":"#DIV/0!"}},"Total Estimated Incentive",null,"Incentive per SqFt",{"$f":"E47/E29","v":{"$error":"#DIV/0!"}}]
[null,null,null,null,"This incentive estimate is not a promise of funding. Actual incentive funding will be detailed in a program participation agreement"]
[]
[]
[null,null,null,"5.","Energy Savings Estimate"]
[null,null,null,null,"Building Type","Base Line EUI Classification","Year Ending 2016 kWh Consumption",null,"kWh/SqFt"]
[null,null,null,null,{"$f":"_xlfn.IFNA(F12,\" \")","v":" "},{"$f":"_xlfn.IFNA(F15,\" \")","v":" "},{"$f":"IF(E12=\"\",\"\",E15)","v":""},null,{"$f":"IF(G53=\"\",\"\",G53/E29)","v":""}]
[]
[null,null,null,null,"Prior 12 Month Electric Use (start - end dates)","Prior 12 month kWh Consumption","Estimated Energy Savings Reduction %","Estimated annual kWh savings","kWh/SqFt"]
[null,null,null,null,{"$f":"IF(E67=\"\",\"\",(CONCATENATE(TEXT(E67,\"MM/DD/YYYY\"),\" - \",TEXT(F78,\"MM/DD/YYYY\"))))","v":""},{"$f":"IF(G79=\"\",\"\",G79)","v":""},{"$f":"IF(E12=\"\",\"\",INDEX(kWhSavingsPct,MATCH('Incentive Calculator'!E53,BldgTypes,0),MATCH('Incentive Calculator'!F53,EUI_Class,0)))","v":""},{"$f":"IF(F56=\"\",\"\",(F56*G56))","v":""},{"$f":"IF(F56=\"\",\"\",(F56/E29))","v":""}]
[null,null,null,null,null,{"$f":"IF(F56=\"\",\"\",(IF(OR($F$56>=($G$53*1.1),$F$56<=($G$53*0.9)),\"Verify Prior 12 Month kWh- +/-10% to 2016 usage \",\"\")))","v":""}]
[]
[]
[]
[null,null,null,null,"Incentive Estimate Completed By (Name, Title)",null,null,"Date"]
[null,null,null,null,null,null,"Revised:",{"$f":"'Change Log, Version ID'!D6","v":"2018-01-18"},null,{"$f":"'Change Log, Version ID'!G2","v":"Version 1.0.2"}]
[]
[]
[null,null,null,null,"Most recent 12 month Consumption History"]
[null,null,null,null,"Bill Start Date","Bill End Date","Bill KWh","Bill KWh Charge"]
[]
[]
[]
[]
[]
[]
[]
[]
[]
[]
[]
[]
[null,null,null,null,null,null,{"$f":"IF(G67= \"\",\"\",SUM(G67:G78))","v":""},{"$f":"SUM(H67:H78)","v":0}]
[]
[]
[null,null,null,null,"Table of Deemed Electric Energy Savings Percentage by EUI classification (Quartiles)"]
[null,null,null,null,"City Of Seattle Building Type Name","PNNL Re-Tuning Study  Building Type Applied","Highest Use","Medium High","Medium Low","Lowest Use"]
[null,"ID# - For \"Non-Seattle Buildings",null,null,null,null,"Savings (Inefficient)","Savings (Typical)","Savings (Typical)","Savings (Efficient)"]
[null,99901,null,null,"College/University","Large Office, College University, Hospital (Administrative)",0.13800000000000001,6.9000000000000006E-2,6.9000000000000006E-2,4.2999999999999997E-2]
[null,99902,null,null,"Distribution Center","Stripmall Retail",9.2999999999999999E-2,9.0999999999999998E-2,9.0999999999999998E-2,0]
[null,99903,null,null,"Hospital","Large Office, College University, Hospital (Administrative)",0.13800000000000001,6.9000000000000006E-2,6.9000000000000006E-2,4.2999999999999997E-2]
[null,99904,null,null,"Hotel","Large Hotel",0.156,0.13400000000000001,0.13400000000000001,0.14399999999999999]
[null,99905,null,null,"K-12 School","Primary School",0.16500000000000001,0.126,0.126,1.2999999999999999E-2]
[null,99906,null,null,"Medical Office","Medium Office, Outpatient Healthcare",0.34200000000000003,0.18099999999999999,0.18099999999999999,8.2000000000000003E-2]
[null,99907,null,null,"Mixed Use Property","Large Office, College University, Hospital (Administrative)",0.13800000000000001,6.9000000000000006E-2,6.9000000000000006E-2,4.2999999999999997E-2]
[null,99908,null,null,"Multifamily Housing","Large Office, College University, Hospital (Administrative)",0.13800000000000001,6.9000000000000006E-2,6.9000000000000006E-2,4.2999999999999997E-2]
[null,99909,null,null,"Non-Refrigerated Warehouse","Supermarket, other Food Sales",5.2999999999999999E-2,5.2999999999999999E-2,5.2999999999999999E-2,0]
[null,99910,null,null,"Office","Large Office, College University, Hospital (Administrative)",0.13800000000000001,6.9000000000000006E-2,6.9000000000000006E-2,4.2999999999999997E-2]
[null,99911,null,null,"Other","Large Office, College University, Hospital (Administrative)",0.13800000000000001,6.9000000000000006E-2,6.9000000000000006E-2,4.2999999999999997E-2]
[null,99912,null,null,"Refrigerated Warehouse","Supermarket, other Food Sales",5.2999999999999999E-2,5.2999999999999999E-2,5.2999999999999999E-2,3.7999999999999999E-2]
[null,99913,null,null,"Residence Hall/Dormitory","Large Office, College University, Hospital (Administrative)",0.13800000000000001,6.9000000000000006E-2,6.9000000000000006E-2,4.2999999999999997E-2]
[null,99914,null,null,"Restaurant","Supermarket, other Food Sales",5.2999999999999999E-2,5.2999999999999999E-2,5.2999999999999999E-2,3.7999999999999999E-2]
[null,99915,null,null,"Retail Store","Stripmall Retail",9.2999999999999999E-2,9.0999999999999998E-2,9.0999999999999998E-2,0]
[null,99916,null,null,"Self-Storage Facility","Stripmall Retail",9.2999999999999999E-2,9.0999999999999998E-2,9.0999999999999998E-2,0]
[null,99917,null,null,"Senior Care Community","Large Hotel",0.156,0.13400000000000001,0.13400000000000001,0.14399999999999999]
[null,99918,null,null,"Supermarket/Grocery Store","Supermarket, other Food Sales",5.2999999999999999E-2,5.2999999999999999E-2,5.2999999999999999E-2,3.7999999999999999E-2]
[null,99919,null,null,"Worship Facility","Primary School",0.16500000000000001,0.126,0.126,1.2999999999999999E-2]
[]
[]
[null,null,null,null,"Energy Savings and Peak Load Reduction Benefits from Building Controls Measures in Seattle, Washington; May, 2017"]
[null,null,null,null,"Pacific Northwest National Laboratory"]
[null,null,null,null,"Table A-2"]

{"sheet":"Estimate","index":3,"n_rows":38,"n_cols":11,"rows_kept":38,"cut":false,"hidden":true,"merged":[[24,2,24,9],[7,2,7,5],[8,2,8,5],[9,2,9,5],[21,2,21,5],[23,2,23,9],[13,3,13,4],[11,3,11,4],[33,2,33,9],[34,2,34,9],[26,2,26,9],[28,2,28,10],[29,2,29,9],[30,2,30,9],[31,2,31,9],[32,2,32,9]]}
[]
[]
[null,null,null,null,null,null,null,null,"Project Number: ",{"$f":"Application!L4","v":0}]
[null,null,"Customer Energy Solutions - Building Tune-Up Accelerator",null,null,null,null,null,"Seattle Benchmark Program Building ID #",{"$f":"IF(Application!L6=\"\",\"\",Application!L6)","v":""}]
[null,null,"Incentive Estimate",null,null,null,null,null,"Date: "]
[]
[null,null,null,null,null,null,null,null,"Estimated annual cash savings: ",{"$f":"IF(J22=\"\",\"\",J22)","v":{"$error":"#VALUE!"}}]
[null,null,{"$f":"IF(Application!L5=\"\",\"\",Application!L5)","v":""},null,null,null,null,null,"Estimated cost after incentives: ",{"$f":"IF(G22=\"\",\"\",(G22-H22))","v":{"$error":"#DIV/0!"}}]
[null,null,{"$f":"IF(Application!E11=\"\",\"\",Application!E11)","v":""},null,null,null,null,null,"Estimated Seattle City Light Incentive: ",{"$f":"H22","v":{"$error":"#DIV/0!"}}]
[null,null,{"$f":"IF(Application!E12=\"\",\"\",CONCATENATE(Application!E12,\", \",Application!E13,\" \",Application!I13))","v":""},null,null,null,null,null,"Estimated Incentive as a Percent of Cost: ",{"$f":"H22/G22","v":{"$error":"#DIV/0!"}}]
[null,null,null,null,null,null,null,null,"Estimated Simple Payback: ",{"$f":"IF(J10=\"\",\"\",CONCATENATE(ROUND(J8/J7,2),\" years\"))","v":{"$error":"#DIV/0!"}}]
[null,null,null,{"$f":"IF('Incentive Calculator'!E29=\"\",\"\",'Incentive Calculator'!E29)","v":""},null,"Floor Area (Square Foot) used for Incentive Calculation",null,null,"Estimated ROI: ",{"$f":"IF(J11=\"\",\"\",1/(J8/J7))","v":{"$error":"#DIV/0!"}}]
[null,null,null,null,null,null,null,null,"Greenhouse Gas Reduction:",{"$f":"IF(I22>0,(ROUND($I$22*0.0006,0)&\" tons\"),\"\")","v":""}]
[null,null,null,{"$f":"IF(H22=\"\",\"\",(H22/E18))","v":{"$error":"#DIV/0!"}},null,"Estimated Incentive per Square Foot of Eligible Floor Area"]
[]
[null,null,"ECM \n#","Life\n(yrs)","Floor Area SqFt","Energy Conservation \nMeasure \n","Estimated Project Cost","Estimated\nSCL \nIncentive Amount ","Estimated\nElectricity\nSavings\nkWh/year","Estimated\nElectricity Savings \n$/year"]
[null,null,1,3,4,6,9,15,16]
[null,null,1,3,{"$f":"IF('Incentive Calculator'!$E$29=\"\",\"\",'Incentive Calculator'!$E$29)","v":""},{"$f":"IF('Project Summary Form'!G22=\"\",\"\",'Project Summary Form'!G22)","v":"Basic Building Tune-Up (Assessment)"},{"$f":"IF('Incentive Calculator'!E20=\"\",\"\",'Incentive Calculator'!E20)","v":0},{"$f":"IF('Incentive Calculator'!E45=\"\",\"\",'Incentive Calculator'!E45)","v":0},null,{"$f":"IF(D18=\"\",\"\",'Project Summary Form'!Q22)","v":0}]
[null,null,2,3,{"$f":"IF('Incentive Calculator'!$E$29=\"\",\"\",'Incentive Calculator'!$E$29)","v":""},{"$f":"IF('Project Summary Form'!G23=\"\",\"\",'Project Summary Form'!G23)","v":"Basic Building Tune-Up (Implementation)"},{"$f":"IF('Incentive Calculator'!E21=\"\",\"\",'Incentive Calculator'!E21+'Incentive Calculator'!E22)","v":0},{"$f":"IF('Incentive Calculator'!E46=\"\",\"\",'Incentive Calculator'!E46)","v":{"$error":"#DIV/0!"}},{"$f":"IF('Incentive Calculator'!H56=\"\",\"\",'Incentive Calculator'!H56)","v":""},{"$f":"IF(D19=\"\",\"\",I19*'[6]Project Summary'!$Q$3)","v":{"$error":"#VALUE!"}}]
[]
[]
[null,null,"TOTALS",null,null,null,{"$f":"SUM(G18:G21)","v":0},{"$f":"SUM(H18:H21)","v":{"$error":"#DIV/0!"}},{"$f":"SUM(I18:I21)","v":0},{"$f":"SUM(J18:J21)","v":{"$error":"#VALUE!"}}]
[null,null,null,null,null,null,null,""]
[null,null,{"$f":"CONCATENATE(\"Seattle City Light has received your project application and proposal to increase the energy efficiency of your facility at the Site Address listed above. Project number \",J3,\" has been assigned to your project. Please reference this number when contacting Seattle City Light regarding your project.\")","v":"Seattle City Light has received your project application and proposal to increase the energy efficiency of your facility at the Site Address listed above. Project number 0 has been assigned to your project. Please reference this number when contacting Seattle City Light regarding your project."}]
[null,null,"Based upon the preliminary information received, the estimated energy efficiency incentive is summarized by measure in the table above.  If the energy conservation measures are implemented at your facility at the Site Address as shown on the worksheets associated with this estimate, and are implemented in compliance with the Seattle City Light Program Requirements, Specifications and Guidelines, you may be eligible for the above estimated incentive payment.  This Estimated Incentive Notice is not a guarantee or promise to pay a specific amount by SCL.  "]
[]
[null,null,"In order to receive an incentive payment from Seattle City Light for the Project listed above, the following steps must occur:"]
[]
[null,null,"1) Please read and sign the attached Program Participation Agreement in the Adobe Sign link provided. "]
[null,null,"2) Implement your project’s energy conservation measures according to Program Requirements, Specifications, and Guidelines."]
[null,null,"3) Upon completing your project, submit the following items to your SCL Energy Management Analyst (EMA): \n    a. Invoices for materials and labor\n    b. A W-9 form for your organization or entity\n    c. Revised worksheets, if the project has changed"]
[null,null,"4) Your EMA will review your project and may schedule a site visit to verify the implementation of program eligible energy conservation measures (this process may take 4-6 weeks)."]
[null,null,"5) Once the installed measures have been verified and deemed eligible, your EMA will send you an Adobe Sign link to sign your Conservation Incentive Payment Request Form, which details the final incentive amount. If you plan to assign payment to a 3rd party, your EMA will also include a Payment Assignment Form"]
[null,null,"6) Please sign the Conservation Incentive Payment Request Form (and Payment Assignment Form if applicable) through the Adobe Sign link. The Payment Request Form must be signed by an authorized signer."]
[null,null,"Thank you for your participation in the Seattle City Light Business Conservation Program.  Please contact your EMA with any questions."]
[null,null,"Customer Initials: "]
[]
[null,null,null,null,null,null,null,"Revised:",{"$f":"'Change Log, Version ID'!D6","v":"2018-01-18"},null,{"$f":"'Change Log, Version ID'!G2","v":"Version 1.0.2"}]

{"sheet":"Estimate QC","index":4,"n_rows":43,"n_cols":14,"rows_kept":43,"cut":false,"hidden":true,"merged":[[2,11,2,12],[3,11,3,12],[7,2,7,3],[7,4,7,12],[8,2,8,3],[8,4,8,12],[17,11,17,12],[9,2,9,3],[9,4,9,12],[11,6,11,8],[11,10,11,12],[12,6,12,7],[12,10,12,12],[13,6,13,7],[13,11,13,12],[14,11,14,12],[15,10,15,12],[16,11,16,12],[20,10,20,12],[25,11,25,12],[30,5,30,6],[34,5,34,7],[34,8,34,9],[40,3,40,6],[40,7,40,11],[41,3,41,6],[41,7,41,11],[35,5,35,7],[35,8,35,9],[36,5,36,7],[36,8,36,9],[39,3,39,6],[39,7,39,11]]}
[]
[]
[null,null,null,null,null,null,null,null,null,null,null,"Project Number: "]
[null,null,null,null,null,null,null,null,null,null,null,{"$f":"IF(Application!$L$4=\"\",\"\",Application!$L$4)","v":""}]
[null,null,"  Customer Energy Solutions - Business Conservation Program"]
[null,null,"  Tune-Up Accelerator Incentive Estimate QC Checklist"]
[]
[null,null,"Facility Name:",null,{"$f":"IF(Application!$E$11=\"\",\"\",Application!$E$11)","v":""}]
[null,null,"Facility Address:  ",null,{"$f":"IF(Application!$E$12=\"\",\"\",Application!$E$12)","v":""}]
[null,null,"EMA:",null,{"$f":"IF(Application!$L$3=\"\",\"\",Application!$L$3)","v":""}]
[]
[null,null,null,null,null,null,"Project Summary",null,null,null,"Documentation Checklist"]
[null,null,"EMA","Supervisor",null,null,"Annual kWh savings",null,{"$f":"IF('Incentive Calculator'!H56=\"\",\"\",'Incentive Calculator'!H56)","v":""},null,"Internal QC PDF"]
[null,null,null,null,null,null,"SCL incentive amount",null,{"$f":"IF('Incentive Calculator'!E47=\"\",\"\",'Incentive Calculator'!E47)","v":{"$error":"#DIV/0!"}},null,null,"Project Summary Form"]
[null,null,"1. Project Application",null,null,null,null,null,null,null,null,"Estimate QC Checklist"]
[null,null,null,null,null,"Facility Use & EMA info is filled out",null,null,null,null,"Customer Facing PDF"]
[null,null,null,null,null,"Project Scope selected",null,null,null,null,null,"Application Form"]
[null,null,null,null,null,"Customer information is included",null,null,null,null,null,"Program Guidelines"]
[null,null,null,null,null,"Correct Building Seattle Building ID",null,null,null,null,null,"Incentive Estimate"]
[null,null,null,null,null,"Correct Building type Applied"]
[null,null,null,null,null,"Floor Area (Less Parking) Provided",null,null,null,null,"Contract Folder on I drive"]
[null,null,null,null,null,"Correct Signer & W-9 form provided",null,null,null,null,null,"TUPA Workbook"]
[null,null,null,null,null,"SCL incentive info. provided for \"Plus\",\"Bldg.. Renewal\"",null,null,null,null,null,"File named in correct convention"]
[null,null,"2. Scope of Work/ Site Data",null,null,null,null,null,null,null,null,"Bid"]
[null,null,null,null,null,"Prior 12 month kWh Consumption verified",null,null,null,null,null,"W-9 or CCSS#"]
[null,null,null,null,null,"Floor area eligible for incentive verified",null,null,null,null,null,"Internal/Customer facing PDFs"]
[null,null,null,null,null,"Tune-Up Specialist identified (Optional for Estimate)"]
[null,null,null,null,null,"Bid / Tune-Up Cost included (Optional for Estimate)"]
[null,null,null,null,null,"Total Incentive estimate: <= $0.12/ Eligible SqFt or, 70% of Estimated Tune-Up Cost"]
[]
[]
[]
[]
[null,null,"Send participation agreement to (EMA, please specify):"]
[null,null,null,null,null,"Project Contact: ",null,null,{"$f":"IF(Application!$L$19=\"\",\"\",Application!$L$19)","v":""}]
[null,null,null,null,null,"Authorized Signer: ",null,null,{"$f":"IF(Application!$E$19=\"\",\"\",Application!$E$19)","v":""}]
[null,null,null,null,null,"Contractor: ",null,null,{"$f":"IF(Application!$E$25=\"\",\"\",Application!$E$25)","v":""}]
[]
[null,null,null,"By signing below I certify that I have verified all the items listed above in the QC Checklist:"]
[null,null,null,"Name:",null,null,null,"Signature:",null,null,null,null,"Date:"]
[null,null,"EMA"]
[null,null,"Supervisor"]
[null,null,null,null,null,null,null,null,null,null,"Revised: ",{"$f":"'Change Log, Version ID'!D6","v":"2018-01-18"},null,{"$f":"'Change Log, Version ID'!G2","v":"Version 1.0.2"}]

{"sheet":"Project Summary Form","index":5,"n_rows":102,"n_cols":56,"rows_kept":102,"cut":false,"hidden":true,"merged":[[17,9,17,13],[14,6,14,7],[14,8,14,13],[15,2,15,5],[15,9,15,13],[16,9,16,13],[54,8,54,12],[55,1,55,4],[55,8,55,12],[56,2,56,3],[98,1,98,16]]}
[null,"See notes below the table for information about specific columns.  Do not print the grey areas.  Do not delete or add Rows or Columns.",null,null,null,null,null,null,null,null,null,null,null,null,null,null,null,null,null,"DO NOT DELETE",null,null,null,null,null,null,null,"DO NOT DELETE","HIDE DO NOT DELETE THESE COLUMNS",null,null,null,null,null,"HIDE DO NOT DELETE THESE COLUMNS",null,null,null,null,null,"HIDE DO NOT DELETE",null,null,"HIDE","HIDE","HIDE","HIDE DO NOT DELETE THESE COLUMNS",null,null,"HIDE","HIDE","HIDE","HIDE","HIDE","HIDE","HIDE"]
[null,null,null,null,null,null,null,null,null,null,null,null,"Project #:",{"$f":"IF(ISBLANK(Application!L4),\"\",Application!L4)","v":""},null,null,null,null,null,"GREY COLUMNS",null,null,null,null,null,null,null,"GREY COLUMNS",null,null,null,null,null,null,null,null,null,null,null,null,null,null,null,null,null,null,"FUNDING CAP CALCULATIONS"]
[null,"Customer Energy Solutions - Business Conservation Program",null,null,null,null,null,null,null,null,null,null,null,null,null,"Average Cost of Electricity Assumed in Calculations, $/kWh: ",{"$f":"IF('Incentive Calculator'!H41=\"\",\"\",'Incentive Calculator'!H41)","v":0.08},null,null,null,null,null,null,null,null,null,null,null,"THESE COLUMNS ARE NORMALLY BE HIDDEN",null,null,null,null,null,null,null,null,null,null,null,null,null,null,null,null,null,"The funding cap ratios are calculated at the BOTTOM OF THE FIXTURE COUNT WORKSHEET."]
[null,"Project Summary Form",null,null,null,null,null,null,null,null,null,null,null,null,null,"Out of pocket cost to customer:",{"$f":"J22-M22","v":0},null,null,null,null,"LEVELIZED COST CALCULATION",null,null,null,null,null,null,"DO NOT ERASE ANY OF THE CONTENTS, OR DELETE ANY OF THE GREY COLUMNS.",null,null,null,null,null,null,null,null,null,null,null,null,null,null,null,null,null,"They are applied line by line in equations in the Project Summary Form (as well as on the Fixture Count Worksheet.)"]
[null,"This form is autopulated.",null,null,null,null,null,null,"Total Resource Levelized Cost in $/kWh: ",{"$f":"+X7","v":0},null,null,null,null,null,"ROI:",{"$f":"IF(Q6=\"\",\"\",1/Q6)","v":{"$error":"#VALUE!"}}]
[null,null,null,null,null,null,null,null,"Utility Levelized Cost in $/kWh: ",{"$f":"+X6","v":0},null,null,null,null,null,"Simple payback (yrs):",{"$f":"IF(Q47*Q3=0,\"\",+Q4/(Q47*Q3))","v":{"$error":"#VALUE!"}},null,null,null,null,null,"Levelized Utility Cost, $/kWh:",{"$f":"IF(W47=0,0,+P47/(W47))","v":0},"for project as whole",null,null,null,null,"CONDITIONAL MESSAGES"]
[null,null,null,"Facility Name:  ",{"$f":"IF(ISBLANK(Application!E11),\"\",Application!E11)","v":""},null,null,null,null,null,null,null,null,null,null,"Incentive as a % of Total Cost:",{"$f":"P47/total_cost_on_proj_sum","v":{"$error":"#DIV/0!"}},null,null,null,null,null,"Levelized Total Resource Cost, $/kWh:",{"$f":"IF(W47=0,0,+total_cost_on_proj_sum/W47)","v":0},"for project as whole",null,null,null,null,"Cell G11 has a formula that produces messages in the case of cap conditions."]
[null,null,null,"Address:  ",{"$f":"IF(ISBLANK(Application!E12),\"\",Application!E12)","v":""},null,null,null,null,null,null,null,null,null,null,"Estimated annual cash savings:",{"$f":"+Q3*savings_from_proj_sum_form","v":{"$error":"#VALUE!"}},null,null,null,null,null,null,null,null,null,null,null,null,null,"It's reproduced here in case it gets inadvertently deleted from G11:",null,null,null,null,null,null,null,null,null,null,null,null,null,null,null,"Cost-based Funding Cap Ratio:",{"$f":"+Cost_Based_Funding_Cap_Ratio","v":0},"This ratio is multiplied times the uncapped funding."]
[null,null,null,null,null,null,null,null,null,null,null,null,null,null,null,"Total kWh Savings as a % of metered baseline building consumption:",{"$f":"Q22/'Incentive Calculator'!F56","v":{"$error":"#VALUE!"}},null,null,null,null,"These levelized cost calculations were added",null,null,null,null,null,null,null,null,null,null,null,null,null,null,null,null,null,null,null,null,null,null,null,null,"Min-payback Funding Cap Ratio:",{"$f":"+payback_based_funding_cap_ratio","v":0},"This ratio is multiplied times the (uncapped funding x cost-based cap ratio + bonus)"]
[null,null,null,null,null,null,null,null,null,null,null,null,null,null,null,null,null,null,null,null,null,"Dec 20, 2012 by Phoebe Warren using equations from",null,null,null,null,null,null,null,"=IF($O$8<0.5,\"Payback less than 1/2 year.\",IF($O$5<500,\"Funding less than $500.\",\"\"))"]
[null,null,null,null,null,null,null,null,null,null,null,null,null,null,null,null,null,null,null,null,null,"Brendan O'Donnell.",null,null,null,null,null,null,null,null,null,null,null,null,null,null,null,null,null,null,null,null,null,null,null,null,"The two funding cap ratios are multiplied against different very amounts, so can't be directly compared."]
[null,null,null,null,null,null,"Accelerator Project Phase",null,null,null,null,null,null,null,null,null,{"$f":"IF(payback_based_funding_cap_ratio<1,\"\",IF(Cost_Based_Funding_Cap_Ratio=0,\"\",IF(Cost_Based_Funding_Cap_Ratio<1,\"The funding is capped based on cost.\",\"\")))","v":""},null,null,null,"Assumes a 3% discount on future kWh savings.",null,null,null,null,null,null,null,null,"Data validation equation for cost of electricity:",null,null,null,null,{"$f":"cost_per_kwh<0.2","v":true},"max allowed cost of electricity",null,null,null,null,null,null,null,null,null,null," "]
[null,{"$f":"IF('[4]The Works Qualification'!$P$33=\"yes\",\"This project is funded under The Works!PLUS.\",IF('[4]The Works Qualification'!$P$31=\"yes\",\"This Project is funded under The Works!BASIC.\",\"\"))","v":""},null,null,null,null,"Tune-Up Actions",null,null,null,null,null,null,null,null,null,null,null,null,null,null,null,null,null,null,null,null,null,null,null,null,null,null,null,"Do not erase.",null,null,null,null,null,null,null,null,null,null,null," "]
[]
[]
[]
[]
[null,null,null,null,null,"EMA: ",null,{"$f":"[4]Application!O4","v":0}]
[null,"a","b","c","d","e","f","g","h","i","j","k","l","m","n","o","p",null,null,"cols.  o/p","column c"," ","pxcxratio",null,"Lookup","Table",null,null,null,null,null,null,null,null,null,null,null,null,null,null,null,null,null,null,null,null,"uncapped x overall cap ratio","error","% error"]
[null,"ECM #","Measure\n  Code","Measure\n  Life (yrs)","Capacity = SqFt Flr Area","Total \nCapacity\n  or Amount","Measure Description","Funding Code","Baseline Code","Total \nCost","Cost Code","Per-unit\n Cost","Funding\n prior to cost caps and Demo Tech Bonuses","Funding\n  Adjustment \nCode","Demonstration Technology Bonus Amount","SCL \nIncentive Amount \n","Annual kWh\nSavings\n\n(These data are entered into CITS)",null,null,"funding factors  \n($/kWh of funding) given here for reference","measure life of ECM\n(yrs)","Lifetime Discount Ratio (from lookup table to right)","discounted  lifetime savings = ratio x annual savings","measure specific levelized utility cost = col o / discounted life svgs","measure life\n(yrs)","Lifetime Discount Ratio, used in calc to the left here",null,null," ",null,null,null,null,null,null,null,null,null,null,null,null,null,null,null,null,null,"These numbers are here for information only.  Not used in worksheets.  Can be deleted without ill effect.","This table checks that funding caps equally applied to all lines"," "]
[null,1,2,3,4,4,14,7,8,9,10,11,11,12,15,"equation here",13,null,null,null,null,null,"in kWh",null,1,1]
[null,1,"TOA",3,{"$f":"'Incentive Calculator'!E29","v":0},{"$f":"IF($B22>MAX('[4]subtotals sheet'!$B$14:$B$62),\"\",VLOOKUP($B22,ECM_Lookup_on_FC,F$21,FALSE))","v":""},"Basic Building Tune-Up (Assessment)","R","E",{"$f":"'Incentive Calculator'!E20*(1+'Incentive Calculator'!$G$20)","v":0},"T",{"$f":"IF(ISERROR(+J22/E22),\"\",+J22/E22)","v":""},{"$f":"P22","v":0},{"$f":"IF($B22>MAX('[4]subtotals sheet'!$B$14:$B$62),\"\",VLOOKUP($B22,ECM_Lookup_on_FC,N$21,FALSE))","v":""},{"$f":"IF($B22>MAX('[4]subtotals sheet'!$B$14:$B$62),\"\",VLOOKUP($B22,ECM_Lookup_on_FC,O$21,FALSE))","v":""},{"$f":"'Incentive Calculator'!E45","v":0},null,null,null,{"$f":"IF(Q22=\"\",\"\",P22/Q22)","v":""},{"$f":"+D22","v":3},{"$f":"IF(Q22=\"\",\"\",VLOOKUP(U22,$Y$21:$Z$62,2,FALSE))","v":""},{"$f":"IF(Q22=\"\",\"\",+Q22*V22*U22)","v":""},{"$f":"IF(Q22=\"\",\"\",P22/W22)","v":""},2,0.9854368932038835,null,null,null,null,null,null,null,null,null,null,null,null,null,null,null,null,null,null,null,null,{"$f":"+M22*AU$47","v":{"$error":"#DIV/0!"}},{"$f":"+P22-AU22","v":{"$error":"#DIV/0!"}},{"$f":"+AV22/AU22","v":{"$error":"#DIV/0!"}}]
[null,{"$f":"+B22+1","v":2},"TOI",3,{"$f":"'Incentive Calculator'!E29","v":0},{"$f":"IF($B23>MAX('[4]subtotals sheet'!$B$14:$B$62),\"\",VLOOKUP($B23,ECM_Lookup_on_FC,F$21,FALSE))","v":""},"Basic Building Tune-Up (Implementation)","R","E",{"$f":"'Incentive Calculator'!E21*(1+'Incentive Calculator'!G20)","v":0},"T",{"$f":"IF(ISERROR(+J23/E23),\"\",+J23/E23)","v":""},{"$f":"P23","v":{"$error":"#DIV/0!"}},{"$f":"IF($B23>MAX('[4]subtotals sheet'!$B$14:$B$62),\"\",VLOOKUP($B23,ECM_Lookup_on_FC,N$21,FALSE))","v":""},{"$f":"IF($B23>MAX('[4]subtotals sheet'!$B$14:$B$62),\"\",VLOOKUP($B23,ECM_Lookup_on_FC,O$21,FALSE))","v":""},{"$f":"'Incentive Calculator'!E46","v":{"$error":"#DIV/0!"}},{"$f":"'Incentive Calculator'!H56","v":""},null,null,{"$f":"IF(Q23=\"\",\"\",P23/Q23)","v":""},{"$f":"+D23","v":3},{"$f":"IF(Q23=\"\",\"\",VLOOKUP(U23,$Y$21:$Z$62,2,FALSE))","v":""},{"$f":"IF(Q23=\"\",\"\",+Q23*V23*U23)","v":""},{"$f":"IF(Q23=\"\",\"\",P23/W23)","v":""},3,0.97115656518050708,null,null,null,null,null,null,null,null,null,null,null,null,null,null,null,null,null,null,null,null,{"$error":"#DIV/0!"},{"$error":"#DIV/0!"},{"$f":"+AV23/AU23","v":{"$error":"#DIV/0!"}}]
[null,3,null,null,null,null,null,null,null,null,null,null,null,null,null,null,null,null,null,{"$f":"IF(Q24=\"\",\"\",P24/Q24)","v":""},0,"",{"$f":"IF(Q24=\"\",\"\",+Q24*V24*U24)","v":""},{"$f":"IF(Q24=\"\",\"\",P24/W24)","v":""},4,0.9571528387236703,null,null,null,null,null,null,null,null,null,null,null,null,null,null,null,null,null,null,null,null,{"$error":"#DIV/0!"},{"$error":"#DIV/0!"},{"$f":"+AV24/AU24","v":{"$error":"#DIV/0!"}}]
[null,4,null,null,null,null,null,null,null,null,null,null,null,null,null,null,null,null,null,"",0,"","","",5,0.94341968056207404,null,null,"Hidden line.  There is a hidden line under the column headings.  This gives the column numbers in the Subtotals Sheet lookup table.",null,null,null,null,null,null,null,null,null,null,null,null,null,null,null,null,null,{"$error":"#DIV/0!"},{"$error":"#DIV/0!"},{"$error":"#DIV/0!"}]
[null,5,null,null,null,null,null,null,null,null,null,null,null,null,null,null,null,null,null,"",0,"","","",6,0.92995119786575575,null,null,null,"The max number of lighting measures is determined in the Subtotal worksheet and Ref Sheet number of Proposed Fixture Types.",null,null,null,null,null,null,null,null,null,null,null,null,null,null,null,null,{"$error":"#DIV/0!"},{"$error":"#DIV/0!"},{"$error":"#DIV/0!"}]
[null,6,null,null,null,null,null,null,null,null,null,null,null,null,null,null,null,null,null,"",0,"","","",7,0.91674163483974136,null,null,null,"The lighting lines are white (auto populated).  The non-lighting ECMs are green (manually entered).",null,null,null,null,null,null,null,null,null,null,null,null,null,null,null,null,{"$error":"#DIV/0!"},{"$error":"#DIV/0!"},{"$error":"#DIV/0!"}]
[null,7,null,null,null,null,null,null,null,null,null,null,null,null,null,null,null,null,null,"",0,"","","",8,0.90378536940269283,null,null,null," ",null,null,null,null,null,null,null,null,null,null,null,null,null,null,null,null,{"$error":"#DIV/0!"},{"$error":"#DIV/0!"},{"$error":"#DIV/0!"}]
[null,8,null,null,null,null,null,null,null,null,null,null,null,null,null,null,null,null,null,"",0,"","","",9,0.8910769099483864,null,null,null," ",null,null,null,null,null,null,null,null,null,null,null,null,null,null,null,null,{"$error":"#DIV/0!"},{"$error":"#DIV/0!"},{"$error":"#DIV/0!"}]
[null,9,null,null,null,null,null,null,null,null,null,null,null,null,null,null,null,null,null,"",0,"","","",10,0.87861089218791055,null,null,null," ",null,null,null,null,null,null,null,null,null,null,null,null,null,null,null,null,{"$error":"#DIV/0!"},{"$error":"#DIV/0!"},{"$error":"#DIV/0!"}]
[null,10,null,null,null,null,null,null,null,null,null,null,null,null,null,null,null,null,null,"",0,"","","",11,0.86638207607052997,null,null,null,null,null,null,null,null,null,null,null,null,null,null,null,null,null,null,null,null,{"$error":"#DIV/0!"},{"$error":"#DIV/0!"},{"$error":"#DIV/0!"}]
[null,11,null,null,null,null,null,null,null,null,null,null,null,null,null,null,null,null,null,"",0,"","","",12,0.85438534278121603,null,null,null,null,null,null,null,null,null,null,null,null,null,null,null,null,null,null,null,null,{"$error":"#DIV/0!"},{"$error":"#DIV/0!"},{"$error":"#DIV/0!"}]
[null,12,null,null,null,null,null,null,null,null,null,null,null,null,null,null,null,null,null,"",0,"","","",13,0.84261569181288976,null,null,null,null,null,null,null,null,null,null,null,null,null,null,null,null,null,null,null,null,{"$error":"#DIV/0!"},{"$error":"#DIV/0!"},{"$error":"#DIV/0!"}]
[null,13,null,null,null,null,null,null,null,null,null,null,null,null,null,null,null,null,null,"",0,"","","",14,0.83106823811148167,null,null,null,null,null,null,null,null,null,null,null,null,null,null,null,null,null,null,null,null,{"$error":"#DIV/0!"},{"$error":"#DIV/0!"},{"$error":"#DIV/0!"}]
[null,14,null,null,null,null,null,null,null,null,null,null,null,null,null,null,null,null,null,"",0,"","","",15,0.81973820929195751,null,null,null,null,null,null,null,null,null,null,null,null,null,null,null,null,null,null,null,null,{"$error":"#DIV/0!"},{"$error":"#DIV/0!"},{"$error":"#DIV/0!"}]
[null,15,null,null,null,null,null,null,null,null,null,null,null,null,null,null,null,null,null,"",0,"","","",16,0.80862094292350506,null,null,null,null,null,null,null,null,null,null,null,null,null,null,null,null,null,null,null,null,{"$error":"#DIV/0!"},{"$error":"#DIV/0!"},{"$error":"#DIV/0!"}]
[null,16,null,null,null,null,null,null,null,null,null,null,null,null,null,null,null,null,null,"",0,"","","",17,0.7977118838821291,null,null,null,null,null,null,null,null,null,null,null,null,null,null,null,null,null,null,null,null,{"$error":"#DIV/0!"},{"$error":"#DIV/0!"},{"$error":"#DIV/0!"}]
[null,17,{"$f":"IF($B38>MAX('[4]subtotals sheet'!$B$14:$B$62),\"\",VLOOKUP($B38,ECM_Lookup_on_FC,C$21,FALSE))","v":""},{"$f":"IF($B38>MAX('[4]subtotals sheet'!$B$14:$B$62),\"\",VLOOKUP($B38,ECM_Lookup_on_FC,D$21,FALSE))","v":""},{"$f":"IF($B38>MAX('[4]subtotals sheet'!$B$14:$B$62),\"\",VLOOKUP($B38,ECM_Lookup_on_FC,E$21,FALSE))","v":""},{"$f":"IF($B38>MAX('[4]subtotals sheet'!$B$14:$B$62),\"\",VLOOKUP($B38,ECM_Lookup_on_FC,F$21,FALSE))","v":""},{"$f":"IF($B38>MAX('[4]subtotals sheet'!$B$14:$B$62),\"\",VLOOKUP($B38,ECM_Lookup_on_FC,G$21,FALSE))","v":""},{"$f":"IF($B38>MAX('[4]subtotals sheet'!$B$14:$B$62),\"\",VLOOKUP($B38,ECM_Lookup_on_FC,H$21,FALSE))","v":""},{"$f":"IF($B38>MAX('[4]subtotals sheet'!$B$14:$B$62),\"\",VLOOKUP($B38,ECM_Lookup_on_FC,I$21,FALSE))","v":""},{"$f":"IF($B38>MAX('[4]subtotals sheet'!$B$14:$B$62),\"\",VLOOKUP($B38,ECM_Lookup_on_FC,J$21,FALSE))","v":""},{"$f":"IF($B38>MAX('[4]subtotals sheet'!$B$14:$B$62),\"\",VLOOKUP($B38,ECM_Lookup_on_FC,K$21,FALSE))","v":""},{"$f":"IF(ISERROR(+J38/F38),\"\",+J38/F38)","v":""},{"$f":"IF($B38>MAX('[4]subtotals sheet'!$B$14:$B$62),\"\",VLOOKUP($B38,ECM_Lookup_on_FC,M$21,FALSE))","v":""},{"$f":"IF($B38>MAX('[4]subtotals sheet'!$B$14:$B$62),\"\",VLOOKUP($B38,ECM_Lookup_on_FC,N$21,FALSE))","v":""},{"$f":"IF($B38>MAX('[4]subtotals sheet'!$B$14:$B$62),\"\",VLOOKUP($B38,ECM_Lookup_on_FC,O$21,FALSE))","v":""},{"$f":"IF($B38>MAX('[4]subtotals sheet'!$B$14:$B$62),\"\",((VLOOKUP($B38,ECM_Lookup_on_FC,18,FALSE)+VLOOKUP($B38,ECM_Lookup_on_FC,15,FALSE))*payback_based_funding_cap_ratio))","v":""},{"$f":"IF($B38>MAX('[4]subtotals sheet'!$B$14:$B$62),\"\",VLOOKUP($B38,ECM_Lookup_on_FC,Q$21,FALSE))","v":""},null,null,"","","","","",18,0.78700658176894267,null,null,null,null,null,null,null,null,null,null,null,null,null,null,null,null,null,null,null,null,{"$error":"#VALUE!"},{"$error":"#VALUE!"},{"$error":"#VALUE!"}]
[null,18,{"$f":"IF($B39>MAX('[4]subtotals sheet'!$B$14:$B$62),\"\",VLOOKUP($B39,ECM_Lookup_on_FC,C$21,FALSE))","v":""},{"$f":"IF($B39>MAX('[4]subtotals sheet'!$B$14:$B$62),\"\",VLOOKUP($B39,ECM_Lookup_on_FC,D$21,FALSE))","v":""},{"$f":"IF($B39>MAX('[4]subtotals sheet'!$B$14:$B$62),\"\",VLOOKUP($B39,ECM_Lookup_on_FC,E$21,FALSE))","v":""},{"$f":"IF($B39>MAX('[4]subtotals sheet'!$B$14:$B$62),\"\",VLOOKUP($B39,ECM_Lookup_on_FC,F$21,FALSE))","v":""},{"$f":"IF($B39>MAX('[4]subtotals sheet'!$B$14:$B$62),\"\",VLOOKUP($B39,ECM_Lookup_on_FC,G$21,FALSE))","v":""},{"$f":"IF($B39>MAX('[4]subtotals sheet'!$B$14:$B$62),\"\",VLOOKUP($B39,ECM_Lookup_on_FC,H$21,FALSE))","v":""},{"$f":"IF($B39>MAX('[4]subtotals sheet'!$B$14:$B$62),\"\",VLOOKUP($B39,ECM_Lookup_on_FC,I$21,FALSE))","v":""},{"$f":"IF($B39>MAX('[4]subtotals sheet'!$B$14:$B$62),\"\",VLOOKUP($B39,ECM_Lookup_on_FC,J$21,FALSE))","v":""},{"$f":"IF($B39>MAX('[4]subtotals sheet'!$B$14:$B$62),\"\",VLOOKUP($B39,ECM_Lookup_on_FC,K$21,FALSE))","v":""},"",{"$f":"IF($B39>MAX('[4]subtotals sheet'!$B$14:$B$62),\"\",VLOOKUP($B39,ECM_Lookup_on_FC,M$21,FALSE))","v":""},{"$f":"IF($B39>MAX('[4]subtotals sheet'!$B$14:$B$62),\"\",VLOOKUP($B39,ECM_Lookup_on_FC,N$21,FALSE))","v":""},{"$f":"IF($B39>MAX('[4]subtotals sheet'!$B$14:$B$62),\"\",VLOOKUP($B39,ECM_Lookup_on_FC,O$21,FALSE))","v":""},{"$f":"IF($B39>MAX('[4]subtotals sheet'!$B$14:$B$62),\"\",((VLOOKUP($B39,ECM_Lookup_on_FC,18,FALSE)+VLOOKUP($B39,ECM_Lookup_on_FC,15,FALSE))*payback_based_funding_cap_ratio))","v":""},{"$f":"IF($B39>MAX('[4]subtotals sheet'!$B$14:$B$62),\"\",VLOOKUP($B39,ECM_Lookup_on_FC,Q$21,FALSE))","v":""},null,null,"","","","","",19,0.77650068839248687]
[null,19,{"$f":"IF($B40>MAX('[4]subtotals sheet'!$B$14:$B$62),\"\",VLOOKUP($B40,ECM_Lookup_on_FC,C$21,FALSE))","v":""},{"$f":"IF($B40>MAX('[4]subtotals sheet'!$B$14:$B$62),\"\",VLOOKUP($B40,ECM_Lookup_on_FC,D$21,FALSE))","v":""},{"$f":"IF($B40>MAX('[4]subtotals sheet'!$B$14:$B$62),\"\",VLOOKUP($B40,ECM_Lookup_on_FC,E$21,FALSE))","v":""},{"$f":"IF($B40>MAX('[4]subtotals sheet'!$B$14:$B$62),\"\",VLOOKUP($B40,ECM_Lookup_on_FC,F$21,FALSE))","v":""},{"$f":"IF($B40>MAX('[4]subtotals sheet'!$B$14:$B$62),\"\",VLOOKUP($B40,ECM_Lookup_on_FC,G$21,FALSE))","v":""},{"$f":"IF($B40>MAX('[4]subtotals sheet'!$B$14:$B$62),\"\",VLOOKUP($B40,ECM_Lookup_on_FC,H$21,FALSE))","v":""},{"$f":"IF($B40>MAX('[4]subtotals sheet'!$B$14:$B$62),\"\",VLOOKUP($B40,ECM_Lookup_on_FC,I$21,FALSE))","v":""},{"$f":"IF($B40>MAX('[4]subtotals sheet'!$B$14:$B$62),\"\",VLOOKUP($B40,ECM_Lookup_on_FC,J$21,FALSE))","v":""},{"$f":"IF($B40>MAX('[4]subtotals sheet'!$B$14:$B$62),\"\",VLOOKUP($B40,ECM_Lookup_on_FC,K$21,FALSE))","v":""},"",{"$f":"IF($B40>MAX('[4]subtotals sheet'!$B$14:$B$62),\"\",VLOOKUP($B40,ECM_Lookup_on_FC,M$21,FALSE))","v":""},{"$f":"IF($B40>MAX('[4]subtotals sheet'!$B$14:$B$62),\"\",VLOOKUP($B40,ECM_Lookup_on_FC,N$21,FALSE))","v":""},{"$f":"IF($B40>MAX('[4]subtotals sheet'!$B$14:$B$62),\"\",VLOOKUP($B40,ECM_Lookup_on_FC,O$21,FALSE))","v":""},{"$f":"IF($B40>MAX('[4]subtotals sheet'!$B$14:$B$62),\"\",((VLOOKUP($B40,ECM_Lookup_on_FC,18,FALSE)+VLOOKUP($B40,ECM_Lookup_on_FC,15,FALSE))*payback_based_funding_cap_ratio))","v":""},{"$f":"IF($B40>MAX('[4]subtotals sheet'!$B$14:$B$62),\"\",VLOOKUP($B40,ECM_Lookup_on_FC,Q$21,FALSE))","v":""},null,null,"","","","","",22,0.74613746074384413]
[null,20,{"$f":"IF($B41>MAX('[4]subtotals sheet'!$B$14:$B$62),\"\",VLOOKUP($B41,ECM_Lookup_on_FC,C$21,FALSE))","v":""},{"$f":"IF($B41>MAX('[4]subtotals sheet'!$B$14:$B$62),\"\",VLOOKUP($B41,ECM_Lookup_on_FC,D$21,FALSE))","v":""},{"$f":"IF($B41>MAX('[4]subtotals sheet'!$B$14:$B$62),\"\",VLOOKUP($B41,ECM_Lookup_on_FC,E$21,FALSE))","v":""},{"$f":"IF($B41>MAX('[4]subtotals sheet'!$B$14:$B$62),\"\",VLOOKUP($B41,ECM_Lookup_on_FC,F$21,FALSE))","v":""},{"$f":"IF($B41>MAX('[4]subtotals sheet'!$B$14:$B$62),\"\",VLOOKUP($B41,ECM_Lookup_on_FC,G$21,FALSE))","v":""},{"$f":"IF($B41>MAX('[4]subtotals sheet'!$B$14:$B$62),\"\",VLOOKUP($B41,ECM_Lookup_on_FC,H$21,FALSE))","v":""},{"$f":"IF($B41>MAX('[4]subtotals sheet'!$B$14:$B$62),\"\",VLOOKUP($B41,ECM_Lookup_on_FC,I$21,FALSE))","v":""},{"$f":"IF($B41>MAX('[4]subtotals sheet'!$B$14:$B$62),\"\",VLOOKUP($B41,ECM_Lookup_on_FC,J$21,FALSE))","v":""},{"$f":"IF($B41>MAX('[4]subtotals sheet'!$B$14:$B$62),\"\",VLOOKUP($B41,ECM_Lookup_on_FC,K$21,FALSE))","v":""},"",{"$f":"IF($B41>MAX('[4]subtotals sheet'!$B$14:$B$62),\"\",VLOOKUP($B41,ECM_Lookup_on_FC,M$21,FALSE))","v":""},{"$f":"IF($B41>MAX('[4]subtotals sheet'!$B$14:$B$62),\"\",VLOOKUP($B41,ECM_Lookup_on_FC,N$21,FALSE))","v":""},{"$f":"IF($B41>MAX('[4]subtotals sheet'!$B$14:$B$62),\"\",VLOOKUP($B41,ECM_Lookup_on_FC,O$21,FALSE))","v":""},{"$f":"IF($B41>MAX('[4]subtotals sheet'!$B$14:$B$62),\"\",((VLOOKUP($B41,ECM_Lookup_on_FC,18,FALSE)+VLOOKUP($B41,ECM_Lookup_on_FC,15,FALSE))*payback_based_funding_cap_ratio))","v":""},{"$f":"IF($B41>MAX('[4]subtotals sheet'!$B$14:$B$62),\"\",VLOOKUP($B41,ECM_Lookup_on_FC,Q$21,FALSE))","v":""},null,null,"","","","",""]
[null,21,{"$f":"IF($B42>MAX('[4]subtotals sheet'!$B$14:$B$62),\"\",VLOOKUP($B42,ECM_Lookup_on_FC,C$21,FALSE))","v":""},{"$f":"IF($B42>MAX('[4]subtotals sheet'!$B$14:$B$62),\"\",VLOOKUP($B42,ECM_Lookup_on_FC,D$21,FALSE))","v":""},{"$f":"IF($B42>MAX('[4]subtotals sheet'!$B$14:$B$62),\"\",VLOOKUP($B42,ECM_Lookup_on_FC,E$21,FALSE))","v":""},{"$f":"IF($B42>MAX('[4]subtotals sheet'!$B$14:$B$62),\"\",VLOOKUP($B42,ECM_Lookup_on_FC,F$21,FALSE))","v":""},{"$f":"IF($B42>MAX('[4]subtotals sheet'!$B$14:$B$62),\"\",VLOOKUP($B42,ECM_Lookup_on_FC,G$21,FALSE))","v":""},{"$f":"IF($B42>MAX('[4]subtotals sheet'!$B$14:$B$62),\"\",VLOOKUP($B42,ECM_Lookup_on_FC,H$21,FALSE))","v":""},{"$f":"IF($B42>MAX('[4]subtotals sheet'!$B$14:$B$62),\"\",VLOOKUP($B42,ECM_Lookup_on_FC,I$21,FALSE))","v":""},{"$f":"IF($B42>MAX('[4]subtotals sheet'!$B$14:$B$62),\"\",VLOOKUP($B42,ECM_Lookup_on_FC,J$21,FALSE))","v":""},{"$f":"IF($B42>MAX('[4]subtotals sheet'!$B$14:$B$62),\"\",VLOOKUP($B42,ECM_Lookup_on_FC,K$21,FALSE))","v":""},"",{"$f":"IF($B42>MAX('[4]subtotals sheet'!$B$14:$B$62),\"\",VLOOKUP($B42,ECM_Lookup_on_FC,M$21,FALSE))","v":""},{"$f":"IF($B42>MAX('[4]subtotals sheet'!$B$14:$B$62),\"\",VLOOKUP($B42,ECM_Lookup_on_FC,N$21,FALSE))","v":""},{"$f":"IF($B42>MAX('[4]subtotals sheet'!$B$14:$B$62),\"\",VLOOKUP($B42,ECM_Lookup_on_FC,O$21,FALSE))","v":""},{"$f":"IF($B42>MAX('[4]subtotals sheet'!$B$14:$B$62),\"\",((VLOOKUP($B42,ECM_Lookup_on_FC,18,FALSE)+VLOOKUP($B42,ECM_Lookup_on_FC,15,FALSE))*payback_based_funding_cap_ratio))","v":""},{"$f":"IF($B42>MAX('[4]subtotals sheet'!$B$14:$B$62),\"\",VLOOKUP($B42,ECM_Lookup_on_FC,Q$21,FALSE))","v":""},null,null,"","","","",""]
[null,22,{"$f":"IF($B43>MAX('[4]subtotals sheet'!$B$14:$B$62),\"\",VLOOKUP($B43,ECM_Lookup_on_FC,C$21,FALSE))","v":""},{"$f":"IF($B43>MAX('[4]subtotals sheet'!$B$14:$B$62),\"\",VLOOKUP($B43,ECM_Lookup_on_FC,D$21,FALSE))","v":""},{"$f":"IF($B43>MAX('[4]subtotals sheet'!$B$14:$B$62),\"\",VLOOKUP($B43,ECM_Lookup_on_FC,E$21,FALSE))","v":""},{"$f":"IF($B43>MAX('[4]subtotals sheet'!$B$14:$B$62),\"\",VLOOKUP($B43,ECM_Lookup_on_FC,F$21,FALSE))","v":""},{"$f":"IF($B43>MAX('[4]subtotals sheet'!$B$14:$B$62),\"\",VLOOKUP($B43,ECM_Lookup_on_FC,G$21,FALSE))","v":""},{"$f":"IF($B43>MAX('[4]subtotals sheet'!$B$14:$B$62),\"\",VLOOKUP($B43,ECM_Lookup_on_FC,H$21,FALSE))","v":""},{"$f":"IF($B43>MAX('[4]subtotals sheet'!$B$14:$B$62),\"\",VLOOKUP($B43,ECM_Lookup_on_FC,I$21,FALSE))","v":""},{"$f":"IF($B43>MAX('[4]subtotals sheet'!$B$14:$B$62),\"\",VLOOKUP($B43,ECM_Lookup_on_FC,J$21,FALSE))","v":""},{"$f":"IF($B43>MAX('[4]subtotals sheet'!$B$14:$B$62),\"\",VLOOKUP($B43,ECM_Lookup_on_FC,K$21,FALSE))","v":""},"",{"$f":"IF($B43>MAX('[4]subtotals sheet'!$B$14:$B$62),\"\",VLOOKUP($B43,ECM_Lookup_on_FC,M$21,FALSE))","v":""},{"$f":"IF($B43>MAX('[4]subtotals sheet'!$B$14:$B$62),\"\",VLOOKUP($B43,ECM_Lookup_on_FC,N$21,FALSE))","v":""},{"$f":"IF($B43>MAX('[4]subtotals sheet'!$B$14:$B$62),\"\",VLOOKUP($B43,ECM_Lookup_on_FC,O$21,FALSE))","v":""},{"$f":"IF($B43>MAX('[4]subtotals sheet'!$B$14:$B$62),\"\",((VLOOKUP($B43,ECM_Lookup_on_FC,18,FALSE)+VLOOKUP($B43,ECM_Lookup_on_FC,15,FALSE))*payback_based_funding_cap_ratio))","v":""},{"$f":"IF($B43>MAX('[4]subtotals sheet'!$B$14:$B$62),\"\",VLOOKUP($B43,ECM_Lookup_on_FC,Q$21,FALSE))","v":""},null,null,"","","","",""]
[null,23,{"$f":"IF($B44>MAX('[4]subtotals sheet'!$B$14:$B$62),\"\",VLOOKUP($B44,ECM_Lookup_on_FC,C$21,FALSE))","v":""},{"$f":"IF($B44>MAX('[4]subtotals sheet'!$B$14:$B$62),\"\",VLOOKUP($B44,ECM_Lookup_on_FC,D$21,FALSE))","v":""},{"$f":"IF($B44>MAX('[4]subtotals sheet'!$B$14:$B$62),\"\",VLOOKUP($B44,ECM_Lookup_on_FC,E$21,FALSE))","v":""},{"$f":"IF($B44>MAX('[4]subtotals sheet'!$B$14:$B$62),\"\",VLOOKUP($B44,ECM_Lookup_on_FC,F$21,FALSE))","v":""},{"$f":"IF($B44>MAX('[4]subtotals sheet'!$B$14:$B$62),\"\",VLOOKUP($B44,ECM_Lookup_on_FC,G$21,FALSE))","v":""},{"$f":"IF($B44>MAX('[4]subtotals sheet'!$B$14:$B$62),\"\",VLOOKUP($B44,ECM_Lookup_on_FC,H$21,FALSE))","v":""},{"$f":"IF($B44>MAX('[4]subtotals sheet'!$B$14:$B$62),\"\",VLOOKUP($B44,ECM_Lookup_on_FC,I$21,FALSE))","v":""},{"$f":"IF($B44>MAX('[4]subtotals sheet'!$B$14:$B$62),\"\",VLOOKUP($B44,ECM_Lookup_on_FC,J$21,FALSE))","v":""},{"$f":"IF($B44>MAX('[4]subtotals sheet'!$B$14:$B$62),\"\",VLOOKUP($B44,ECM_Lookup_on_FC,K$21,FALSE))","v":""},"",{"$f":"IF($B44>MAX('[4]subtotals sheet'!$B$14:$B$62),\"\",VLOOKUP($B44,ECM_Lookup_on_FC,M$21,FALSE))","v":""},{"$f":"IF($B44>MAX('[4]subtotals sheet'!$B$14:$B$62),\"\",VLOOKUP($B44,ECM_Lookup_on_FC,N$21,FALSE))","v":""},{"$f":"IF($B44>MAX('[4]subtotals sheet'!$B$14:$B$62),\"\",VLOOKUP($B44,ECM_Lookup_on_FC,O$21,FALSE))","v":""},{"$f":"IF($B44>MAX('[4]subtotals sheet'!$B$14:$B$62),\"\",((VLOOKUP($B44,ECM_Lookup_on_FC,18,FALSE)+VLOOKUP($B44,ECM_Lookup_on_FC,15,FALSE))*payback_based_funding_cap_ratio))","v":""},{"$f":"IF($B44>MAX('[4]subtotals sheet'!$B$14:$B$62),\"\",VLOOKUP($B44,ECM_Lookup_on_FC,Q$21,FALSE))","v":""},null,null,"","","","","",23,0.73638767988031117]
[null,24,{"$f":"IF($B45>MAX('[4]subtotals sheet'!$B$14:$B$62),\"\",VLOOKUP($B45,ECM_Lookup_on_FC,C$21,FALSE))","v":""},{"$f":"IF($B45>MAX('[4]subtotals sheet'!$B$14:$B$62),\"\",VLOOKUP($B45,ECM_Lookup_on_FC,D$21,FALSE))","v":""},{"$f":"IF($B45>MAX('[4]subtotals sheet'!$B$14:$B$62),\"\",VLOOKUP($B45,ECM_Lookup_on_FC,E$21,FALSE))","v":""},{"$f":"IF($B45>MAX('[4]subtotals sheet'!$B$14:$B$62),\"\",VLOOKUP($B45,ECM_Lookup_on_FC,F$21,FALSE))","v":""},{"$f":"IF($B45>MAX('[4]subtotals sheet'!$B$14:$B$62),\"\",VLOOKUP($B45,ECM_Lookup_on_FC,G$21,FALSE))","v":""},{"$f":"IF($B45>MAX('[4]subtotals sheet'!$B$14:$B$62),\"\",VLOOKUP($B45,ECM_Lookup_on_FC,H$21,FALSE))","v":""},{"$f":"IF($B45>MAX('[4]subtotals sheet'!$B$14:$B$62),\"\",VLOOKUP($B45,ECM_Lookup_on_FC,I$21,FALSE))","v":""},{"$f":"IF($B45>MAX('[4]subtotals sheet'!$B$14:$B$62),\"\",VLOOKUP($B45,ECM_Lookup_on_FC,J$21,FALSE))","v":""},{"$f":"IF($B45>MAX('[4]subtotals sheet'!$B$14:$B$62),\"\",VLOOKUP($B45,ECM_Lookup_on_FC,K$21,FALSE))","v":""},"",{"$f":"IF($B45>MAX('[4]subtotals sheet'!$B$14:$B$62),\"\",VLOOKUP($B45,ECM_Lookup_on_FC,M$21,FALSE))","v":""},{"$f":"IF($B45>MAX('[4]subtotals sheet'!$B$14:$B$62),\"\",VLOOKUP($B45,ECM_Lookup_on_FC,N$21,FALSE))","v":""},{"$f":"IF($B45>MAX('[4]subtotals sheet'!$B$14:$B$62),\"\",VLOOKUP($B45,ECM_Lookup_on_FC,O$21,FALSE))","v":""},{"$f":"IF($B45>MAX('[4]subtotals sheet'!$B$14:$B$62),\"\",((VLOOKUP($B45,ECM_Lookup_on_FC,18,FALSE)+VLOOKUP($B45,ECM_Lookup_on_FC,15,FALSE))*payback_based_funding_cap_ratio))","v":""},{"$f":"IF($B45>MAX('[4]subtotals sheet'!$B$14:$B$62),\"\",VLOOKUP($B45,ECM_Lookup_on_FC,Q$21,FALSE))","v":""},null,null,"","","","","",24,0.72681701606986893]
[null,25,{"$f":"IF($B46>MAX('[4]subtotals sheet'!$B$14:$B$62),\"\",VLOOKUP($B46,ECM_Lookup_on_FC,C$21,FALSE))","v":""},{"$f":"IF($B46>MAX('[4]subtotals sheet'!$B$14:$B$62),\"\",VLOOKUP($B46,ECM_Lookup_on_FC,D$21,FALSE))","v":""},{"$f":"IF($B46>MAX('[4]subtotals sheet'!$B$14:$B$62),\"\",VLOOKUP($B46,ECM_Lookup_on_FC,E$21,FALSE))","v":""},{"$f":"IF($B46>MAX('[4]subtotals sheet'!$B$14:$B$62),\"\",VLOOKUP($B46,ECM_Lookup_on_FC,F$21,FALSE))","v":""},{"$f":"IF($B46>MAX('[4]subtotals sheet'!$B$14:$B$62),\"\",VLOOKUP($B46,ECM_Lookup_on_FC,G$21,FALSE))","v":""},{"$f":"IF($B46>MAX('[4]subtotals sheet'!$B$14:$B$62),\"\",VLOOKUP($B46,ECM_Lookup_on_FC,H$21,FALSE))","v":""},{"$f":"IF($B46>MAX('[4]subtotals sheet'!$B$14:$B$62),\"\",VLOOKUP($B46,ECM_Lookup_on_FC,I$21,FALSE))","v":""},{"$f":"IF($B46>MAX('[4]subtotals sheet'!$B$14:$B$62),\"\",VLOOKUP($B46,ECM_Lookup_on_FC,J$21,FALSE))","v":""},{"$f":"IF($B46>MAX('[4]subtotals sheet'!$B$14:$B$62),\"\",VLOOKUP($B46,ECM_Lookup_on_FC,K$21,FALSE))","v":""},"",{"$f":"IF($B46>MAX('[4]subtotals sheet'!$B$14:$B$62),\"\",VLOOKUP($B46,ECM_Lookup_on_FC,M$21,FALSE))","v":""},{"$f":"IF($B46>MAX('[4]subtotals sheet'!$B$14:$B$62),\"\",VLOOKUP($B46,ECM_Lookup_on_FC,N$21,FALSE))","v":""},{"$f":"IF($B46>MAX('[4]subtotals sheet'!$B$14:$B$62),\"\",VLOOKUP($B46,ECM_Lookup_on_FC,O$21,FALSE))","v":""},{"$f":"IF($B46>MAX('[4]subtotals sheet'!$B$14:$B$62),\"\",((VLOOKUP($B46,ECM_Lookup_on_FC,18,FALSE)+VLOOKUP($B46,ECM_Lookup_on_FC,15,FALSE))*payback_based_funding_cap_ratio))","v":""},{"$f":"IF($B46>MAX('[4]subtotals sheet'!$B$14:$B$62),\"\",VLOOKUP($B46,ECM_Lookup_on_FC,Q$21,FALSE))","v":""},null,null,"","","","","",25,0.7174216848806545,null,null,null,null,null,null,null,null,null,null,null,null,null,null,null,null,null,null,null,null,{"$f":"+M46*AU$47","v":{"$error":"#VALUE!"}}]
[" ","  TOTALS",null,0,{"$f":"IF(G13=\"Assessment\",E22,IF(G13=\"Tune-Up Actions\",E23,\"\"))","v":0},null,null,null," ",{"$f":"IF(G13=\"Assessment\",J22,IF(G13=\"Tune-Up Actions\",J23,\"\"))","v":0},null,{"$f":"IF(total_cost_on_proj_sum=\"\",\"\",total_cost_on_proj_sum/E22)","v":{"$error":"#DIV/0!"}},{"$f":"IF(G13=\"Assessment\",M22,IF(G13=\"Tune-Up Actions\",M23,\"\"))","v":{"$error":"#DIV/0!"}}," ",{"$f":"SUM(O22:O46)","v":0},{"$f":"IF(G13=\"Assessment\",P22,IF(G13=\"Tune-Up Actions\",P23,\"\"))","v":{"$error":"#DIV/0!"}},{"$f":"IF(G13=\"Assessment\",Q22,IF(G13=\"Tune-Up Actions\",Q23,\"\"))","v":""},null,null,null,"totals",null,{"$f":"SUM(W22:W46)","v":0},null,26,0.7081979881260777,null,null,null,null,null,null,null,null,null,null,null,null,null,null,null,null,null,null,null,null,{"$f":"+P47/total_uncapped_funding_proj_sum","v":{"$error":"#DIV/0!"}},"= contract amount / uncapped funding amount"]
[null,null,null,null,null,null,null,null,null,null,null,null,null,null,null,null,null,null,null,null,null,null,null,null,27,0.69914231180431574]
[null,null,null,null,null,null,null,null,null,null,null,null,null,null,null,null,null,null,null,null,null,null,null,null,28,0.69025112408864508]
[null,null,null,null,null,null,null,null,null,null,null,null,null,null,null,null,null,null,null,null,null,null,null,null,29,0.6815209733673272]
[null,null,null,null,null,null,null,null,null,null,null,null,null,null,null,null,null,null,null,null,null,null,null,null,30,0.67294848633179583]
[]
[null,null,null,null,null,null,null,null,null,null,null,null,null,null,"Revised: ",{"$f":"'Change Log, Version ID'!D6","v":"2018-01-18"},{"$f":"'Change Log, Version ID'!G2","v":"Version 1.0.2"},null,null,null,null,null,null,null,31,0.66453036611192851]
[null,null,null,null,null,null,null,null,null,null,null,null,null,null,null,null,null,null,null,null,null,null,null,null,32,0.65626339045721427]
[null,null,null,null,null,null,null,null,null,null,null,null,null,null,null,null,null,null,null,null,null,null,null,null,33,0.64814440996266132]
[null,null,null,null,null,null,null,null,null,null,null,null,null,null,null,null,null,null,null,null,null,null,null,null,34,0.64017034633831593]
[null,null,null,null,null,null,null,null,null,null,null,null,null,null,null,null,null,null,null,null,null,null,null,null,35,0.6323381907212966]
[null,null,null,null,null,null,null,null,null,null,null,null,null,null,null,null,null,null,null,null,null,null,null,null,36,0.62464500202927142]
[null,{"$f":"IF(R47=Q47,\"\",\"(BPA uses a lower baseline watts for T12s.)\")","v":""},null,null,null,null,null,null,null,null,null,null,null,null,null,null,null,null,null,null,null,null,null,null,37,0.61708790535433666]
[null,null,null,null,null,null,null,null,null,null,null,null,null,null,null,null,null,null,null,null,null,null,null,null,38,0.60966409039628144]
[null,null,null,null,null,null,null,null,null,null,null,null,null,null,null,null,null,null,null,null,null,null,null,null,39,0.59544219349531402]
[null,null,null,null,null,null,null,null,null,null,null,null,null,null,null,null,null,null,null,null,null,null,null,null,40,0.57592903204194468]
[]
[null,null,"THESE ROWS ARE NORMALLY HIDDEN"]
[null," "]
[null,"The PROJECT SUMMARY FORM IS ENTIRELY POPULATED FOR LIGHTING FROM THE SUBTOTALS SHEET, WHICH IS A LARGE LOOKUP TABLE"]
[null,null,"The Subtotals Sheet lookup table is called the ECM_Lookup_on_FC."]
[]
[null,null,"The Funding Caps are Calculated on the Fixture Count Worksheet in Part 3 of that Worksheet, to the right of the two printed page ranges, in grey area."]
[null,null,"The individual lines of Parts I & 2 of the Fixture Count Table are added to create ECMs.  This addition is done in the Subtotals Sheet. "]
[]
[null,"DETAILS OF HOW INFO IS TRANSFERRED FROM SUBTOTALS SHEET TO PROJECT SUMMARY FORM:"]
[]
[null,null,"=IF($B50>MAX('Subtotals Sheet'!B,<row number>!),\"\",VLOOKUP($B50,ECM_Lookup_on_FC,<approprriate column number>,FALSE))"]
[null,null,"The column in the ECM_Lookup_on_FC table is given for convenience in a hidden row, just beneath the header row, in the project summary form."]
[null,null,"The above formula figures out which ECM numbers are unblank in the subtotal table of the Subtotals Sheet."]
[null,null,"The if max portion is to allow the rows that should remain blank to be blank."]
[null,null,"The maximum number of ECMs this will generate automatically is limited by the number of lines on the subtotal sheet."]
[null,null,"The VLOOKUP seeks the ECM number in the SUBTOTAL TABLE on the Subtotals Sheet and transfers the line that matches here."]
[null,null,"The ECM number in the Subtotals Sheet is fabricated for this proposed using a COUNT function on non-zero entries"]
[null,null,null,"for the number of fixtures."]
[]
[]
[]
[]
[null," "]
[]
[]
[null,"Backup Row of Equations, in case need to restore:"]
[null,{"$f":"+B89+1","v":{"$error":"#VALUE!"}},{"$f":"IF($B90>MAX('[4]subtotals sheet'!$B$14:$B$45),\"\",VLOOKUP($B90,ECM_Lookup_on_FC,C$21,FALSE))","v":{"$error":"#VALUE!"}},{"$f":"IF($B90>MAX('[4]subtotals sheet'!$B$14:$B$45),\"\",VLOOKUP($B90,ECM_Lookup_on_FC,D$21,FALSE))","v":{"$error":"#VALUE!"}},{"$f":"IF($B90>MAX('[4]subtotals sheet'!$B$14:$B$45),\"\",VLOOKUP($B90,ECM_Lookup_on_FC,E$21,FALSE))","v":{"$error":"#VALUE!"}},{"$f":"IF($B90>MAX('[4]subtotals sheet'!$B$14:$B$45),\"\",VLOOKUP($B90,ECM_Lookup_on_FC,F$21,FALSE))","v":{"$error":"#VALUE!"}},{"$f":"IF($B90>MAX('[4]subtotals sheet'!$B$14:$B$45),\"\",VLOOKUP($B90,ECM_Lookup_on_FC,G$21,FALSE))","v":{"$error":"#VALUE!"}},{"$f":"IF($B90>MAX('[4]subtotals sheet'!$B$14:$B$45),\"\",VLOOKUP($B90,ECM_Lookup_on_FC,H$21,FALSE))","v":{"$error":"#VALUE!"}},{"$f":"IF($B90>MAX('[4]subtotals sheet'!$B$14:$B$45),\"\",VLOOKUP($B90,ECM_Lookup_on_FC,I$21,FALSE))","v":{"$error":"#VALUE!"}},{"$f":"IF($B90>MAX('[4]subtotals sheet'!$B$14:$B$45),\"\",VLOOKUP($B90,ECM_Lookup_on_FC,J$21,FALSE))","v":{"$error":"#VALUE!"}},{"$f":"IF($B90>MAX('[4]subtotals sheet'!$B$14:$B$45),\"\",VLOOKUP($B90,ECM_Lookup_on_FC,K$21,FALSE))","v":{"$error":"#VALUE!"}},{"$f":"IF($B90>MAX('[4]subtotals sheet'!$B$14:$B$45),\"\",VLOOKUP($B90,ECM_Lookup_on_FC,L$21,FALSE))","v":{"$error":"#VALUE!"}},{"$f":"IF($B90>MAX('[4]subtotals sheet'!$B$14:$B$45),\"\",VLOOKUP($B90,ECM_Lookup_on_FC,M$21,FALSE))","v":{"$error":"#VALUE!"}},{"$f":"IF($B90>MAX('[4]subtotals sheet'!$B$14:$B$45),\"\",VLOOKUP($B90,ECM_Lookup_on_FC,N$21,FALSE))","v":{"$error":"#VALUE!"}},{"$f":"IF($B90>MAX('[4]subtotals sheet'!$B$14:$B$45),\"\",VLOOKUP($B90,ECM_Lookup_on_FC,O$21,FALSE))","v":{"$error":"#VALUE!"}},{"$f":"IF($B90>MAX('[4]subtotals sheet'!$B$14:$B$45),\"\",VLOOKUP($B90,ECM_Lookup_on_FC,P$21,FALSE))","v":{"$error":"#VALUE!"}},{"$f":"IF($B90>MAX('[4]subtotals sheet'!$B$14:$B$45),\"\",VLOOKUP($B90,ECM_Lookup_on_FC,Q$21,FALSE))","v":{"$error":"#VALUE!"}}]
[]
[]
[]
[null,"Project Summary Form - Information & Instructions"]
[null,"Column d,  Number of Items.  Number of motors, chillers, fixtures, etc.",null,null,null,null,null,null,null,null,null,null,null,null,null,null,null,null,null,null,null,null,null,null,"This table extends to 40 years.  The other"]
[null,"Column e, Total Capacity (or amount).  Use hp for motors and VFDs; tons for chillers, air conditioners, heat pumps and compressors; square feet for windows.",null,null,null,null,null,null,null,null,null,null,null,null,null,null,null,null,null,null,null,null,null,null,"years are in hidden rows."]
[null,"Column g,  Funding Code.  S = Standard, C = Custom, R = Rebate, N = none.  "]
[null,"Column h,  Baseline Code.  E = Existing condition, C = Energy code, P = Standard Practice (for equipment, such as air compressors, that the Energy Code doesn't cover)",null,null,null,null,null,null,null,null,null,null,null,null,null,null,null,null,null,null,null,null,null,null,null,{"$f":"SUM(Z21:Z62)","v":29.404401289151171}]
[null,"Column j,  Incremental Cost Code.  IT = deemed to be 25% of the total cost, IM = deemed to be 50% of the material cost, IA = actual incremental cost, defined as the difference between a bid for the \nproposed and the bid for the baseline, T = incremental cost equals total cost."]
[null,"Column m,  Funding Adjustment Code.  B = 10% Demonstration Technology Bonus, M = multiple funding sources capped at 70% total cost, N = none."]
[null,"Relationship between columns l and o:  Contract Amount is capped at 70% of cost, prior to bonuses.  Contract Amount is capped to a minimum payback of 6 months after bonuses are applied."]
[null,"Payback to Customer (years)  = (ECM Incremental Cost - ECM SCL Contract Incentive Amount) / (ECM savings x cost/kWh).  "]

{"sheet":"Payment 1 QC","index":6,"n_rows":41,"n_cols":18,"rows_kept":41,"cut":false,"hidden":true,"merged":[[12,6,12,7],[12,10,12,12],[2,11,2,12],[3,11,3,12],[7,2,7,3],[7,4,7,12],[8,2,8,3],[8,4,8,12],[9,2,9,3],[9,4,9,12],[10,8,10,10],[11,6,11,8],[11,10,11,12],[23,11,23,12],[13,6,13,7],[13,11,13,12],[14,11,14,12],[15,10,15,12],[16,11,16,12],[17,11,17,12],[18,10,18,12],[19,11,19,12],[20,11,20,12],[21,11,21,12],[22,11,22,12],[36,2,36,3],[37,2,39,12],[24,11,24,12],[32,3,32,6],[32,7,32,11],[33,3,33,6],[33,7,33,11],[34,3,34,6],[34,7,34,11]]}
[]
[]
[null,null,null,null,null,null,null,null,null,null,null,"Project Number:"]
[null,null,null,null,null,null,null,null,null,null,null,{"$f":"IF(Application!$L$4=\"\",\"\",Application!$L$4)","v":""}]
[null,null,"Customer Energy Solutions - Business Conservation Program"]
[null,null,"Tune-Up Accelerator Incentive Payment 1 (Assessment) QC Checklist"]
[]
[null,null,"Facility Name:",null,{"$f":"IF(Application!$E$11=\"\",\"\",Application!$E$11)","v":""}]
[null,null,"Facility Address:",null,{"$f":"IF(Application!$E$12=\"\",\"\",Application!$E$12)","v":""}]
[null,null,"EMA:",null,{"$f":"IF(Application!$L$3=\"\",\"\",Application!$L$3)","v":""}]
[]
[null,null,null,null,null,null,"Project Summary",null,null,null,"Documentation Checklist"]
[null,null,"EMA","Supervisor",null,null,"Annual kWh savings",null,{"$f":"'Project Summary Form'!Q22","v":0},null,"Internal QC PDF"]
[null,null,null,null,null,null,"SCL incentive amount",null,{"$f":"'Project Summary Form'!P22","v":0},null,null,"Assessment Report from Specialist"]
[null,null,"1.  Scope of Work",null,null,null,null,null,null,null,null,"Payment QC checklist"]
[null,null,null,null,null,"Invoices for cost of assessment submitted to SCL",null,null,null,null,"Customer Facing PDF"]
[null,null,null,null,null,"If labor performed in-house, cost estimates documented",null,null,null,null,null,"Payment request form"]
[null,null,null,null,null,"Tune-Up Specialist Assessment report submitted",null,null,null,null,null,"PAF form for signature, if applicable"]
[null,null,null,null,null,null,"Assessment report contains data equivalent",null,null,null,"Contract Folder on I drive"]
[null,null,null,null,null,null,"tabs A thru F on the Seattle Tune-Up Accelerator",null,null,null,null,"As-built workbook"]
[null,null,null,null,null,null,"Summary Report form (Excel)",null,null,null,null,"Invoices"]
[null,null,null,null,null,"Adjustments to floor area & incentive required?",null,null,null,null,null,"Invoice summary sheet"]
[null,null,null,null,null,"Apply 70% Cost cap to assessment incentive, If required",null,null,null,null,null,"Any new correspondence"]
[null,null,"3. Invoice "]
[null,null,null,null,null,"Site address is clearly marked and matches application",null,null,null,null,null,"Internal/customer facing PDFs"]
[null,null,null,null,null,"Cost is summarized, clearly shown"]
[null,null,null,null,null,"If labor is performed in-house, cost estimates are documented"]
[null,null,null,null,null,"Invoice date is after date of signature on Participation agreement"]
[]
[]
[null,null,"4. Authorization"]
[null,null,null,"By signing below I certify that I have verified all the items listed above in the QC Checklist:"]
[null,null,null,"Name:",null,null,null,"Signature:",null,null,null,null,"Date:",null,null,"Final savings are ","equal to","estimate"]
[null,null,"EMA"]
[null,null,"Supervisor"]
[]
[null,null,"Project Notes: "]
[]
[]
[]
[null,null,null,null,null,null,null,null,null,null,"Revised: ",{"$f":"'Change Log, Version ID'!D6","v":"2018-01-18"},null,{"$f":"'Change Log, Version ID'!G2","v":"Version 1.0.2"}]

{"sheet":"Payment 2 QC","index":7,"n_rows":41,"n_cols":18,"rows_kept":41,"cut":false,"hidden":true,"merged":[[36,2,36,3],[37,2,39,12],[24,11,24,12],[32,3,32,6],[32,7,32,11],[33,3,33,6],[33,7,33,11],[34,3,34,6],[34,7,34,11],[25,11,25,12],[23,11,23,12],[13,6,13,7],[13,11,13,12],[14,11,14,12],[15,10,15,12],[16,11,16,12],[17,11,17,12],[18,10,18,12],[19,11,19,12],[20,11,20,12],[21,11,21,12],[22,11,22,12],[12,6,12,7],[12,10,12,12],[2,11,2,12],[3,11,3,12],[7,2,7,3],[7,4,7,12],[8,2,8,3],[8,4,8,12],[9,2,9,3],[9,4,9,12],[10,8,10,10],[11,6,11,8],[11,10,11,12]]}
[]
[]
[null,null,null,null,null,null,null,null,null,null,null,"Project Number:"]
[null,null,null,null,null,null,null,null,null,null,null,{"$f":"IF(Application!$L$4=\"\",\"\",Application!$L$4)","v":""}]
[null,null,"Customer Energy Solutions - Business Conservation Program"]
[null,null,"Tune-Up Accelerator Incentive Payment 2 (\"Completed Actions\") QC Checklist"]
[]
[null,null,"Facility Name:",null,{"$f":"IF(Application!$E$11=\"\",\"\",Application!$E$11)","v":""}]
[null,null,"Facility Address:",null,{"$f":"IF(Application!$E$12=\"\",\"\",Application!$E$12)","v":""}]
[null,null,"EMA:",null,{"$f":"IF(Application!$L$3=\"\",\"\",Application!$L$3)","v":""}]
[]
[null,null,null,null,null,null,"Project Summary",null,null,null,"Documentation Checklist"]
[null,null,"EMA","Supervisor",null,null,"Annual kWh savings",null,{"$f":"'Project Summary Form'!savings_from_proj_sum_form","v":""},null,"Internal QC PDF"]
[null,null,null,null,null,null,"SCL incentive amount",null,{"$f":"'Project Summary Form'!P23","v":{"$error":"#DIV/0!"}},null,null,"As-built Project Summary"]
[null,null,"1.  Tune-Up Actions",null,null,null,null,null,null,null,null,"Payment QC checklist"]
[null,null,null,null,null,"Invoices for cost of Tune-Up submitted to SCL",null,null,null,null,"Customer Facing PDF"]
[null,null,null,null,null,"If labor performed in-house, cost estimates documented",null,null,null,null,null,"Payment request form"]
[null,null,null,null,null,"Tune-Up Accelerator report Form Received",null,null,null,null,null,"PAF form for signature, if applicable"]
[null,null,null,null,null,"SCL Building Operating Hours Form Submitted",null,null,null,null,"Contract Folder on I drive"]
[null,null,null,null,null,"OSE notified SCL that Tune-Up requirement met",null,null,null,null,null,"As-built workbook"]
[null,null,null,null,null,null,null,null,null,null,null,"Invoices"]
[null,null,null,null,null,"Adjustments to floor area & incentive required?",null,null,null,null,null,"Invoice summary sheet"]
[null,null,null,null,null,"Apply 70% Cost cap to assessment incentive, If required",null,null,null,null,null,"Tune-Up Summary Report"]
[null,null,"3. Invoice ",null,null,null,null,null,null,null,null,"SCL Operating Hours form"]
[null,null,null,null,null,"Site address is clearly marked and matches application",null,null,null,null,null,"Internal/customer facing PDFs"]
[null,null,null,null,null,"Measure count in workbook supported by invoice ",null,null,null,null,null,"OSE Notification of compliance"]
[null,null,null,null,null,"Total cost is clearly marked and equal to or larger than cost in workbook"]
[null,null,null,null,null,"Labor is included in each line item, or is detailed on a separate line item"]
[null,null,null,null,null,"If labor is performed in-house, cost estimates are documented"]
[null,null,null,null,null,"Invoice date is after date of signature on Participation agreement"]
[null,null,"4. Authorization"]
[null,null,null,"By signing below I certify that I have verified all the items listed above in the QC Checklist:"]
[null,null,null,"Name:",null,null,null,"Signature:",null,null,null,null,"Date:",null,null,"Final savings are ","equal to","estimate"]
[null,null,"EMA"]
[null,null,"Supervisor"]
[]
[null,null,"Project Notes: "]
[]
[]
[]
[null,null,null,null,null,null,null,null,null,null,"Revised: ",{"$f":"'Change Log, Version ID'!D6","v":"2018-01-18"},null,{"$f":"'Change Log, Version ID'!G2","v":"Version 1.0.2"}]

{"sheet":"Payment Request Form","index":8,"n_rows":62,"n_cols":9,"rows_kept":62,"cut":false,"hidden":true,"merged":[[54,5,54,8],[55,5,55,8],[56,5,56,8],[57,5,57,8],[55,1,55,2],[51,2,51,4],[53,5,53,8],[12,1,12,7],[5,1,5,4],[6,1,6,4],[7,1,7,4],[8,1,8,4],[43,1,45,8],[41,1,42,8]]}
[]
[]
[null,"Customer Energy Solutions - Business Conservation Program",null,null,null,null,null,"Project Number: ",{"$f":"IF(Application!L4=\"\",\"\",Application!L4)","v":""}]
[null,"Conservation Incentive Payment Request",null,null,null,null,null,"Date: "]
[null,null,null,null,null,null,null,"Estimated annual cash savings: ",{"$f":"'Project Summary Form'!Q8","v":{"$error":"#VALUE!"}}]
[null,{"$f":"IF(Application!L5=\"\",\"\",Application!L5)","v":""},null,null,null,null,null,"Estimated cost after incentives: ",{"$f":"'Project Summary Form'!Q4","v":0}]
[null,{"$f":"IF(Application!E11=\"\",\"\",Application!E11)","v":""},null,null,null,null,null,"Estimated Seattle City Light Incentive: ",{"$f":"'Project Summary Form'!P47","v":{"$error":"#DIV/0!"}}]
[null,{"$f":"IF(Application!E12=\"\",\"\",Application!E12)","v":""},null,null,null,null,null,"Estimated Incentive as a Percent of Cost: ",{"$f":"'Project Summary Form'!Q7","v":{"$error":"#DIV/0!"}}]
[null,{"$f":"IF(Application!$E$13=\"\",\"\",CONCATENATE(Application!$E$13,\", WA \",Application!$I$13))","v":""},null,null,null,null,null,"Estimated Simple Payback: ",{"$f":"'Project Summary Form'!Q6","v":{"$error":"#VALUE!"}}]
[null,"",null,null,null,null,null,"Estimated ROI: ",{"$f":"'Project Summary Form'!Q5","v":{"$error":"#VALUE!"}}]
[null,null,null,null,null,null,null,"Greenhouse Gas Reduction (tons):",{"$f":"H31*0.00060024","v":{"$error":"#VALUE!"}}]
[]
[null,"The City of Seattle, by and through Seattle City Light (“SCL”), has received your Program Participant Application and verified the installation of energy conservation measures for your project.  Based on SCL’s administrative and program eligibility verification, SCL has determined that your project is eligible for an incentive payment in the amount detailed below.  \n"]
[null,"Please note that this incentive amount was determined by the installed measures and may differ from the original estimate.  "]
[null,"ECM \n#","Life\n(yrs)","Bldg. Floor Area","Energy Conservation \nMeasure \n","Estimated Project Cost","Estimated\nSCL \nIncentive Amount ","Estimated\nElectricity\nSavings\nkWh/year","Estimated\nElectricity Savings \n$/year"]
[]
[null,{"$f":"IF('Project Summary Form'!G13=\"Assessment\",'Project Summary Form'!B22,\"\")","v":""},{"$f":"IF('Project Summary Form'!$G$13=\"Assessment\",'Project Summary Form'!D22,\"\")","v":""},{"$f":"IF('Project Summary Form'!$G$13=\"Assessment\",'Project Summary Form'!E22,\"\")","v":""},{"$f":"IF('Project Summary Form'!$G$13=\"Assessment\",'Project Summary Form'!G22,\"\")","v":""},{"$f":"IF('Project Summary Form'!$G$13=\"Assessment\",'Project Summary Form'!J22,\"\")","v":""},{"$f":"IF('Project Summary Form'!$G$13=\"Assessment\",'Project Summary Form'!P22,\"\")","v":""},{"$f":"IF('Project Summary Form'!$G$13=\"Assessment\",'Project Summary Form'!Q22,\"\")","v":""},{"$f":"IF('Project Summary Form'!$G$13=\"Assessment\",(H17*'Project Summary Form'!electricity_cost_per_kwh),\"\")","v":""}]
[null,{"$f":"IF('Project Summary Form'!$G$13=\"Assessment\",\"\",'Project Summary Form'!B23)","v":2},{"$f":"IF('Project Summary Form'!$G$13=\"Assessment\",\"\",'Project Summary Form'!D23)","v":3},{"$f":"IF('Project Summary Form'!$G$13=\"Assessment\",\"\",'Project Summary Form'!E23)","v":0},{"$f":"IF('Project Summary Form'!$G$13=\"Assessment\",\"\",'Project Summary Form'!G23)","v":"Basic Building Tune-Up (Implementation)"},{"$f":"IF('Project Summary Form'!$G$13=\"Assessment\",\"\",'Project Summary Form'!J23)","v":0},{"$f":"IF('Project Summary Form'!$G$13=\"Assessment\",\"\",'Project Summary Form'!P23)","v":{"$error":"#DIV/0!"}},{"$f":"IF('Project Summary Form'!$G$13=\"Assessment\",\"\",'Project Summary Form'!Q23)","v":""},{"$f":"IF('Project Summary Form'!$G$13=\"Assessment\",\"\",(H18*'Project Summary Form'!electricity_cost_per_kwh))","v":{"$error":"#VALUE!"}}]
[]
[]
[]
[]
[]
[]
[null,{"$f":"IF(D25=\"\",\"\",+B24+1)","v":""},{"$f":"IF('[9]Project Summary Form'!D34=\"\",\"\",'[9]Project Summary Form'!D34)","v":""},{"$f":"IF('[9]Project Summary Form'!E34=\"\",\"\",'[9]Project Summary Form'!E34)","v":""},{"$f":"IF('[9]Project Summary Form'!G34=\"\",\"\",'[9]Project Summary Form'!G34)","v":""},{"$f":"IF('[9]Project Summary Form'!J34=\"\",\"\",'[9]Project Summary Form'!J34)","v":""},{"$f":"IF('[9]Project Summary Form'!P34=\"\",\"\",'[9]Project Summary Form'!P34)","v":""},{"$f":"IF('[9]Project Summary Form'!Q34=\"\",\"\",'[9]Project Summary Form'!Q34)","v":""},{"$f":"IF(+H25=\"\",\"\",H25*'[9]Project Summary Form'!$R$3)","v":""}]
[null,"",{"$f":"IF('[9]Project Summary Form'!D35=\"\",\"\",'[9]Project Summary Form'!D35)","v":""},{"$f":"IF('[9]Project Summary Form'!E35=\"\",\"\",'[9]Project Summary Form'!E35)","v":""},{"$f":"IF('[9]Project Summary Form'!G35=\"\",\"\",'[9]Project Summary Form'!G35)","v":""},{"$f":"IF('[9]Project Summary Form'!J35=\"\",\"\",'[9]Project Summary Form'!J35)","v":""},{"$f":"IF('[9]Project Summary Form'!P35=\"\",\"\",'[9]Project Summary Form'!P35)","v":""},{"$f":"IF('[9]Project Summary Form'!Q35=\"\",\"\",'[9]Project Summary Form'!Q35)","v":""},{"$f":"IF(+H26=\"\",\"\",H26*'[9]Project Summary Form'!$R$3)","v":""}]
[null,"",{"$f":"IF('[9]Project Summary Form'!D36=\"\",\"\",'[9]Project Summary Form'!D36)","v":""},{"$f":"IF('[9]Project Summary Form'!E36=\"\",\"\",'[9]Project Summary Form'!E36)","v":""},{"$f":"IF('[9]Project Summary Form'!G36=\"\",\"\",'[9]Project Summary Form'!G36)","v":""},{"$f":"IF('[9]Project Summary Form'!J36=\"\",\"\",'[9]Project Summary Form'!J36)","v":""},{"$f":"IF('[9]Project Summary Form'!P36=\"\",\"\",'[9]Project Summary Form'!P36)","v":""},{"$f":"IF('[9]Project Summary Form'!Q36=\"\",\"\",'[9]Project Summary Form'!Q36)","v":""},{"$f":"IF(+H27=\"\",\"\",H27*'[9]Project Summary Form'!$R$3)","v":""}]
[null,"",{"$f":"IF('[9]Project Summary Form'!D37=\"\",\"\",'[9]Project Summary Form'!D37)","v":""},{"$f":"IF('[9]Project Summary Form'!E37=\"\",\"\",'[9]Project Summary Form'!E37)","v":""},{"$f":"IF('[9]Project Summary Form'!G37=\"\",\"\",'[9]Project Summary Form'!G37)","v":""},{"$f":"IF('[9]Project Summary Form'!J37=\"\",\"\",'[9]Project Summary Form'!J37)","v":""},{"$f":"IF('[9]Project Summary Form'!P37=\"\",\"\",'[9]Project Summary Form'!P37)","v":""},{"$f":"IF('[9]Project Summary Form'!Q37=\"\",\"\",'[9]Project Summary Form'!Q37)","v":""},{"$f":"IF(+H28=\"\",\"\",H28*'[9]Project Summary Form'!$R$3)","v":""}]
[null,"",{"$f":"IF('[9]Project Summary Form'!D38=\"\",\"\",'[9]Project Summary Form'!D38)","v":""},{"$f":"IF('[9]Project Summary Form'!E38=\"\",\"\",'[9]Project Summary Form'!E38)","v":""},{"$f":"IF('[9]Project Summary Form'!G38=\"\",\"\",'[9]Project Summary Form'!G38)","v":""},{"$f":"IF('[9]Project Summary Form'!J38=\"\",\"\",'[9]Project Summary Form'!J38)","v":""},{"$f":"IF('[9]Project Summary Form'!P38=\"\",\"\",'[9]Project Summary Form'!P38)","v":""},{"$f":"IF('[9]Project Summary Form'!Q38=\"\",\"\",'[9]Project Summary Form'!Q38)","v":""},{"$f":"IF(+H29=\"\",\"\",H29*'[9]Project Summary Form'!$R$3)","v":""}]
[null,"",{"$f":"IF('[9]Project Summary Form'!D39=\"\",\"\",'[9]Project Summary Form'!D39)","v":""},{"$f":"IF('[9]Project Summary Form'!E39=\"\",\"\",'[9]Project Summary Form'!E39)","v":""},{"$f":"IF('[9]Project Summary Form'!G39=\"\",\"\",'[9]Project Summary Form'!G39)","v":""},{"$f":"IF('[9]Project Summary Form'!J39=\"\",\"\",'[9]Project Summary Form'!J39)","v":""},{"$f":"IF('[9]Project Summary Form'!P39=\"\",\"\",'[9]Project Summary Form'!P39)","v":""},{"$f":"IF('[9]Project Summary Form'!Q39=\"\",\"\",'[9]Project Summary Form'!Q39)","v":""},{"$f":"IF(+H30=\"\",\"\",H30*'[9]Project Summary Form'!$R$3)","v":""}]
[null,"TOTALS",null,{"$f":"'Project Summary Form'!E47","v":0},null,{"$f":"'Project Summary Form'!total_cost_on_proj_sum","v":0},{"$f":"'Project Summary Form'!P47","v":{"$error":"#DIV/0!"}},{"$f":"'Project Summary Form'!savings_from_proj_sum_form","v":""},{"$f":"'Project Summary Form'!Q8","v":{"$error":"#VALUE!"}}]
[]
[]
[]
[null,{"$f":"IF(CAL=\"yes\",\"CUSTOMER'S SIGNATURE.  (Send signed document to Seattle City Light before installation begins.)\",\"\")","v":{"$error":"#NAME?"}}]
[null,{"$f":"IF(CAL=\"yes\",\"I have reviewed the above project description and agree with the proposed scope of work.  I am familiar with the project\",\"\")","v":{"$error":"#NAME?"}}]
[null,{"$f":"IF(CAL=\"yes\",\"and have worked out the details with the contractor.\",\"\")","v":{"$error":"#NAME?"}}]
[]
[null,null,"Owner's, or Owner's Representative's, Signature",null,null,null,null,"Date"]
[]
[null,null,"Owner's, or Owner's Representative's, Name (printed)"]
[null,"In order to receive the above listed SCL energy conservation incentive payment, the Program Participant must sign and submit this Form within 30 days of receipt.  Program Participant acknowledges that administrative processing of the SCL incentive payment may take up to 8 weeks."]
[]
[null,"I, Program Participant, hereby certify that I have read and complied with all of the applicable Seattle City Light Business Conservation Program requirements, Specifications and Guidelines, and hereby accept as full and complete payment the above listed incentive amount for the above listed measures.  I also acknowledge that any and all liability and responsibility related to the Seattle City Light Business Conservation Program by SCL is limited solely to the payment of the approved incentive amount listed above in accordance with the Program Participation Agreement, and applicable Program requirements and Guidelines."]
[]
[]
[]
[]
[]
[null,"Customer Signature",null,null,null,null,"Date"]
[]
[null,"Printed Name: "]
[]
[null,"Check Remittance to: ",null,null,"Company Name:",{"$f":"IF($B$56=\"Contractor\",Application!$E$25,Application!$E$16)","v":0}]
[null,null,null,null,"C/O (Alternate business name):",{"$f":"IF(B56=\"Contractor\",Application!$E$27,Application!$E$17)","v":0}]
[null,"Customer",null,null,"Attn:"]
[null,null,null,null,"Address:",{"$f":"IF($B$57=\"Contractor\",Application!$E$26,Application!$E$18)","v":0}]
[null,null,null,null,"City, State, Zip:",{"$f":"IF(B56=\"Contractor\",CONCATENATE(Application!$K$26,\", \",Application!$N$26,\" \",Application!$P$26),CONCATENATE(Application!$K$18,\", \",Application!$N$18,\" \",Application!$P$18))","v":",  "}]
[]
[]
[]
[null,null,null,null,null,null,"Revised: ",{"$f":"'Change Log, Version ID'!D6","v":"2018-01-18"},{"$f":"'Change Log, Version ID'!G2","v":"Version 1.0.2"}]

{"sheet":"TuneUpsBuildings052317-2016EUI","index":9,"n_rows":1566,"n_cols":32,"rows_kept":1566,"cut":false,"hidden":true,"merged":[]}
["BuildingId","BuildingTypeName","KCPinNumber","TuneUpTypeName","EPABuildingTypeName","BuildingName","BUILDING_NAME","FullAddress","ElectricGridRenewNonNormQuantity","EPA Reported GFA","OSE_GFANoParking","kWh/ SqFt","SiteEUINonNormQuantity","EUIRankDescription","ScoreNumber","VirtualAuditSCLCustomer","SCLCustomerAddress","OSE_NonResidentialTotal","OSE_GFANoParking","IsCompliantFlag","EnergyStarYearsDescription","SourceEUINonNormQuantity","SiteTotalNonNormQuantity","kBtu/ SqFt","GasTotalNonNormQuantity","SteamTotalNonNormQuantity","LargestPropertyUseType","LargestPropertyUseTypeGFA","SecondLargestPropertyUseType","SecondLargestPropertyUseTypeGFA","ThirdLargestPropertyUseType","ThirdLargestPropertyUseTypeGFA"]
[1,"NonResidential","0659000030","TU2020","Hotel","MAYFLOWER PARK HOTEL","Mayflower park hotel","405 OLIVE WAY, SEATTLE, WA 98101",1156514,88434,88434,{"$f":"I2/J2","v":13.077707668996087},81.699996948242202,"Medium High",60,"MAYFLOWER PK HOTEL WESTLAKE PK ASSOC","405 OLIVE WAY",88434,88434,"Y","",182.5,7226362.5,{"$f":"W2/J2","v":81.714753375398601},12764.529296875,2003882,"Hotel",88434,"",null,""]
[2,"NonResidential","0659000220","TU2020","Hotel","PARAMOUNT HOTEL","Paramount Hotel","724 PINE ST, SEATTLE, WA 98101",950425.375,88502,88502,10.739027084133692,94.800003051757798,"Medium High",61,"HOTEL","724 PINE ST",88502,88502,"Y","",176.10000610351599,8387933,94.776762107071022,51450.81640625,null,"Hotel",83880,"Parking",15064,"Restaurant",4622]
[3,"NonResidential","0659000475","TU2018","Hotel","WESTIN HOTEL","5673-The Westin Seattle","1900 5TH AVE, SEATTLE, WA 98101",14515440,756493,null,19.187804778101054,96,"Medium High",43,"","",759389,null,"Y","",241.89999389648401,72587024,95.952010130959579,14938,21566554,"Hotel",756493,"",null,""]
[5,"NonResidential","0659000640","TU2021","Hotel","HOTEL MAX","HOTEL MAX","620 STEWART ST, SEATTLE, WA 98101",811525.375,61320,61320,13.234268998695368,null,"",null,"VANCE HOTEL","620 STEWART ST",61320,61320,"N","",null,null,0,18112.130859375,null,"Hotel",61320,"",null,""]
[8,"NonResidential","0659000970","TU2019","Hotel","WARWICK SEATTLE HOTEL","WARWICK SEATTLE HOTEL (ID8)","401 LENORA ST, SEATTLE, WA 98121",1573449,123445,107430,12.746154157722062,114.800003051758,"Highest Use",75,"WARWICK CORP","401 LENORA ST",113580,107430,"Y","",211.39999389648401,14172606,114.80907286645875,88039.984375,null,"Hotel",123445,"Parking",68009,"Swimming Pool",0]
[9,"Nonresidential COS","0660000560","TU2021","Other","WEST PRECINCT (SEATTLE POLICE)","West Precinct","810 VIRGINIA ST, SEATTLE, WA 98101",2160444,88830,60090,24.321107733873692,136.10000610351599,"Highest Use",null,"","",56298,60090,"Y","",316.29998779296898,12086616,136.0645727794664,47151.81640625,null,"Police Station",88830,"",null,""]
[10,"NonResidential","0660000825","TU2020","Hotel","CAMLIN WORLDMARK HOTEL","Camlin","1619 9TH AVE, SEATTLE, WA 98101",823920,81352,83008,10.127839512243092,70.800003051757798,"Medium Low",27,"TREND WEST RESORTS","1619 9TH AVE",83008,83008,"Y","",146.60000610351599,5758795,70.788609991149571,29475.80078125,null,"Hotel",81352,"",null,""]
[11,"NonResidential","0660000955","TU2020","Other","PARAMOUNT THEATER","Paramount Theatre","901 PINE ST, SEATTLE, WA 98101",1065843,102761,102761,10.372057492628526,61.299999237060497,"Medium Low",null,"","",72164,102761,"Y","",141.69999694824199,6298131.5,61.289122332402371,3851.89013671875,2276286.5,"Other - Entertainment/Public Assembly",102761,"",null,""]
[12,"NonResidential","0939000080","TU2019","Hotel","COURTYARD BY MARRIOTT - ALASKA BLDG SEATTLE","311wh-Pioneer Square","612 2ND AVE, SEATTLE, WA 98104",2138898,163984,163984,13.043333495950824,83.699996948242202,"Medium High",43,"","",163984,163984,"Y","",180.89999389648401,13723820,83.689994145770314,64259,null,"Hotel",163984,"",null,""]
[15,"NonResidential","0942000145","TU2019","Hotel","HOTEL MONACO","Hotel Monaco Seattle","1101 4TH AVE, SEATTLE, WA 98101",1813490,133884,133884,13.545233186937946,119.59999847412099,"Highest Use",30,"","",133884,133884,"Y","",228.19999694824199,16016644,119.63075498192465,45918.5,5237165.5,"Hotel",133884,"",null,""]
[16,"NonResidential","0942000165","TU2018","Hotel","W SEATTLE HOTEL","5679-W Seattle","1112 4TH AVE, SEATTLE, WA 98101",5299839,336640,272015,15.743343037072243,80,"Medium High",36,"","",272015,272015,"Y","",199,26941110,80.029437975285177,28586.998046875,5999360.5,"Hotel",336640,"",null,""]
[17,"NonResidential","0942000210","TU2021","Hotel","EXECUTIVE PACIFIC PLAZA","Executive Pacific Plaza","400 SPRING ST, SEATTLE, WA 98104",393610.6875,65009,65009,6.054710693903921,101.5,"Highest Use",48,"EXECUTIVE HOTEL PACIFIC","400 SPRING ST",65009,65009,"Y","",153.60000610351599,6596057.5,101.46375886415727,35967.05078125,1656352.5,"Hotel",65009,"",null,""]
[18,"NonResidential","0942000235","TU2018","Hotel","CROWNE PLAZA","Crowne Plaza Hotel Seattle","1113 6TH AVE, SEATTLE, WA 98101",4075084,295511,258352,13.789957057436101,75.5,"Medium Low",58,"","",258352,258352,"Y","",179.89999389648401,22325364,75.548334918158716,40834.3984375,4337738.5,"Hotel",295511,"Parking",57600,""]
[19,"NonResidential","0942000265","TU2021","Hotel","HOTEL VINTAGE PARK","Hotel Vintage Seattle","1100 5TH AVE, SEATTLE, WA 98101",1123203,67390,67390,16.667205816886778,159.5,"Highest Use",35,"WOLFPAC LEASSEE LLC","1100 5TH AVE",66990,67390,"Y","",297.39999389648398,10750010,159.51936489093336,20467.93359375,4870847.5,"Hotel",67390,"Parking",25200,""]
[21,"Nonresidential COS","0942000275","TU2018","Other","SEATTLE CENTRAL LIBRARY","The Seattle Public Library - Central Library","1000 4TH AVE, SEATTLE, WA 98104",5231917,365987,355000,14.295362950050139,50.799999237060497,"Medium Low",null,"","",355000,355000,"Y","",155.60000610351599,18588860,50.791039025976332,null,737559.5,"Library",364913,"Parking",49000,"Data Center",1074]
[22,"NonResidential","0942000350","TU2020","Other","DOWNTOWN SEATTLE YMCA","Downtown Seattle YMCA","909 4TH AVE, SEATTLE, WA 98104",1305354,130000,103911,10.041184615384616,76.599998474121094,"Medium High",null,"","",93723,103911,"Y","",157.39999389648401,9956396,76.587661538461532,9101.7998046875,4592347.5,"Fitness Center/Health Club/Gym",90000,"Office",40000,"Swimming Pool",0]
[23,"NonResidential","0942000430","TU2018","Hotel","RENAISSANCE MADISON HOTEL","Renaissance Seattle Hotel","515 MADISON ST, SEATTLE, WA 98104",6220774,348329,331281,17.858903507890528,96.300003051757798,"Highest Use",31,"","",331281,331281,"Y","",228.5,33556756,96.336383132038961,123314.75,null,"Hotel",348329,"Parking",85000,""]
[24,"NonResidential","0942000510","TU2021","Mixed Use Property","RAINIER CLUB (HISTORICAL LANDMARK)","The Rainier Club","810 4TH AVE, SEATTLE, WA 98104",1103397,57452,57452,19.205545498851215,132.39999389648401,"Highest Use",null,"THE RAINIER CLUB","820 4TH AVE",57452,57452,"Y","",280.70001220703102,7606084.5,132.39024751096568,20650.912109375,1776201.875,"Social/Meeting Hall",16442,"Restaurant",15505,"Office",9741]
[25,"NonResidential","0942000610","TU2019","Hotel","DOUBLE TREE ARCTIC CLUB HOTEL - SEATTLE","Arctic Club Seattle","700 3RD AVE, SEATTLE, WA 98104",1731644,104352,104352,16.594257896350811,97.300003051757798,"Highest Use",39,"ARCTIC BUILDING","700-10 3RD AVE",104352,104352,"Y","",225.5,10154608,97.311100889297762,8153.759765625,3430862,"Hotel",104352,"",null,""]
[26,"NonResidential","0942000860","TU2018","Other","KING COUNTY COURTHOUSE","King County Courthouse","516 3RD AVE, SEATTLE, WA 98104",7138873,537150,540360,13.290278320767012,83.699996948242202,"Medium High",76,"","",482760,540360,"Y","",182.69999694824199,44984468,83.746566136088617,206266.3125,null,"Courthouse",537150,"",null,""]
[27,"NonResidential","0942001010","TU2018","Other","KING COUNTY CORRECTIONAL FACILITY","King County Correctional Facility","500 5TH AVE, SEATTLE, WA 98104",5351015,385274,385274,13.888855723459148,124.199996948242,"Highest Use",null,"","",385274,385274,"Y","",229.5,47859812,124.22279209082367,296021.5,null,"Other",385274,"",null,""]
[28,"SPS-District K-12","1102000138","TU2021","K-12 School","GRAHAM HILL ELEMENTARY SCHOOL (SPS-DISTRICT)","Graham Hill Elementary","5101 S GRAHAM ST, SEATTLE, WA 98118",279435.90625,58916,56228,4.7429544818046034,26.100000381469702,"Lowest Use",95,null,null,56228,56228,"Y","",61.200000762939503,1538341.875,26.110765751239054,5849.06689453125,null,"K-12 School",58916,"",null,""]
[29,"NonResidential","1142000755","TU2021","Hotel","WATERTOWN HOTEL","WATERTOWN HOTEL","4242 ROOSEVELT WAY NE, SEATTLE, WA 98105",664194.375,58006,58006,11.450442626624833,63.200000762939503,"Medium Low",84,"","",58006,58006,"Y","",148,3663534.5,63.157854359893804,13973.0302734375,null,"Hotel",58006,"Parking",30586,""]
[30,"NonResidential","0660001420","TU2019","College/University","Cornish (Main Campus Center)","Main Campus Center","1000 LENORA ST, SEATTLE, WA 98121",1362097,125000,126593,10.896775999999999,90.699996948242202,"Medium High",null,"CORNISH COLLEGE OF ARTS","1000 LENORA ST",126593,126593,"Y","",173,11343686,90.749487999999999,66962.109375,null,"College/University",125000,"",null,""]
[31,"NonResidential","0660001725","TU2021","Other","SEATTLE HONDA","Seattle Honda","1017 OLIVE WAY, SEATTLE, WA 98101",384008.40625,67224,67224,5.7123706749077714,19.5,"Lowest Use",null,"MN ONE, INC DBA HONDA OF SEATTLE","1015 OLIVE WAY",67224,67224,"Y","",61.200000762939503,1310236.625,19.490607893014399,null,null,"Automobile Dealership",67224,"",null,""]
[32,"NonResidential","0660001832","TU2019","Hotel","HOMEWOOD SUITES -SEATTLE - Hilton","Homewood Suites","1011 PIKE ST, SEATTLE, WA 98101",167733.5,117176,128375,1.4314663412302862,45.5,"Lowest Use",null,"","",128375,128375,"Y","",58,5328051.5,45.470501638560798,47557.44921875,null,"Hotel",112676,"Parking",42000,"Retail Store",4500]
[33,"NonResidential","0660002680","TU2019","Hotel","SPRINGHILL SUITES SEATTLE DOWNTOWN","Marriott Springhill Suites (33)","1800 YALE AVE, SEATTLE, WA 98101",1644404,128909,133585,12.756316471309217,85.800003051757798,"Medium High",57,"MOODY NATIONAL FHS","1800 YALE AVE",133585,133585,"Y","",181.10000610351599,11061916,85.811820741763569,54512.09765625,null,"Hotel",128909,"",null,""]
[34,"SPS-District K-12","0688000090","TU2019","K-12 School","MEANY MIDDLE SCHOOL (SPS-DISTRICT)","Meany Building","300 20TH AVE E, SEATTLE, WA 98112",null,126351,126351,0,null,"",null,null,null,126351,126351,"N","",null,null,0,null,null,"K-12 School",126351,"",null,""]
[35,"NonResidential","0697000170","TU2021","Hotel","Hotel Five","Hotel Five","2200 5TH AVE, SEATTLE, WA 98121",687675.6875,47994,52210,14.32836786890028,92.900001525878906,"Medium High",57,"HOTEL FIVE","2200 5TH AVE",52210,52210,"Y","",199.69999694824199,4456714.5,92.859826228278536,21103.650390625,null,"Hotel",47994,"",null,""]
[36,"SPS-District K-12","0752000170","TU2019","K-12 School","JANE ADAMS JUNIOR HIGH (SPS-DISTRICT)","Jane Addams Middle","11031 34TH AVE NE, SEATTLE, WA 98125",556765.1875,164229,160645,3.3901758367888739,40.099998474121101,"Medium Low",77,null,null,160645,160645,"Y","",66.300003051757798,6582823.5,40.083197851780135,46831.40625,null,"K-12 School",164229,"",null,""]
[37,"SPS-District K-12","0809000005","TU2021","K-12 School","JOHN HAY ELEMENTARY SCHOOL (SPS-DISTRICT)","John Hay Elementary","201 GARFIELD ST, SEATTLE, WA 98109",432462.40625,55166,51582,7.8392924310263572,26.700000762939499,"Lowest Use",93,null,null,51582,51582,"Y","",84,1475561.625,26.747663869049777,null,null,"K-12 School",55166,"",null,""]
[38,"NonResidential","0825049008","TU2020","Office","HOUSE OF GOOD SHEPHERD","Good Shepherd Center","4649 SUNNYSIDE AVE N, SEATTLE, WA 98103",396495.6875,67428,87262,5.8802824865041226,61.5,"Medium High",null,"","",87262,87262,"Y","",106.5,4145920.5,61.486630183306637,27930.771484375,null,"Office",40943,"K-12 School",18153,"Other - Entertainment/Public Assembly",4307]
[40,"NonResidential","0925049117","TU2020","Hotel","SILVER CLOUD INN UNIVERSITY","Silver Cloud University","5036 25TH AVE NE, SEATTLE, WA 98105",884056.125,81871,81871,10.798159604744049,81.5,"Medium High",29,"","",81871,81871,"Y","",162.5,6668568.5,81.452144226893523,36521.69140625,null,"Hotel",81871,"",null,""]
[41,"NonResidential","0925049330","TU2019","Self-Storage Facility","QFC / SHURGARD MINI STORAGE / LIQUOR STORE","08781-University Village","2746 NE 45TH ST, SEATTLE, WA 98105",82434,26225,126394,3.1433365109628215,12.1000003814697,"Lowest Use",null,"","",110356,126394,"Y","",35.200000762939503,318364.8125,12.139744995233556,371,null,"Self-Storage Facility",26225,"",null,""]
[43,"Campus","0022000005","TU2018","Mixed Use Property","BOEING PLANT 2 ISAL  (BLDG 2-122)-North Boeing Field Campus","Plant 2 Site","1135 S WEBSTER ST, SEATTLE, WA 98108",44102080,2022866,494835,21.801780246442423,221.69999694824199,"Highest Use",8,"","",464368,494835,"Y","",388.20001220703102,448385312,221.65843511137169,2979090,null,"Office",757027,"Laboratory",639931,"Non-Refrigerated Warehouse",459748]
[46,"NonResidential","0323049024","TU2018","Non-Refrigerated Warehouse","SEATTLE WAREHOUSE OFFICE BUILDING","Seattle 11-13","3301 S NORFOLK ST, SEATTLE, WA 98118",13109950,963000,714095,13.613655244029076,46.400001525878899,"Highest Use",null,"","",714095,714095,"Y","",145.89999389648401,44731160,46.449802699896161,null,null,"Non-Refrigerated Warehouse",616000,"Refrigerated Warehouse",276000,"Office",71000]
[50,"SPS-District K-12","0369000400","TU2021","K-12 School","LAWTON ELEMENTARY SCHOOL (SPS-DISTRICT)","Lawton Elementary","4017 26TH AVE W, SEATTLE, WA 98199",328467.6875,54986,54986,5.9736603408140256,28.399999618530298,"Lowest Use",98,null,null,54986,54986,"Y","2016",72.400001525878906,1559868.375,28.368464245444294,4391.36669921875,null,"K-12 School",54986,"",null,""]
[51,"SPS-District K-12","0425049022","TU2019","K-12 School","ECKSTEIN MIDDLE (SPS-DISTRICT)","Eckstein Middle","3003 NE 75TH ST, SEATTLE, WA 98115",483494.6875,182861,175565,2.6440557992136102,35,"Lowest Use",87,null,null,175565,175565,"Y","",55.599998474121101,6395377.5,34.973982970671713,47456.93359375,null,"K-12 School",182861,"",null,""]
[52,"NonResidential","0467000429","TU2020","Office","SALMON BAY CENTER 5305 & 5309","SBC52","5305 SHILSHOLE AVE NW, SEATTLE, WA 98107",1257792,94900,94900,13.253867228661749,65.199996948242202,"Medium High",57,"","",60040,94900,"Y","",163,6186461.5,65.189267650158058,18948.759765625,null,"Office",55586,"Non-Refrigerated Warehouse",39314,""]
[53,"NonResidential","0570000340","TU2021","Office","EL CENTRO DE LA RAZA","El Centro de la Raza","2524 16TH AVE S, SEATTLE, WA 98144",462998,58878,52554,7.8636842284044972,50.099998474121101,"Medium Low",83,"","",52554,52554,"Y","",108.699996948242,2951331.25,50.126214375488296,13715.8203125,null,"Office",51029,"Other - Education",7849,""]
[54,"NonResidential","0625049002","TU2019","K-12 School","BLANCHET HIGH SCHOOL","Blanchet High School","8200 WALLINGFORD AVE N, SEATTLE, WA 98103",785386.8125,175015,175015,4.4875399965717229,40,"Medium Low",95,"","",175015,175015,"Y","",74,6994740.5,39.966520012570349,43150.0078125,null,"K-12 School",175015,"",null,""]
[55,"NonResidential","0653000225","TU2020","Self-Storage Facility","MINI STG (OLD SKYWAY LUGGAGE CO)","Vine Street","11 VINE ST, SEATTLE, WA 98121",439692,70495,70586,6.2372083126462874,30.600000381469702,"Highest Use",null,"TRIAD VINE ELLIOTT LLC","2505 ELLIOTT AVE",70586,70586,"Y","",76.599998474121094,2158629,30.621022767572168,6584,null,"Self-Storage Facility",38439,"Vocational School",28197,"Office",3859]
[56,"NonResidential","1975700040","TU2019","Hotel","HILTON SEATTLE","Seattle Hilton Hotel","1301 6TH AVE, SEATTLE, WA 98101",3576907,348630,126240,10.259894443966383,46.400001525878899,"Lowest Use",67,"","",126240,126240,"Y","",121.800003051758,16163194,46.36202851160256,39587.8671875,null,"Hotel",348630,"",null,""]
[57,"NonResidential","1975700200","TU2019","Office","5th and Pine","5th and Pine","1513 5TH AVE, SEATTLE, WA 98101",2794889,169531,168115,16.486005509316879,56.299999237060497,"Medium High",83,"","",88717,168115,"Y","2016",176.60000610351599,9536161,56.250249216957371,null,null,"Office",103362,"Retail Store",65676,"Data Center",493]
[58,"NonResidential","1975700365","TU2021","Retail Store","CENTURY SQUARE RETAIL","1525 Fourth","1525 4TH AVE, SEATTLE, WA 98101",389356.3125,57428,57428,6.7799037490422789,null,"",null,"","",37268,57428,"N","",null,null,0,null,null,"Retail Store",34617,"Non-Refrigerated Warehouse",13028,"Other",9783]
[59,"NonResidential","1975700380","TU2021","Office","GIBRALTAR TOWER","Gibraltar Tower","1518 3RD AVE, SEATTLE, WA 98101",1486511,39940,59400,37.218602904356537,127,"Highest Use",null,"GIBRALTAR TOWER LLC","1520 3RD AVE",59400,59400,"Y","",398.70001220703102,5071974,126.98983475212819,null,null,"Office",34947,"Retail Store",4993,""]
[60,"NonResidential","1975700525","TU2021","Mixed Use Property","MANN BUILDING/WILD GINGER/TRIPLE DOOR","Mann Building","1401 3RD AVE, SEATTLE, WA 98101",1357696,52459,52549,25.881088087840027,286.39999389648398,"Highest Use",null,"MANN BUILDING, L L C","1403 3RD AVE",52549,52549,"Y","",485.29998779296898,15026196,286.43695076154711,103937.3671875,null,"Other - Entertainment/Public Assembly",23500,"Restaurant",23500,"Office",5459]
[62,"NonResidential","1976700010","TU2020","Hotel","ROOSEVELT HOTEL","Roosevelt Hotel","1531 7TH AVE, SEATTLE, WA 98101",1257344,88591,88591,14.192683229673444,54.599998474121101,"Lowest Use",71,"NORTH COAST HOTELS LLC THE ROOSEVELT HOTEL","1531 7TH AVE",88591,88591,"Y","",158.60000610351599,4841347.5,54.64829948866138,5512.8798828125,null,"Hotel",83591,"Parking",10043,"Restaurant",5000]
[63,"NonResidential","1976700095","TU2018","Hotel","SHERATON HOTEL","Sheraton Seattle Hotel","1400 6TH AVE, SEATTLE, WA 98101",13348630,994212,847518,13.426341665560264,80.900001525878906,"Medium High",63,"","",617204,847518,"Y","",182.5,80469216,80.937683311004093,233249.921875,11598686,"Hotel",994212,"Parking",117668,"Swimming Pool",0]
[65,"NonResidential","1977200050","TU2020","Hotel","INN AT THE MARKET","Inn at The Market","86 PINE ST, SEATTLE, WA 98101",950732.875,57420,71150,16.557521334029953,93.099998474121094,"Medium High",98,"","",71150,71150,"Y","",215.89999389648401,5348309,93.143660745384878,21044.080078125,null,"Hotel",41340,"Parking",13730,"Retail Store",9604]
[66,"NonResidential","1977201035","TU2019","Hotel","MOORE HOTEL & THEATRE","Moore Hotel INC","1926 2ND AVE, SEATTLE, WA 98101",379121.1875,122810,122810,3.0870546983144695,44,"Lowest Use",99,"","",122810,122810,"Y","",68.199996948242202,5401277.5,43.980762967185086,41077.16015625,null,"Hotel",88360,"Other - Entertainment/Public Assembly",26450,"Retail Store",8000]
[68,"NonResidential","1991200935","TU2019","Hotel","HOLIDAY INN - SEATTLE","Rainier Hospitality","211 DEXTER AVE N, SEATTLE, WA 98109",995342.625,110547,115718,9.0037958967678904,60.700000762939503,"Medium Low",85,"","",115718,115718,"Y","2014",128,6715187,60.745085800609694,33190.77734375,null,"Hotel",107547,"Restaurant",3000,""]
[69,"NonResidential","1991200940","TU2020","Hotel","HOLIDAY INN EXPRESS - DOWNTOWN SEATTLE","Sequim Lodging Corp","226 AURORA AVE N, SEATTLE, WA 98109",934483.375,88490,88100,10.560327438128603,65.900001525878906,"Medium Low",86,"","",88100,88100,"Y","",144.5,5827595.5,65.855978076618825,26391.380859375,null,"Hotel",88490,"Parking",28300,""]
[70,"NonResidential","1992200235","TU2019","Hotel","HOMEWOOD SUITES HOTEL - SEATTLE","Homewood Suites by Hilton Seattle Downtonw","206 WESTERN AVE W, SEATTLE, WA 98119",1336148,155602,118858,8.5869590365162409,43.900001525878899,"Lowest Use",81,"","",118858,118858,"Y","",107.40000152587901,6836900,43.938381254739653,22779.619140625,null,"Hotel",155602,"",null,""]
[73,"NonResidential","2125049015","TU2021","K-12 School","SEATTLE HEBREW ACADAMY","Seattle Hebrew Academy","1617 INTERLAKEN DR E, SEATTLE, WA 98112",161743.09375,56072,56072,2.8845608102083036,57.700000762939503,"Highest Use",76,"","",56072,56072,"Y","",81.099998474121094,3234787.75,57.689894243115994,26829.201171875,null,"K-12 School",56072,"",null,""]
[77,"NonResidential","2249000170","TU2020","Hotel","COMFORT SUITES SEATTLE CENTER","Comfort Suites Seattle Center","601 ROY ST, SEATTLE, WA 98109",710354.625,78051,78051,9.1011598185801592,68.400001525878906,"Medium Low",94,"","",78051,78051,"Y","",136.69999694824199,5337334,68.382647243469009,29136.0390625,null,"Hotel",78051,"Parking",44891,""]
[82,"NonResidential","2254501944","TU2021","Office","WA DEPT OF SOCIAL & HEALTH SERVICES","Dept of Social & Health Services","1700 E CHERRY ST, SEATTLE, WA 98122",579786.125,54984,54984,10.544633438818565,61.400001525878899,"Medium High",71,"","",54984,54984,"Y","",139.60000610351599,3375211,61.385330277899023,13969.8095703125,null,"Office",54984,"",null,""]
[84,"NonResidential","2324039001","TU2018","Senior Care Community","PROVIDENCE MT ST VINCENT","PSSA - The Mount","4831 35TH AVE SW, SEATTLE, WA 98126",3465643,296313,217603,11.695885769439748,144.39999389648401,"Highest Use",54,"","",217603,217603,"Y","",235,42792072,144.41510159864737,309673,null,"Senior Care Community",296313,"Parking",0,""]
[85,"NonResidential","2426039059","TU2020","Senior Care Community","FOSS HOME AND VILLAGE","Foss Home and Village","13023 GREENWOOD AVE N, SEATTLE, WA 98133",1664566,93397,93397,17.822478238059038,175.60000610351599,"Highest Use",1,"","",93397,93397,"Y","",311.5,16402563,175.62194717175069,107230.640625,null,"Senior Care Community",93397,"",null,""]
[86,"NonResidential","2467400430","TU2021","Hotel","SCCA - ALLIANCE HOUSE","SCCA - ALLIANCE HOUSE","207 PONTIUS AVE N, SEATTLE, WA 98109",824351.6875,63371,63371,13.008342735636175,58.5,"Medium Low",74,"","",63371,63371,"Y","",154.19999694824199,3706100.25,58.482590617159268,8934.1201171875,null,"Hotel",63371,"Parking",20732,""]
[87,"SPS-District K-12","2518400005","TU2021","K-12 School","ARBOR HEIGHTS ELEMENTARY SCHOOL (SPS-DISTRICT)","Arbor Heights Elementary","3701 SW 104TH ST, SEATTLE, WA 98146",0,53352,53352,0,0,"Low Outlier",100,null,null,53352,53352,"N","",0,0,0,0,null,"K-12 School",53352,"",null,""]
[89,"NonResidential","1978201270","TU2019","Medical Office","POLYCLINIC MEDICAL OFFICE, NORTH BUILDING","Polyclinic North && South","1200 HARVARD AVE, SEATTLE, WA 98122",2897563,179014,179014,16.186236830638943,93.300003051757798,"Medium High",48,"","",197243,179014,"Y","",213.39999389648401,16701055,93.294686449104546,68145.703125,null,"Medical Office",179014,"",null,""]
[95,"NonResidential","1979200270","TU2020","Hotel","SORRENTO HOTEL","Sorrento Hotel","900 MADISON ST, SEATTLE, WA 98104",779819.125,76631,76631,10.176287990499928,94.699996948242202,"Medium High",26,"","",76631,76631,"Y","",172,7258758.5,94.723525727186129,45980.16015625,null,"Hotel",76631,"",null,""]
[96,"NonResidential","1979200290","TU2019","Mixed Use Property","PUGET SOUND BLOOD CENTER","Central Seattle","921 TERRY AVE, SEATTLE, WA 98104",2973422,75648,169107,39.306022631133672,204.5,"Highest Use",null,"","",169107,169107,"Y","",505.79998779296898,15473117,204.54099249153975,null,5327802.5,"Medical Office",40174,"Parking",20868,"Office",17020]
[98,"NonResidential","1983200230","TU2021","Retail Store","FIRESTONE TIRE AND RUBBER CO","Firestone Store#012432","400 WESTLAKE AVE N, SEATTLE, WA 98109",106038.5,72072,58320,{"$f":"I66/J66","v":1.4712856587856589},14.6000003814697,"Lowest Use",96,"","",58320,58320,"Y","",25.799999237060501,1049748.625,{"$f":"W66/J66","v":14.565276737151738},6879.4521484375,null,"Retail Store",72072,"",null,""]
[100,"NonResidential","1983200325","TU2018","Office","CITY PLACE III","City Place III - SEDO","551 BOREN AVE N, SEATTLE, WA 98109",3772302,287367,316306,13.127123156103519,null,"",null,"","",316306,316306,"N","",null,null,0,null,null,"Office",261826,"Parking",150726,"Other",15139]
[102,"NonResidential","1984200065","TU2018","Hotel","MARRIOTT RESIDENCE INN","Residence Inn Seattle - Lake Union","800 FAIRVIEW AVE N, SEATTLE, WA 98109",3218245,235788,238097,13.648892225219265,82.5,"Medium High",37,"","",238097,238097,"Y","",184,19459304,82.528814019373328,84786.5078125,null,"Hotel",235788,"Parking",51537,""]
[103,"Nonresidential COS","1985200003","TU2019","Other","KEY ARENA - SEATTLE CENTER","Key Arena","305 HARRISON ST, SEATTLE, WA 98109",4226010,368000,129000,11.483722826086957,64.300003051757798,"Medium Low",null,"","",129000,129000,"Y","",151.60000610351599,23658978,64.290701086956517,6886.7998046875,6093150,"Other",368000,"",null,""]
[104,"Nonresidential COS","1985200003","TU2020","Other","BAGLEY WRIGHT THEATER - SEATTLE CENTER","Bagley Wright Theatre","305 HARRISON ST, SEATTLE, WA 98109",1100268,65000,91213,16.927199999999999,125.199996948242,"Highest Use",null,"","",91213,91213,"Y","",261.70001220703102,8141155.5,125.24854615384615,null,4120130,"Other",65000,"",null,""]
[106,"Nonresidential COS","1985200305","TU2018","Other","ARMORY - SEATTLE CENTER","Armory","305 HARRISON ST, SEATTLE, WA 98109",2125535,278500,396085,7.6320825852782761,75.199996948242202,"Medium High",null,"","",396085,396085,"Y","",138.10000610351599,20955026,75.242463195691201,0,9763690,"Other",278500,"",null,""]
[107,"NonResidential","1986200410","TU2018","Office","CITY PLACE IV","City Place IV - SEDO","301 BOREN AVE N, SEATTLE, WA 98109",9439098,625004,571329,15.102460144255076,63.400001525878899,"Medium High",91,"","",517329,571329,"Y","",174.19999694824199,39605888,63.369015238302474,73996.8515625,null,"Office",598801,"Parking",310699,"Other",26203]
[110,"Nonresidential COS","1988200440","TUOPT","Other","EXHIBITION HALL - SEATTLE CENTER","Exhibition Hall","301 MERCER ST, SEATTLE, WA 98109",379058.90625,52000,49680,7.2895943509615382,52.400001525878899,"Medium Low",null,"","",49680,49680,"Y","",110.40000152587901,2726369,52.430173076923076,null,1202380,"Other",52000,"",null,""]
[111,"Nonresidential COS","1988200700","TU2021","Other","MERCER ARENA - SEATTLE CENTER","Mercer Arena","301 MERCER ST, SEATTLE, WA 98109",256724.296875,108000,60696,2.3770768229166666,8.1000003814697301,"Lowest Use",null,"","",60696,60696,"Y","",25.5,875943.3125,8.1105862268518525,0,null,"Other",108000,"",null,""]
[112,"Nonresidential COS","1988200700","TU2018","Other","MCCAW HALL - SEATTLE CENTER","McCaw Hall","225 MERCER ST, SEATTLE, WA 98109",3960342,296000,262048,13.379533783783783,70,"Medium Low",null,"","",262048,262048,"Y","",171.19999694824199,20723248,70.010972972972979,null,5137220,"Other",296000,"",null,""]
[113,"NonResidential","1988200705","TU2021","Office","KCTS 9","KCTS9","401 MERCER ST, SEATTLE, WA 98109",1221074,55632,63888,21.949129997123958,74.900001525878906,"Highest Use",null,"","",63888,63888,"Y","",235.19999694824199,4166306.25,74.890463222605689,null,null,"Office",45900,"Data Center",5181,"Distribution Center",4551]
[114,"NonResidential","1988201155","TU2018","Office","BILL & MELINDA GATES FOUNDATION","Bill and Melinda Gates Foundation","500 5TH AVE N, SEATTLE, WA 98109",8088295,735584,616891,10.995746237003523,49.799999237060497,"Medium Low",93,"","",616891,616891,"Y","",130.80000305175801,36667044,49.847527950580762,90697.796875,null,"Office",729584,"Parking",185014,"Other",6000]
[115,"NonResidential","1989200850","TU2021","Office","SCRIPPS BUILDING - 221 FIRST AVENUE WEST","J.G. Scripps Building","221 1ST AVE W, SEATTLE, WA 98119",863040,50952,50283,16.938294865756006,68.199996948242202,"Medium High",68,"","",50283,50283,"Y","",192.39999389648401,3476212.5,68.225241403674048,5315.2001953125,null,"Office",48546,"Parking",21454,"Other",2406]
[116,"NonResidential","1989201125","TU2020","Hotel","THE MEDITERRANEAN INN","MEDITERRANEAN INN (ID#116)","425 QUEEN ANNE AVE N, SEATTLE, WA 98109",772863.6875,59976,80804,12.886215944711218,86,"Medium High",56,"","",59976,80804,"Y","",182.19999694824199,5155568.5,85.960525877017474,25185.580078125,null,"Hotel",59976,"Parking",36934,""]
[117,"NonResidential","1142001871","TU2021","Hotel","UNIVERSITY INN","UNIVERSITY INN","4140 ROOSEVELT WAY NE, SEATTLE, WA 98105",623770.8125,50017,50017,12.471176050142951,108.90000152587901,"Highest Use",53,"","",50017,50017,"Y","",203.30000305175801,5448975,108.94245956374833,33206.69140625,null,"Hotel",50017,"Swimming Pool",0,""]
[118,"SPS-District K-12","1324039116","TU2020","K-12 School","COOPER ELEMENTARY SCHOOL (SPS-DISTRICT)","Pathfinder K-8","1901 SW GENESEE ST, SEATTLE, WA 98106",499367,75364,74468,6.6260681492489786,null,"",null,null,null,74468,74468,"N","",null,null,0,null,null,"K-12 School",75364,"",null,""]
[119,"NonResidential","1336800825","TU2021","K-12 School","ST JOSEPH K-8 SCHOOL","St. Joseph K-8 School","700 18TH AVE E, SEATTLE, WA 98112",392082.59375,67743,67743,5.7877949566744906,39.099998474121101,"Medium Low",34,"","",46313,67743,"Y","",82.300003051757798,2646879,39.072361720030116,13090.9306640625,null,"K-12 School",67743,"",null,""]
[120,"NonResidential","1338800660","TU2019","K-12 School","HOLY NAMES ACADEMY","Holy Names Academy","728 21ST AVE E, SEATTLE, WA 98112",553309.8125,194104,194104,2.8505842872892884,32,"Lowest Use",100,"","",194104,194104,"Y","",54,6219841.5,32.043860507769033,43319.48828125,null,"K-12 School",194104,"",null,""]
[121,"NonResidential","1498303116","TU2021","Office","THE 2100 BUILDING","2100 Building","2100 24TH AVE S, SEATTLE, WA 98144",1435451,63681,63681,22.541276047800757,76.900001525878906,"Highest Use",63,"","",63681,63681,"Y","",241.5,4897760,76.910852530582119,null,null,"Office",63681,"Parking",35752,""]
[122,"SPS-District K-12","1524049002","TU2021","K-12 School","MUIR ELEMENTARY SCHOOL(SPS-DISTRICT)","John Muir Elementary","3301 S HORTON ST, SEATTLE, WA 98144",623617.625,60725,58933,10.269536846438864,35,"Lowest Use",70,null,null,58933,58933,"Y","",110,2127783.5,35.03966241251544,null,null,"K-12 School",60725,"",null,""]
[125,"SPS-District K-12","1624049214","TU2019","K-12 School","MERCER JR HIGH SCHOOL (SPS-DISTRICT)","Mercer International Middle","1600 S COLUMBIAN WAY, SEATTLE, WA 98108",636691.375,134446,130862,4.7356661782425657,46.200000762939503,"Medium High",64,null,null,130862,130862,"Y","",82.300003051757798,6215350.5,46.22934486708418,40429.59765625,null,"K-12 School",134446,"",null,""]
[127,"SPS-District K-12","1704900242","TU2021","K-12 School","ORCA AT WHITWORTH ELEMENTARY SCHOOL (SPS-DISTRICT)","Orca K-8 School","5215 46TH AVE S, SEATTLE, WA 98118",441938.5,59955,59955,7.3711700441998165,27.799999237060501,"Lowest Use",91,null,null,59955,59955,"Y","",81.699996948242202,1666037.625,27.788134851138352,1581.43347167969,null,"K-12 School",59955,"",null,""]
[130,"SPS-District K-12","1794501220","TU2020","K-12 School","MCCLURE MIDDLE (SPS-DISTRICT)","McClure Middle","1915 1ST AVE W, SEATTLE, WA 98119",426778.90625,93218,93218,4.5782885950138388,28.899999618530298,"Lowest Use",88,null,null,93218,93218,"Y","",63,2698576.25,28.949089768070543,12424.06640625,null,"K-12 School",93218,"",null,""]
[131,"NonResidential","1797500625","TU2021","Other","CENTURYLINK: LAKEVIEW MAIN","Lakeview","1200 NE 64TH ST, SEATTLE, WA 98115",1863315,49000,56521,38.02683673469388,129.69999694824199,"Highest Use",null,"","",56521,56521,"Y","",407.39999389648398,6357632,129.7475918367347,null,null,"Other",49000,"",null,""]
[132,"NonResidential","1797500715","TU2018","Other","ROOSEVELT SQUARE","Roosevelt Square","6417 ROOSEVELT WAY NE, SEATTLE, WA 98115",586489.8125,119146,206934,4.9224465151998391,35.700000762939503,"Lowest Use",null,"","",206934,206934,"Y","",72.599998474121094,4253577.5,35.700548067077371,22524.740234375,null,"Other",119146,"Parking",0,""]
[136,"NonResidential","1926049012","TU2021","Hotel","HOLIDAY INN EXPRESS - SEATTLE NORTH","Holiday Inn Express North Seattle Shoreline","14115 AURORA AVE N, SEATTLE, WA 98133",409815.09375,51390,51390,7.9746077787507295,70.300003051757798,"Medium Low",89,"","",51390,51390,"Y","",130.69999694824199,3611538,70.277057793345008,22132.490234375,null,"Hotel",51390,"Parking",0,""]
[137,"SPS-District K-12","1926049025","TU2019","K-12 School","BROADVIEW THOMSON ELEMENTARY (SPS-DISTRICT)","Broadview-Thomson K-8","13052 GREENWOOD AVE N, SEATTLE, WA 98133",511669.3125,131909,131013,3.8789567997634733,29.600000381469702,"Lowest Use",88,null,null,131013,131013,"Y","",58.700000762939503,3899285.5,29.560420441364879,21534.69921875,null,"K-12 School",131909,"",null,""]
[138,"SPS-District K-12","1926049321","TU2018","K-12 School","INGRAHAM HIGH (SPS-DISTRICT)","Ingraham High","1819 N 135TH ST, SEATTLE, WA 98133",1175887,245587,245587,4.7880669579415844,47.099998474121101,"Medium High",92,null,null,245587,245587,"Y","",83.599998474121094,11577342,47.141509933343379,75652.171875,null,"K-12 School",245587,"",null,""]
[140,"SPS-District K-12","1931301145","TU2021","K-12 School","B F DAY ELEMENTARY (SPS-DISTRICT)","B.F. Day Elementary","3921 LINDEN AVE N, SEATTLE, WA 98103",614971.8125,66588,66588,9.2354750480567063,31.5,"Lowest Use",71,null,null,66588,66588,"Y","",98.900001525878906,2098283.75,31.511439748903708,0,null,"K-12 School",66588,"",null,""]
[144,"NonResidential","1974600035","TU2019","Hotel","ALEXIS HOTEL","Alexis Hotel","1007 1ST AVE, SEATTLE, WA 98104",1290419,190980,190980,6.7568279400984395,34.099998474121101,"Lowest Use",98,"ALEXIS HOTEL & RESTAURANT","1007 1ST AVE",null,190980,"Y","",84,6505995,34.066368206094879,21030.83984375,null,"Hotel",190980,"Parking",19051,""]
[145,"Nonresidential COS","1974700025","TU2018","Other","BENAROYA HALL","Benaroya Hall","1301 3RD AVE, SEATTLE, WA 98101",2873102,189750,284100,15.141512516469039,77.199996948242202,"Medium High",null,"","",284100,284100,"Y","",192.5,14641502,77.162065876152838,5273.43017578125,4311136,"Other - Entertainment/Public Assembly",189750,"",null,""]
[147,"NonResidential","2767703875","TU2018","Hospital","SWEDISH MEDICAL CENTER BALLARD CAMPUS","Swedish Ballard","5300 TALLMAN AVE NW, SEATTLE, WA 98107",3677019,302661,285333,12.148968648091429,150,"Lowest Use",99,"","",null,285333,"Y","",244.10000610351599,45399500,150.00115640931602,328535.125,null,"Hospital (General Medical & Surgical)",302661,"Parking",148865,""]
[148,"SPS-District K-12","2768000375","TU2021","K-12 School","WEST WOODLAND PARK ELEMENTARY (SPS-DISTRICT)","West Woodland Elementary","5601 5TH AVE NW, SEATTLE, WA 98107",454602.1875,59097,55513,7.6924748718209051,26.200000762939499,"Lowest Use",93,null,null,55513,55513,"Y","",82.400001525878906,1551102.625,26.246723606951285,null,null,"K-12 School",59097,"",null,""]
[163,"Nonresidential COS","5247801465","TU2021","Other","FIRE STATION 10/FAC/EOC","Fire Station 10/FAC/EOC","105 5TH AVE S, SEATTLE, WA 98104",2036128,71974,61156,28.289771306305056,130.10000610351599,"Highest Use",null,"","",61156,61156,"Y","",338.29998779296898,9363374,130.09383944202074,24161.041015625,null,"Other",42755,"Office",29219,""]
[167,"NonResidential","5247802715","TU2020","Other","WING LUKE MUSEUM/KONG YICK BLDG.","Wing Luke Museum","719 S KING ST, SEATTLE, WA 98104",384428.40625,58000,72820,6.6280759698275862,34.700000762939503,"Lowest Use",null,"","",72820,72820,"Y","",83.699996948242202,2010454.625,34.66301077586207,6987.85009765625,null,"Museum",58000,"",null,""]
[168,"NonResidential","5458300285","TU2019","Hotel","HAMPTON INN & SUITES","Hampton Inn Seattle Center","700 5TH AVE N, SEATTLE, WA 98109",1230206,113702,148022,10.81956342016851,69.900001525878906,"Medium Low",76,"","",null,148022,"Y","",150.5,7946961,69.892886668660182,37494.98828125,null,"Hotel",113702,"Parking",32692,""]
[169,"SPS-District K-12","5700000455","TU2018","K-12 School","FRANKLIN HIGH SCHOOL (SPS-DISTRICT)","Franklin High","3013 S MOUNT BAKER BLVD, SEATTLE, WA 98144",1891394,289588,289588,6.5313272649419174,30.600000381469702,"Lowest Use",90,null,null,289588,289588,"Y","",78.800003051757798,8873722,30.642574968576046,24202.865234375,null,"K-12 School",289588,"",null,""]
[170,"NonResidential","6003000470","TU2021","College/University","SCC FINE ARTS BLDG","SCCC FINE ARTS BUILDING","801 E PINE ST, SEATTLE, WA 98122",560100.8125,64820,63330,8.6408641237272441,47.200000762939503,"Medium Low",null,"","",63330,63330,"Y","",111.199996948242,3059758,47.203918543659363,11486.9404296875,null,"College/University",64820,"",null,""]
[172,"Campus","6171900005","TU2018","College/University","SOUTH SEATTLE COMMUNITY COLLEGE - CAMPUS MASTER ID","SSCC MAIN CAMPUS","6000 16TH AVE SW, SEATTLE, WA 98106",7419278,483000,441071,15.360824016563146,79.300003051757798,"Medium High",null,"","",441071,441071,"Y","",192.80000305175801,38301744,79.299677018633545,129871.6640625,null,"College/University",483000,"",null,""]
[173,"NonResidential","6418100005","TU2020","Office","SEATTLE CHILDREN'S HOSPITAL (70th & SAND POINT ADMIN BLDG)","Seattle Children's Hospital 70th/Sand Point Way Administrative Offices","6901 SAND POINT WAY NE, SEATTLE, WA 98115",4095457,97244,96300,42.115266751676195,167.80000305175801,"Highest Use",null,"","",96300,96300,"Y","",476.5,16319835,167.82356752087532,23461.37109375,null,"Office",92300,"Data Center",4944,""]
[174,"Nonresidential COS","6834700175","TU2021","Other","CSC Vehicle Maintenance (E)","CSC Vehicle Maintenance (E)","805 S DEARBORN ST, SEATTLE, WA 98134",1225675,68359,67356,17.929972644421365,109.40000152587901,"Medium High",null,"","",61440,67356,"Y","",242.69999694824199,7475577.5,109.35761933322605,32935.76171875,null,"Repair Services (Vehicle, Shoe, Locksmith, etc)",68359,"",null,""]
[175,"SPS-District K-12","6840701230","TU2018","K-12 School","GARFIELD HIGH (SPS-DISTRICT)","Garfield High","400 23RD AVE, SEATTLE, WA 98122",2279551,254523,254523,8.9561689906216735,52.900001525878899,"Highest Use",61,null,null,254523,254523,"Y","",119.40000152587901,13454809,52.862841472087005,56769.80078125,null,"K-12 School",254523,"",null,""]
[176,"SPS-District K-12","7129302300","TU2020","K-12 School","EMERSON ELEMENTARY SCHOOL (SPS-DISTRICT)","Emerson Elementary","9709 60TH AVE S, SEATTLE, WA 98118",514864.6875,78804,78804,6.5334841822750116,34.5,"Lowest Use",88,null,null,78804,78804,"Y","",82.800003051757798,2716901.5,34.476695345413937,9601.8330078125,null,"K-12 School",78804,"",null,""]
[177,"SPS-District K-12","7152200350","TU2021","K-12 School","MADRONA SCHOOL (SPS-DISTRICT)","Madrona K-8","1121 33RD AVE, SEATTLE, WA 98122",533437.875,66994,66994,7.9624723855867687,35.900001525878899,"Lowest Use",79,null,null,66994,66994,"Y","",94.5,2406246.75,35.917347075857542,5861.56689453125,null,"K-12 School",66994,"",null,""]
[178,"SPS-District K-12","7243500230","TU2020","K-12 School","VAN ASSELT @  (SPS-DISTRICT)","Van Asselt Elementary","8311 BEACON AVE S, SEATTLE, WA 98118",587970.3125,98357,98357,5.9779203564565817,35,"Lowest Use",87,null,null,98357,98357,"Y","",79.400001525878906,3447051.5,35.046326138454809,14408.966796875,null,"K-12 School",98357,"",null,""]
[179,"NonResidential","7378600265","TU2021","Office","UNION GOSPEL MISSION ASSN","Seattle's Union Gospel Mission - Admin","3800 S OTHELLO ST, SEATTLE, WA 98118",1046113,50765,54765,20.606973308381757,83.800003051757798,"Highest Use",null,"","",54765,54765,"Y","",234.89999389648401,4253369.5,83.785472274204665,6840.3203125,null,"Office",25765,"Other",25000,""]
[180,"NonResidential","7378600265","TUOPT","Other","UNION GOSPEL MISSION ASSN / HOPE PLACE","Hope Place","3802 S OTHELLO ST, SEATTLE, WA 98118",19771.900390625,89000,89821,0.22215618416432584,21.899999618530298,"Lowest Use",null,"","",37942,89821,"Y","",24.600000381469702,1950092.5,21.911151685393257,18826.30859375,null,"Other - Lodging/Residential",46483,"Office",37938,"Food Service",4579]
[182,"NonResidential","7443000070","TU2021","College/University","OTTO MILLER HALL","Otto Miller Hall","3469 3RD AVE W, SEATTLE, WA 98119",726633.5,52611,52611,13.811436771777766,78.300003051757798,"Medium High",null,"","",58104,52611,"Y","",180.69999694824199,4116871.5,78.251154701488275,16375.978515625,null,"College/University",52611,"",null,""]
[185,"SPS-District K-12","2826049152","TU2018","K-12 School","NATHAN HALE HIGH (SPS-DISTRICT)","Nathan Hale High","10750 30TH AVE NE, SEATTLE, WA 98125",1411170,238550,236758,5.91561517501572,33.900001525878899,"Lowest Use",96,null,null,236758,236758,"Y","2016",77.800003051757798,8089597.5,33.911538461538463,32746.869140625,null,"K-12 School",238550,"Parking",0,""]
[187,"NonResidential","2908700085","TU2018","Other","YOUTH SERVICES CENTER - KING COUNTY","Youth Services Center","1211 E ALDER ST, SEATTLE, WA 98122",2390095,215922,250981,11.069251859467771,60.5,"Medium Low",null,"","",250981,250981,"Y","",145.60000610351599,13071700,60.538990931910597,5801.7197265625,4336524.5,"Other",137565,"Courthouse",78357,""]
[189,"SPS-District K-12","2919200635","TU2021","K-12 School","GREENWOOD ELEMENTARY (SPS-DISTRICT)","Greenwood Elementary","144 NW 80TH ST, SEATTLE, WA 98117",326802.6875,62526,62526,5.2266687058183798,30.799999237060501,"Lowest Use",96,null,null,62526,62526,"Y","",69.599998474121094,1923037.625,30.755807584045037,8079.8662109375,null,"K-12 School",62526,"",null,""]
[190,"NonResidential","2924049043","TU2021","Office","EMERALD SERVICES","Emerald Services","7343 E MARGINAL WAY S, SEATTLE, WA 98108",778834,54015,64015,14.418846616680552,60,"Medium High",21,"","",56975,64015,"Y","",165.80000305175801,3242077.75,60.021804128482827,5846.9599609375,null,"Office",30000,"Non-Refrigerated Warehouse",15000,"Other - Services",9015]
[194,"NonResidential","2926049025","TU2018","Retail Store","NORTHGATE MALL SHOPPING CENTER RETAIL STORES  - ACTIVE/PRIMARY ID","Northgate Mall","401 NE NORTHGATE WAY, SEATTLE, WA 98125",4755138,530039,530039,8.9712983384241536,52.299999237060497,"Medium Low",98,"","",null,530039,"Y","",118.90000152587901,27717034,52.292442631579938,114925.03125,null,"Retail Store",505103,"Restaurant",24936,""]
[195,"NonResidential","2926049409","TU2021","Other","KINDRED HOSPITAL","Seattle-Northgate","10631 8TH AVE NE, SEATTLE, WA 98125",980312.875,47012,54224,20.852396728494853,154.5,"Highest Use",null,"","",54224,54224,"Y","",311,7265178,154.5387986046116,39203.50390625,null,"Other/Specialty Hospital",47012,"",null,""]
[197,"NonResidential","2926049528","TU2019","Retail Store","NORDSTROM- NORTHGATE MALL","Nordstrom Northgate 002","301 NE NORTHGATE WAY, SEATTLE, WA 98125",2536232,122000,124342,20.788786885245901,71.900001525878906,"Medium High",76,"","",124342,124342,"Y","",223.69999694824199,8765978,71.852278688524592,1123.56005859375,null,"Retail Store",122000,"",null,""]
[198,"NonResidential","2982800005","TU2018","Hospital","SEATTLE CHILDREN'S HOSPITAL  (MAIN CAMPUS)","Seattle Children's Hospital Main Campus","4800 SAND POINT WAY NE, SEATTLE, WA 98105",33813400,879000,879000,38.46803185437998,287.79998779296898,"Highest Use",11,"","",879000,879000,"Y","",576.5,252975408,287.79909897610924,1376040.75,null,"Hospital (General Medical & Surgical)",879000,"",null,""]
[200,"NonResidential","3026049024","TU2021","Other","Verity Credit Union","Verity Credit Union","11027 MERIDIAN AVE N, SEATTLE, WA 98133",544942.875,37280,55442,14.617566389484978,85.599998474121094,"Medium High",72,"","",55442,55442,"Y","",194.10000610351599,3191228.25,85.601616148068672,13318.830078125,null,"Financial Office",28636,"Parking",15385,"Medical Office",8644]
[205,"SPS-District K-12","3050700050","TU2018","K-12 School","BALLARD HIGH (SPS-DISTRICT)","Ballard High","1418 NW 65TH ST, SEATTLE, WA 98117",2296467,242795,242795,9.4584608414506057,37.700000762939503,"Medium Low",80,null,null,242795,242795,"Y","",107,9152174,37.695067855598346,13166.2998046875,null,"K-12 School",242795,"",null,""]
[209,"NonResidential","3225049002","TU2020","Self-Storage Facility","MADISON SELF STORAGE (NOT PART OF CAMPUS)","Madison Self Storage","1111 E MADISON ST, SEATTLE, WA 98122",141452.203125,85521,84870,1.6540054854947908,16.200000762939499,"Medium Low",null,"","",84870,84870,"Y","",28.799999237060501,1381590.125,16.15498094035383,8989.55078125,null,"Self-Storage Facility",85521,"",null,""]
[211,"Campus","3226049021","TU2018","College/University","NORTH SEATTLE COMMUNITY COLLEGE CAMPUS MASTER ID","NSCC MAIN CAMPUS","9600 COLLEGE WAY N, SEATTLE, WA 98103",9803879,667335,582447,14.691090681591705,53.799999237060497,"Medium Low",null,"","",582447,582447,"Y","",161.19999694824199,35891484,53.783308233495923,24406.478515625,null,"College/University",667335,"",null,""]
[212,"SPS-District K-12","3332501090","TU2019","K-12 School","SHARPLES JR HIGH (SPS-DISTRICT)","Aki Kurose Middle","3928 S GRAHAM ST, SEATTLE, WA 98118",527292.1875,173185,173185,3.0446758524121602,36.200000762939503,"Medium Low",78,null,null,173185,173185,"Y","",59.700000762939503,6270104,36.204659756907354,44709.828125,null,"K-12 School",173185,"",null,""]
[214,"SPS-District K-12","3438501230","TU2019","K-12 School","BOREN JR. HIGH SCHOOL (SPS-DISTRICT)","Boren Building","5950 DELRIDGE WAY SW, SEATTLE, WA 98106",560019.1875,139069,145341,4.0269160452724906,41.099998474121101,"Medium Low",72,null,null,145341,145341,"Y","",71.900001525878906,5720532.5,41.134490792340493,38097.46875,null,"K-12 School",139069,"",null,""]
[215,"NonResidential","3466800065","TU2019","Non-Refrigerated Warehouse","RAINIER BOTTLING PLANT","Rainier Bottling Plant","5628 AIRPORT WAY S, SEATTLE, WA 98108",267431,114297,114297,2.339790195718173,18.399999618530298,"Medium Low",61,"","",114297,114297,"Y","",36,2100097.75,18.374040875963498,11876.2294921875,null,"Non-Refrigerated Warehouse",114297,"",null,""]
[216,"SPS-District K-12","3524049149","TU2019","K-12 School","RAINIER BEACH HIGH SCHOOL (SPS-DISTRICT)","Rainier Beach High","8815 SEWARD PARK AVE S, SEATTLE, WA 98118",889575,184125,184125,4.831364562118126,46.900001525878899,"Medium High",86,null,null,184125,184125,"Y","",83.699996948242202,8632320,46.882932790224032,55970.90234375,null,"K-12 School",184125,"",null,""]
[217,"SPS-District K-12","3526039131","TU2019","K-12 School","WHITMAN JR HIGH (SPS-DISTRICT)","Whitman Middle","9201 15TH AVE NW, SEATTLE, WA 98117",635035.625,160270,160270,{"$f":"I130/J130","v":3.9622862981219193},37.200000762939503,"Medium Low",74,null,null,160270,160270,"Y","",67.400001525878906,5968641.5,{"$f":"W130/J130","v":37.241164909215698},38019,null,"K-12 School",160270,"",null,""]
[220,"NonResidential","3573700006","TU2018","Non-Refrigerated Warehouse","SEARS & OTHERS WAREHOUSE #8109","8109","4786 1ST AVE S, SEATTLE, WA 98134",385937,234144,234144,1.6482890870575373,28.799999237060501,"Medium High",87,"","",234144,234144,"Y","",42,6744317,28.804141895585623,54275,null,"Non-Refrigerated Warehouse",234144,"",null,""]
[223,"NonResidential","3624039009","TU2021","Retail Store","WESTWOOD VILLAGE - BLDG A","Westwood Village - Building A","2600 SW BARTON ST, SEATTLE, WA 98126",766027.875,65425,64984,11.70848872755063,45,"Medium Low",72,"","",64984,64984,"Y","",130.69999694824199,2944296.25,45.002617500955296,3306.09008789063,null,"Retail Store",65425,"",null,""]
[224,"NonResidential","3624039009","TU2021","Retail Store","WESTWOOD VILLAGE - BLDG B (Includes QFC)","Westwood Village - Building B","2600 SW BARTON ST, SEATTLE, WA 98126",769080.375,67782,67745,11.34638067628574,136.19999694824199,"Highest Use",37,"","",67745,67745,"Y","",223.89999389648401,9230223,136.17513499159068,66061.2109375,null,"Retail Store",67782,"",null,""]
[225,"SPS-District K-12","3624039032","TU2018","K-12 School","DENNY/ SEALTH CAMPUS (SPS-DISTRICT)","Denny/Sealth Campus","2500 SW THISTLE ST, SEATTLE, WA 98106",2463593,367884,367884,6.6966570984332021,34.5,"Lowest Use",97,null,null,367884,367884,"Y","2016",84,12682821,34.475054636787682,42770.3984375,null,"K-12 School",367884,"",null,""]
[226,"SPS-District K-12","3624039057","TUOPT","K-12 School","ROXHILL ELEMENTARY SCHOOL(SPS-DISTRICT)","Roxhill Elementary","9450 30TH AVE SW, SEATTLE, WA 98126",240932.796875,46797,46797,5.1484667152808941,45.299999237060497,"Medium High",84,null,null,46797,46797,"Y","",84.300003051757798,2121599.25,45.336223475863839,12995.3662109375,null,"K-12 School",46797,"",null,""]
[227,"SPS-District K-12","3646100540","TU2019","K-12 School","WASHINGTON JR HIGH SCHOOL(SPS-DISTRICT)","Washington Middle","2101 S JACKSON ST, SEATTLE, WA 98144",722876.375,136188,136188,5.30793003054601,41.900001525878899,"Medium Low",64,null,null,136188,136188,"Y","",81.800003051757798,5705584,41.894909977384202,32391.30078125,null,"K-12 School",136188,"",null,""]
[228,"NonResidential","3693901110","TU2021","Other","NORDIC HERITAGE MUSEUM (WEBSTER BLDG)","Webster Building","3014 NW 67TH ST, SEATTLE, WA 98117",247615.59375,56000,56000,4.4217070312500004,33.099998474121101,"Lowest Use",null,"","",56000,56000,"Y","",66.199996948242202,1851260.5,33.058223214285711,10063.9599609375,null,"Other",56000,"",null,""]
[229,"SPS-District K-12","3812400550","TU2021","K-12 School","KING (BRIGHTON) ELEMENTARY SCHOOL (SPS-DISTRICT)","Martin Luther King Jr. Elementary","6725 45TH AVE S, SEATTLE, WA 98118",423236.5,67371,67371,6.282176307313236,30.700000762939499,"Lowest Use",92,null,null,67371,67371,"Y","",77.099998474121094,2070502.875,30.732850558845794,6264.2001953125,null,"K-12 School",67371,"",null,""]
[230,"NonResidential","3874900040","TU2021","Self-Storage Facility","U-HAUL RENTALS & MINI-STORAGE","U-Haul Moving and Storage of West Seattle","6343 35TH AVE SW, SEATTLE, WA 98126",153506.703125,52088,52088,2.9470646430079865,26.399999618530298,"Medium High",null,"","",52088,52088,"Y","",48.799999237060497,1377519.5,26.44600483796652,8537.5458984375,null,"Self-Storage Facility",52088,"",null,""]
[231,"SPS-District K-12","4083301505","TU2019","K-12 School","HAMILTON MIDDLE (SPS-DISTRICT)","Hamilton International Middle","1610 N 41ST ST, SEATTLE, WA 98103",1085868,127776,127776,8.4982156273478591,36.5,"Medium Low",76,null,null,127776,127776,"Y","",98.900001525878906,4665564,36.513617580766343,9605.8330078125,null,"K-12 School",127776,"",null,""]
[232,"NonResidential","4088802955","TU2020","Hotel","SILVER CLOUD INN LAKE UNION","Silver Cloud Inn","1150 FAIRVIEW AVE N, SEATTLE, WA 98109",1195550,123920,93920,9.6477566171723694,75.599998474121094,"Medium Low",79,"","",93920,93920,"Y","",148.19999694824199,9373179,75.638952550032272,52939.609375,null,"Hotel",123920,"Parking",30000,"Swimming Pool",0]
[233,"Nonresidential COS","4088803210","TU2021","Other","ARMORY BUILDING (MOHAI)","Armory Building","860 TERRY AVE N, SEATTLE, WA 98109",1113108,43000,58000,25.886232558139536,175.60000610351599,"Highest Use",null,"","",50000,58000,"Y","",368.89999389648398,7548807,175.55365116279069,37508.8203125,null,"Museum",43000,"",null,""]
[234,"Nonresidential COS","4088803530","TU2021","Non-Refrigerated Warehouse","SEATTLE CITY LIGHT ROY STREET WAREHOUSE","SCL Roy Street Warehouse","800 ALOHA ST, SEATTLE, WA 98109",126164.6015625,53944,50292,2.3388069398357554,8,"Lowest Use",null,"","",22536,50292,"Y","",25.100000381469702,430473.6875,7.9800105201690643,null,null,"Non-Refrigerated Warehouse",42345,"Residence Hall/Dormitory",5000,"Office",4730]
[235,"NonResidential","4088803586","TU2019","Hotel","COURTYARD BY MARRIOTT - SEATTLE","311jk-Seattle Downtown/Lake Union CY","925 WESTLAKE AVE N, SEATTLE, WA 98109",1620981,141591,153315,11.448333580524185,78.900001525878906,"Medium High",76,"","",153315,153315,"Y","",164.5,11171988,78.903235375129782,56412.00390625,null,"Hotel",141591,"",null,""]
[237,"SPS-District K-12","4240400005","TU2021","K-12 School","WHITTIER ELEMENTARY (SPS-DISTRICT)","Whittier Elementary","7501 13TH AVE NW, SEATTLE, WA 98117",468060.8125,67235,67235,6.9615648471778089,33.099998474121101,"Lowest Use",89,null,null,67235,67235,"Y","",84.400001525878906,2227180,33.125306759872089,6301.56640625,null,"K-12 School",67235,"",null,""]
[238,"Nonresidential COS","4310701070","TU2020","Office","CITY OF SEATTLE - NSC","North Service Center","9700 STONE AVE N, SEATTLE, WA 98103",2079128,94288,85017,22.050823010351266,100.5,"Highest Use",null,"","",85017,85017,"Y","",262.70001220703102,9472358,100.46196758866452,23783.73046875,null,"Office",57968,"Distribution Center",32881,"Parking",11850]
[239,"SPS-District K-12","4315700020","TU2021","K-12 School","GATEWOOD ELEMENTARY SCHOOL (SPS-DISTRICT)","Gatewood Elementary","4320 SW MYRTLE ST, SEATTLE, WA 98136",343542,59014,58118,5.821364422001559,24.299999237060501,"Lowest Use",97,null,null,58118,58118,"Y","",67,1434752,24.312061544718201,2625.86645507813,null,"K-12 School",59014,"",null,""]
[241,"NonResidential","4468400005","TU2021","Hotel","HOTEL NEXUS - NORTHGATE","Hotel Nexus","2140 N NORTHGATE WAY, SEATTLE, WA 98133",768038.6875,64893,64893,11.835462800302036,95.5,"Medium High",70,"","",64893,64893,"Y","",184.69999694824199,6197825,95.50837532553588,35772.76953125,null,"Hotel",64893,"",null,""]
[242,"SPS-District K-12","5100404840","TU2021","K-12 School","OLYMPIC VIEW (SPS-DISTRICT)","Olympic View Elementary","504 NE 95TH ST, SEATTLE, WA 98115",null,55480,52792,0,null,"",null,null,null,52792,52792,"N","",null,null,0,null,null,"K-12 School",55480,"",null,""]
[243,"SPS-District K-12","5129000050","TU2020","K-12 School","VAN ASSELT SCHOOL (SPS-DISTRICT)","Van Asselt Building - Old","7201 BEACON AVE S, SEATTLE, WA 98108",139287.796875,70762,70762,1.9683982487069331,51.200000762939503,"Medium High",87,null,null,70762,70762,"Y","",67.800003051757798,3623427,51.205830813148303,31481.767578125,null,"K-12 School",70762,"",null,""]
[244,"NonResidential","5247800030","TUOPT","Office","WASHINGTON PARK BUILDING","Washington Park Building","68 S WASHINGTON ST, SEATTLE, WA 98104",386177.40625,44558,44558,8.6668478443826018,37.599998474121101,"Lowest Use",78,"","",36728,44558,"Y","",101.300003051758,1677002.25,37.636389649445668,3593.65014648438,null,"Office",34416,"Self-Storage Facility",7672,"Restaurant",2470]
[245,"NonResidential","7666204876","TU2018","Other","CENTURYLINK FIELD-Stadium","CenturyLink","800 OCCIDENTAL AVE S, SEATTLE, WA 98104",14490010,1585960,1258280,9.1364284092915327,37.700000762939503,"Lowest Use",null,"","",1585960,1258280,"Y","",104.699996948242,59757440,37.679033519130371,103175.1796875,null,"Other - Entertainment/Public Assembly",1585960,"Parking",0,""]
[247,"Nonresidential COS","7666205660","TU2019","Distribution Center","CITY LIGHT - SOUTH SERVICE CENTER BLDG A","SCL SSC Building A","400 S SPOKANE ST, SEATTLE, WA 98134",2570957,180725,179161,14.22579609904551,52.200000762939503,"Highest Use",null,"","",101221,179161,"Y","",156.30000305175801,9436408,52.214181767879374,6643.02001953125,null,"Distribution Center",117476,"Office",37321,"Other",25543]
[248,"Nonresidential COS","7666205660","TU2021","Non-Refrigerated Warehouse","CITY LIGHT - SOUTH SERVICE CENTER BLDG B","SCL SSC Building B","400 S SPOKANE ST, SEATTLE, WA 98134",1151435,70320,50000,16.374217861205917,55.900001525878899,"Highest Use",null,"","",50000,50000,"Y","",175.39999389648401,3928695.25,55.8688175483504,null,null,"Non-Refrigerated Warehouse",40831,"Other - Services",16735,"Office",11533]
[250,"NonResidential","7666206720","TU2019","Hotel","SILVER CLOUD INN SEATTLE","Silver Cloud Hotel - Stadium","1046 1ST AVE S, SEATTLE, WA 98134",1826563,144222,153882,12.664940161695164,88.199996948242202,"Medium High",64,"","",153882,153882,"Y","",183,12726789,88.244435661688229,64945.55078125,null,"Hotel",135006,"Parking",20600,"Food Service",9216]
[257,"NonResidential","7666703020","TU2020","Non-Refrigerated Warehouse","HARBOR ISLAND WAREHOUSE - KING COUNTY","Harbor Island: Warehouse E - DNRP-SWD","3235 16TH AVE SW, SEATTLE, WA 98134",706741.625,79600,79600,8.878663630653266,30.299999237060501,"Medium High",34,"","",79600,79600,"Y","",95.099998474121094,2411402.25,30.293998115577889,null,null,"Non-Refrigerated Warehouse",79600,"",null,""]
[260,"SPS-District K-12","7821200700","TU2018","K-12 School","LINCOLN HIGH (SPS-DISTRICT)","Lincoln Building","4400 INTERLAKE AVE N, SEATTLE, WA 98103",920487.3125,241066,241066,3.8184037255357453,31.5,"Lowest Use",79,null,null,241066,241066,"Y","",60.299999237060497,7583212.5,31.456997253864088,44425.09765625,null,"K-12 School",241066,"",null,""]
[261,"Campus","7883608601","TU2018","Office","BOEING SOUTH PARK CAMPUS REPORT","Boeing South Park","1420 S TRENTON ST, SEATTLE, WA 98108",13289690,338404,302494,39.271669365610336,null,"",null,"","",302494,302494,"N","",null,null,0,null,null,"Office",260000,"Laboratory",78404,"Parking",0]
[267,"NonResidential","6792120000","TU2018","Hotel","PINE ST. CONDO-ELLIOTT GRAND HYATT SEATTLE","Grand Hyatt Seattle","721 PINE ST, SEATTLE, WA 98101",11536960,551736,null,20.910290428755783,117.90000152587901,"Highest Use",null,"","",null,null,"Y","",272.89999389648398,65047284,117.89566749314889,256831.625,null,"Hotel",495536,"Parking",438756,"Restaurant",49700]
[268,"NonResidential","7942600331","TU2018","Hospital","SWEDISH MEDICAL CENTER CHERRY HILL CAMPUS","Swedish Cherry Hill","500 17TH AVE, SEATTLE, WA 98122",17220090,601615,597519,28.623106139308362,238.39999389648401,"Highest Use",34,"","",null,597519,"Y","",454.39999389648398,143423024,238.39668891234427,846680.9375,null,"Hospital (General Medical & Surgical)",601615,"Parking",48607,""]
[273,"SPS-District K-12","7972603210","TU2020","K-12 School","HIGHLAND PARK SCHOOL (SPS-DISTRICT)","Highland Park Elementary","1012 SW TRENTON ST, SEATTLE, WA 98106",567131.6875,71714,71714,7.9082422888138995,32.299999237060497,"Lowest Use",87,null,null,71714,71714,"Y","",90.300003051757798,2315276.75,32.284864182725826,3802.2333984375,null,"K-12 School",71714,"",null,""]
[274,"NonResidential","8033700250","TU2021","Non-Refrigerated Warehouse","MINI-WAREHOUSE/RETAIL","27020-Seattle / Stone Way North","3616 STONE WAY N, SEATTLE, WA 98103",124086,67236,67236,1.8455291807960021,8.1999998092651403,"Lowest Use",91,"","",66336,67236,"Y","",21.700000762939499,549181.375,8.1679661937057535,1258,null,"Non-Refrigerated Warehouse",67236,"Parking",8161,""]
[276,"NonResidential","8590900220","TU2018","Hospital","HARBORVIEW MEDICAL CENTER","Harborview Medical Center","325 9TH AVE, SEATTLE, WA 98104",49438340,1350182,1158691,36.616056205755967,217.10000610351599,"Medium High",29,"","",null,1158691,"Y","",502.89999389648398,293090784,217.07501951588748,18321.291015625,122575032,"Hospital (General Medical & Surgical)",1350182,"Parking",387651,""]
[278,"NonResidential","8592900105","TU2021","Senior Care Community","ID VILLAGE SQUARE 1","ID Village Square 1","802 S DEARBORN ST, SEATTLE, WA 98134",2177262,102796,90185,21.180415580372777,98.300003051757798,"Medium High",null,"","",59030,90185,"Y","",254.30000305175801,10105379,98.305177244250743,26765.611328125,null,"Senior Care Community",55259,"Medical Office",40091,"K-12 School",3231]
[279,"SPS-District K-12","8702100050","TU2018","K-12 School","WEST SEATTLE HIGH SCHOOL (SPS-DISTRICT)","West Seattle High","3000 CALIFORNIA AVE SW, SEATTLE, WA 98116",1421754,208981,208981,6.8032691967212333,38.200000762939503,"Medium Low",81,null,null,208981,208981,"Y","",88.599998474121094,7982698,38.198199836348756,31316.732421875,null,"K-12 School",208981,"",null,""]
[281,"NonResidential","8816400900","TU2021","K-12 School","UNIVERSITY HTS GRADE SCHOOL","University HTS Grade School","5031 UNIVERSITY WAY NE, SEATTLE, WA 98105",1798.90002441406,55500,55653,3.2412613052505583E-2,24.799999237060501,"Lowest Use",98,"","",55653,55653,"Y","",26.299999237060501,1377627,24.822108108108107,13714.890625,null,"K-12 School",55500,"",null,""]
[282,"NonResidential","8817400055","TU2019","Hotel","HOTEL DECA","Hotel Deca","4507 BROOKLYN AVE NE, SEATTLE, WA 98105",1043887,106860,106860,9.7687347931873472,111.699996948242,"Highest Use",49,"","",106860,106860,"Y","",186.89999389648401,11935719,111.69491858506457,83739.7578125,null,"Hotel",106860,"",null,""]
[283,"NonResidential","8822900465","TU2021","Office","LAKE CITY CENTER","Lake City Center","12360 LAKE CITY WAY NE, SEATTLE, WA 98125",749863.1875,50759,50759,14.773009466301543,62,"Medium High",62,"","",50759,50759,"Y","",170.39999389648401,3147042,61.999684784964245,5885.08984375,null,"Office",47079,"Restaurant",3680,""]
[284,"NonResidential","8823902255","TU2021","Worship Facility","UNIV CONGREGATIONAL CHURCH","University Congregational United Church of Christ","4505 16TH AVE NE, SEATTLE, WA 98105",285789.1875,56772,56772,5.0339813200169097,43,"Medium High",46,"","",56772,56772,"Y","",81,2439484.75,42.96985750017614,14643.720703125,null,"Worship Facility",56772,"",null,""]
[285,"NonResidential","8823902325","TU2019","Worship Facility","UNIVERSITY PRESBY CHURCH","University Presbyterian Church","4550 15TH AVE NE, SEATTLE, WA 98105",685356,103000,103000,6.6539417475728158,47.099998474121101,"Highest Use",42,"","",103000,103000,"Y","",96.900001525878906,4854429.5,47.13038349514563,25159.9453125,null,"Worship Facility",103000,"",null,""]
[286,"SPS-District K-12","8826900005","TU2018","K-12 School","ROOSEVELT HIGH (SPS-DISTRICT)","Roosevelt High","1410 NE 66TH ST, SEATTLE, WA 98115",2149104,269297,269297,7.9804231016312848,39.200000762939503,"Medium Low",79,null,null,269297,269297,"Y","",98.099998474121094,10553913,39.190607396294794,32211.69921875,null,"K-12 School",269297,"",null,""]
[287,"SPS-District K-12","8827900180","TU2020","K-12 School","BRYANT ELEMENTARY (SPS-DISTRICT)","Bryant Elementary","3311 NE 60TH ST, SEATTLE, WA 98115",468039.59375,75174,75174,6.2260834031713088,36.099998474121101,"Lowest Use",77,null,null,75174,75174,"Y","",82.300003051757798,2716508,36.136270519062442,11195.56640625,null,"K-12 School",75174,"",null,""]
[289,"SPS-District K-12","9270200005","TU2020","K-12 School","FRANTZ H COE ELEMENTARY SCHOOL (SPS-DISTRICT)","Frantz Coe Elementary","2424 7TH AVE W, SEATTLE, WA 98119",511246.6875,75214,75214,6.7972277435051982,30.600000381469702,"Lowest Use",88,null,null,75214,75214,"Y","",80.599998474121094,2303497,30.625907410854364,5591.2333984375,null,"K-12 School",75214,"",null,""]
[290,"SPS-District K-12","9278300005","TU2019","K-12 School","JAMES MADISON JR HIGH SCHOOL (SPS-DISTRICT)","Madison Middle","3429 45TH AVE SW, SEATTLE, WA 98116",834119.1875,134918,134918,6.1824158933574465,27.5,"Lowest Use",92,null,null,134918,134918,"Y","",73,3713764.75,27.526088068308159,8677.5,null,"K-12 School",134918,"",null,""]
[291,"SPS-District K-12","9344400300","TU2021","K-12 School","THURGOOD MARSHALL (SPS-DISTRICT)","Thurgood Marshall Elementary","2401 S IRVING ST, SEATTLE, WA 98144",672442.875,65310,64414,10.296170188332567,35.099998474121101,"Lowest Use",67,null,null,64414,64414,"Y","",110.300003051758,2294375,35.130531312203338,null,null,"K-12 School",65310,"",null,""]
[292,"SPS-District K-12","9528103775","TU2020","K-12 School","MARSHALL, JOHN (SPS-DISTRICT)","John Marshall Building","520 NE RAVENNA BLVD, SEATTLE, WA 98115",299982.5,92437,92437,3.2452643422006338,53.099998474121101,"Highest Use",73,null,null,92437,92437,"Y","",78.900001525878906,4908547,53.101539426852881,38850.06640625,null,"K-12 School",92437,"",null,""]
[293,"NonResidential","2141290000","TU2019","Other","ACT THEATER","ACT Theatre","700 UNION ST, SEATTLE, WA 98101",1680144,128766,null,13.04804063184381,47,"Medium Low",null,"","",null,null,"Y","",142.39999389648401,6057410,47.041998664243664,3247.59643554688,null,"Other - Entertainment/Public Assembly",109754,"Other",12876,"Office",6136]
[294,"NonResidential","2301950000","TUOPT","Residence Hall/Dormitory","YWCA Women's Residence","Women's Residence at Seneca","1118 5TH AVE, SEATTLE, WA 98101",731552.3125,101645,null,7.1971303310541588,54.799999237060497,"Medium Low",76,"","",43638,null,"Y","",113.5,5572503,54.823188548379164,null,3076446.5,"Residence Hall/Dormitory",63934,"Office",27143,"Retail Store",10568]
[295,"NonResidential","2302700000","TU2018","Other","CENTURYLINK: 3RD AVE 3-D","1122 3rd Ave","1122 3RD AVE, SEATTLE, WA 98101",18228950,203000,null,89.797783251231522,306.39999389648398,"Highest Use",null,"","",null,null,"Y","",962.09997558593795,62197176,306.39002955665023,null,null,"Other",203000,"",null,""]
[300,"SPS-District K-12","7549802085","TU2018","K-12 School","CLEVELAND HIGH SCHOOL (SPS-DISTRICT)","Cleveland STEM High","5511 15TH AVE S, SEATTLE, WA 98108",1324889,204961,204961,6.4641029268982884,39.200000762939503,"Medium Low",94,null,null,204961,204961,"Y","",87.199996948242202,8026698,39.162074736169323,35061.76953125,null,"K-12 School",204961,"",null,""]
[302,"NonResidential","7666201147","TU2020","Other","WA ARMY NAT'L GUARD","Seattle ReadCntr (50/50)","1600 W ARMORY WAY, SEATTLE, WA 98119",456874.5,77810,76086,5.8716681660454952,41.5,"Medium Low",null,"","",76086,76086,"Y","",85.5,3232789.75,41.547227220151655,16739.33984375,null,"Other",77810,"",null,""]
[313,"NonResidential","7666202190","TU2019","Medical Office","ELLIOTT PARK BUILDING","BMR-201 Elliott Avenue LLC","201 ELLIOTT AVE W, SEATTLE, WA 98119",5493975,156546,151000,35.094956115135489,183.5,"Highest Use",1,"","",150800,151000,"Y","",443,28731502,183.5339261303387,99860.5859375,null,"Medical Office",146741,"Office",9805,""]
[314,"NonResidential","7666202317","TU2019","Hotel","EDGEWATER INN","Edgewater Seattle","2411 ALASKAN WAY, SEATTLE, WA 98121",1853029,122309,122309,15.150389587029572,208.10000610351599,"Highest Use",8,"","",122309,122309,"Y","",326.60000610351602,25453690,208.10970574528449,191311.546875,null,"Hotel",122309,"",null,""]
[315,"Campus","7666202325","TU2018","Other","PORT OF SEATTLE  BELL HARBOR COMPLEX  & CONFERENCE - CAMPUS","P66 Bell Harbor International Conference Center & Cruise Terminal.","2201 ALASKAN WAY, SEATTLE, WA 98121",4041282,217088,215476,18.615870061910378,110.59999847412099,"Medium High",null,"PIER 66 UPLANDS COML BLDG","2300 ALASKAN WAY",215476,215476,"Y","",248.89999389648401,24017770,110.63610148879717,102289.1640625,null,"Other",217088,"",null,""]
[316,"NonResidential","7666202345","TU2018","Hotel","SEATTLE WATERFRONT MARRIOTT","337v2-Seattle Waterfront Marriott","2100 ALASKAN WAY, SEATTLE, WA 98121",4033864,277000,215473,14.562685920577618,96.199996948242202,"Highest Use",29,"","",215473,215473,"Y","",204.89999389648401,26659244,96.24275812274368,128957,null,"Hotel",277000,"",null,""]
[317,"Nonresidential COS","7666202420","TU2021","Other","SEATTLE AQUARIUM","Seattle Aquarium","1421 ALASKAN WAY, SEATTLE, WA 98101",3087448,69400,69400,44.487723342939482,213.69999694824199,"Highest Use",null,"","",69400,69400,"Y","",541.70001220703102,14833476,213.73884726224784,42991.0390625,null,"Other - Entertainment/Public Assembly",69400,"",null,""]
[318,"NonResidential","7666202495","TU2021","Mixed Use Property","PIER 54  IVARS ACRES OF CLAMS","Pier 54","1003 ALASKAN WAY, SEATTLE, WA 98104",1110180,65671.296875,62900,16.905102424170757,158.30000305175801,"Highest Use",null,"IVARS 905 ACRES OF CLAMS","1001 ALASKAN WAY",41900,62900,"Y","",286.70001220703102,10394330,158.27812902469043,66063.96875,null,"Restaurant",32494,"Other",29793,"Retail Store",3384.30004882813]
[319,"NonResidential","7666202580","TUOPT","Office","DAILY JOURNAL BUILDING","Daily Journal Building","83 COLUMBIA ST, SEATTLE, WA 98104",260120.703125,40000,40000,6.5030175781250001,34.5,"Lowest Use",98,"","",40000,40000,"Y","",84.5,1380293.625,34.507340624999998,null,492761.8125,"Office",33000,"Retail Store",7000,""]
[320,"NonResidential","7666202725","TU2018","Non-Refrigerated Warehouse","BMW SEATTLE - SERVICE CENTER","(ID320) BMW SEATTLE - SERVICE CENTER","900 MAYNARD AVE S, SEATTLE, WA 98134",1109403,203504,203504,5.4515046387294595,18.600000381469702,"Medium Low",72,"","",203504,203504,"Y","",58.400001525878899,3785282.5,18.600531193490053,null,null,"Non-Refrigerated Warehouse",159372,"Other - Services",44132,""]
[322,"NonResidential","0656000005","TU2020","Office","KIRO RADIO & TELEVISION","Cox Media Group Seattle KIRO TV (322)","2807 3RD AVE, SEATTLE, WA 98121",2868909,100734,74003,28.480046458991005,97.199996948242202,"Highest Use",20,"","",74003,74003,"Y","",305.10000610351602,9788717,97.173913475092817,null,null,"Office",100734,"",null,""]
[323,"NonResidential","0656000045","TU2021","Office","GRANGE OFFICE PLAZA","200 Cedar Street Building","200 CEDAR ST, SEATTLE, WA 98121",1256185,62108,62108,20.225816319958781,80.599998474121094,"Highest Use",57,"GRANGE INSURANCE ASSOC","2714 2ND AVE",62108,62108,"Y","",228.89999389648401,5007401,80.62409029432601,7212.97998046875,null,"Office",62108,"Parking",17570,""]
[324,"NonResidential","0656000480","TU2018","Office","FOURTH & BATTERY BUILDING","Fourth and Battery","2401 4TH AVE, SEATTLE, WA 98121",5347642,210807,212210,25.367478309543802,88.5,"Highest Use",40,"","",212210,212210,"Y","",273.79998779296898,18661606,88.524603072952985,4154.51611328125,null,"Office",175915,"Laboratory",29865,"Parking",23244]
[326,"NonResidential","0659000040","TU2018","Office","WEST LAKE TOWER OFFICE BUILDING","Westlake Tower","1601 5TH AVE, SEATTLE, WA 98101",7255301,383942,369996,18.896867235155309,64.5,"Medium High",74,"","",369996,369996,"Y","2012",202.5,24755086,64.47610837053513,null,null,"Office",383942,"Parking",127192,""]
[327,"NonResidential","0659000070","TU2018","Retail Store","NORDSTROM DOWNTOWN","Nordstrom 001","500 PINE ST, SEATTLE, WA 98101",10989760,693450,693450,{"$f":"I194/J194","v":15.847948662484677},57.799999237060497,"Medium High",93,"","",693450,693450,"Y","",173.69999694824199,40062888,{"$f":"W194/J194","v":57.77329007138222},25445.83984375,21230.80078125,"Retail Store",361107,"Office",332343,""]
[328,"NonResidential","0659000165","TU2018","Office","CENTURYLINK: SEATTLE BELL PLAZA","1600 Seventh","1600 7TH AVE, SEATTLE, WA 98101",11969410,676853,791396,17.683913641514479,60.299999237060497,"Medium High",89,"","",791396,791396,"Y","2017, 2015",189.5,40847752,60.34951754664602,5382.50537109375,null,"Office",622034,"Parking",132465,"Other",33110]
[329,"NonResidential","0659000235","TU2018","Office","1700 SEVENTH BUILDING","1700 Seventh Ave","1700 7TH AVE, SEATTLE, WA 98101",8172316,551798,542671,14.810340015730395,56.099998474121101,"Medium High",90,"","",542671,542671,"Y","2016, 2015, 2014, 2013, 2012, 2011, 2010, 2009, 2008",164.60000610351599,30979874,56.143505413212807,30959.30859375,null,"Office",542461,"Parking",219045,"Restaurant",9337]
[330,"NonResidential","0659000350","TU2021","Office","LLOYD BUILDING","Lloyd building","603 STEWART ST, SEATTLE, WA 98101",397961.6875,51447,55652,7.7353720819484133,66.900001525878906,"Medium High",90,"THE VANCE CORPORATION","603 STEWART ST",55652,55652,"Y","",131.69999694824199,3444270,66.947926992827576,null,2086424.75,"Office",45260,"Retail Store",6187,""]
[331,"NonResidential","0659000365","TU2019","Office","TOWER BLDG","The Tower Building","1809 7TH AVE, SEATTLE, WA 98101",1974231,173770,174790,11.361172814640041,44.5,"Medium Low",91,"THE VANCE CORP","1807 7TH AVE",174790,174790,"Y","2010, 2009, 2007",127.800003051758,7739699,44.539903320481095,10036.2197265625,null,"Office",142034,"Other - Recreation",17070,"Retail Store",14666]
[332,"NonResidential","0659000385","TU2020","Office","TIMES SQUARE BUILDING (THE VANCE CORPORATION)","Times Square Building","414 OLIVE WAY, SEATTLE, WA 98101",1101115,61533,73399,17.89470690523784,61.099998474121101,"Medium High",61,"","",73399,73399,"Y","",191.69999694824199,3757006,61.056766288008063,null,null,"Office",51557,"Retail Store",9976,""]
[333,"NonResidential","0659000555","TU2018","Office","PLAZA 600 BUILDING","Plaza 600","600 STEWART ST, SEATTLE, WA 98101",2254305,226454,233517,9.9548031829863906,63,"Medium High",92,"","",233517,233517,"Y","2010, 2007",141.5,14260520,62.973142448355958,null,6568832,"Office",226454,"Parking",29214,""]
[334,"NonResidential","0659000750","TU2018","Office","WEST 8TH","West 8th","2001 8TH AVE, SEATTLE, WA 98121",7042749,582725,529375,12.085887854476811,42.599998474121101,"Medium Low",96,"","",529375,529375,"Y","2016, 2015",130.89999389648401,24823814,42.599534943584025,7939.55322265625,null,"Office",582725,"Parking",191082,""]
[335,"NonResidential","0660000080","TU2018","Office","DENNY BUILDING","Denny Building","2200 6TH AVE, SEATTLE, WA 98121",1836982,161000,206000,11.409826086956521,53.299999237060497,"Medium Low",91,"","",196840,206000,"Y","",139.5,8580279,53.293658385093167,null,2312496.75,"Office",161000,"Parking",51250,""]
[336,"NonResidential","0660000650","TU2018","Office","1918 EIGHTH AVE","1918 Eighth Avenue","1918 8TH AVE, SEATTLE, WA 98101",11583780,743562,669915,15.578768145763231,53.200000762939503,"Medium Low",97,"","",669915,669915,"Y","2017, 2015",166.89999389648401,39523852,53.154749704799329,null,null,"Office",743562,"Parking",161119,""]
[337,"NonResidential","0660001135","TU2018","Office","1800 9TH AVENUE BUILDING","1800 Ninth","1800 9TH AVE, SEATTLE, WA 98101",5197326,339240,339240,15.320498761938451,52.700000762939503,"Medium Low",94,"","",339240,339240,"Y","",164.60000610351599,17867002,52.667733757811575,1337.24133300781,null,"Office",311736,"Parking",123356,"Fitness Center/Health Club/Gym",18239]
[338,"NonResidential","0660001215","TU2018","Other","SEATTLE CHILDREN'S HOSPITAL  (RESEARCH INSTITUTE BLDG 1)","Jack R. McDonald Building","1900 9TH AVE, SEATTLE, WA 98101",8983484,250000,230638,35.933936000000003,261.29998779296898,"Highest Use",null,"","",219788,230638,"Y","",530.70001220703102,65336980,261.34791999999999,346853.3125,null,"Other",250000,"",null,""]
[339,"NonResidential","0939000130","TU2020","Office","BRODERICK BUILDING","Broderick Building","615 2ND AVE, SEATTLE, WA 98104",1041874,81800,89550,12.736845965770172,47.700000762939503,"Medium Low",85,"HRA BRODERICK,LP","619 2ND AVE",89550,89550,"Y","",141.60000610351599,3903259.75,47.717111858190712,null,348386.8125,"Office",64712,"Retail Store",10058,"Social/Meeting Hall",7030]
[340,"NonResidential","0939000150","TU2020","Office","PIONEER BUILDING","The Pioneer Building","600 1ST AVE, SEATTLE, WA 98104",1206507,89355,89355,13.502400537183146,46.799999237060497,"Medium Low",66,"EAGLE WEALTH (PIONEER) LLP","600 1ST AVE",76590,89355,"Y","",145.39999389648401,4178233.5,46.759929494712104,616.32000732421898,null,"Office",82355,"Retail Store",7000,""]
[341,"NonResidential","0939000260","TU2018","Office","DEXTER HORTON BUILDING","Dexter Horton Building","710 2ND AVE, SEATTLE, WA 98104",5095122,388934,388934,13.100222659885739,47.799999237060497,"Medium Low",89,"","",388934,388934,"Y","2015, 2014, 2012, 2011, 2009",144,18576900,47.763630847393131,null,1192343.75,"Office",388934,"",null,""]
[342,"NonResidential","0939000335","TU2018","Office","EXCHANGE BUILDING","Seattle Exchange Building","821 2ND AVE, SEATTLE, WA 98104",2949131,353697.90625,384302,8.3379939431009849,28.399999618530298,"Lowest Use",98,"","",363242,384302,"Y","2012, 2009, 2008",89.300003051757798,10062436,28.449238240295635,null,null,"Office",348969,"Convenience Store without Gas Station",3291.89990234375,"Food Service",1437]
[343,"NonResidential","0939000355","TU2018","Office","NORTON BUILDING","Norton Building","801 2ND AVE, SEATTLE, WA 98104",4098788,236827,293925,17.307097586001596,105.199996948242,"Highest Use",69,"","",241872,293925,"Y","",240.89999389648401,24906132,105.16593124939301,null,10921066,"Office",236827,"Parking",83311,"Restaurant",14679]
[345,"NonResidential","0939000435","TU2018","Office","999 THIRD AVE","999 Third Avenue","999 3RD AVE, SEATTLE, WA 98104",13048610,1048730,1323055,12.442296873361112,42.599998474121101,"Medium Low",94,"","",1187526,1323055,"Y","",133.5,44683660,42.607401333040919,1618.11706542969,null,"Office",1011135,"Parking",272682,"Restaurant",37595]
[346,"NonResidential","0939000475","TU2018","Office","1000 2ND AVENUE BUILDING","1000 Second Avenue","1000 2ND AVE, SEATTLE, WA 98104",7213331,495586,460489,14.555154907523619,49.700000762939503,"Medium Low",85,"","",460489,460489,"Y","2016, 2015",155.89999389648401,24611884,49.662185776030803,null,null,"Office",485296,"Parking",92787,"Pre-school/Daycare",10290]
[347,"NonResidential","0939000520","TU2020","Office","FEDERAL RESERVE BUILDING","1015 Second Avenue","1015 2ND AVE, SEATTLE, WA 98104",397133.90625,89699,89699,4.4274061723096132,20.5,"Lowest Use",null,"","",89699,89699,"Y","",53.900001525878899,1835804.875,20.466280281831459,null,480784,"Office",89699,"Parking",1392,""]
[348,"NonResidential","0942000025","TU2020","Office","1101 SECOND AVE OFFICE BUILDING","1101 Second Avenue (HOB)","1101 2ND AVE, SEATTLE, WA 98101",1097077,84838,94948,12.931434027204791,44.099998474121101,"Medium Low",81,"","",94948,94948,"Y","2016",138.5,3743228.5,44.122073834838162,null,null,"Office",84838,"Parking",15401,""]
[349,"NonResidential","0942000030","TU2018","Office","2ND & SENECA BLDS","2nd and Seneca","1191 2ND AVE, SEATTLE, WA 98101",5287366,522667,438072,10.116127476959518,34.900001525878899,"Lowest Use",97,"","",438072,438072,"Y","2016, 2015, 2014, 2013, 2011, 2010, 2009, 2007, 2000",108.800003051758,18221224,34.862013480858749,null,180731.796875,"Office",522667,"Parking",194435,"Convenience Store without Gas Station",6122]
[350,"NonResidential","0942000045","TU2019","Office","SECOND AND SPRING BUILDING","Second And Spring Building","1100 2ND AVE, SEATTLE, WA 98101",11663150,139226,146922,83.771350178845907,297.39999389648398,"High Outlier",null,"","",65754,146922,"Y","",909.59997558593795,41399504,297.35468949765129,16048.3095703125,null,"Office",99890,"Data Center",39336,"Parking",25000]
[351,"NonResidential","0942000050","TU2018","Office","1111 3RD AVE BUILDING","1111 Third Avenue","1111 3RD AVE, SEATTLE, WA 98101",9512706,606050,614158,15.696239584192723,null,"",null,"","",614158,614158,"N","2016, 2009, 2008",null,null,0,null,null,"Office",606050,"Parking",154947,""]
[352,"NonResidential","0942000140","TU2019","Office","ABRAHAM LINCOLN BUILDING","Abraham Lincoln Building (Wallysons Inc)","1110 3RD AVE, SEATTLE, WA 98101",1814772,182780,162993,9.9287230550388443,45.700000762939503,"Medium Low",98,"WALLYSONS C/O CBRE","1110 3RD AVE",162993,162993,"Y","2016, 2014, 2012",120.59999847412099,8346981,45.666818032607509,null,2154977.5,"Office",182540,"Parking",33671,"Data Center",240]
[353,"NonResidential","0942000300","TU2018","Office","SAFECO PLAZA / 1001 FOURTH AVENUE","Safeco Plaza","1001 4TH AVE, SEATTLE, WA 98104",11248210,856742,754455,13.12905168650539,52.700000762939503,"Medium Low",89,"","",754455,754455,"Y","2016, 2015, 2014, 2012, 2008",149,45163308,52.715179132107451,67844.1484375,null,"Office",808980,"Parking",232248,"Other",30329]
[354,"NonResidential","0942000345","TU2018","Office","FOURTH & MADISON ( IDX TOWER)","Fourth & Madison","925 4TH AVE, SEATTLE, WA 98104",12079010,890593,888049,13.562884505043268,46.299999237060497,"Medium Low",93,"","",888049,888049,"Y","2016, 2015, 2014, 2013, 2012, 2011, 2010, 2009, 2008, 2007, 2006, 2005, 2004",145.30000305175801,41213584,46.276564042160672,null,null,"Office",765351.1875,"Parking",185581,"Financial Office",103478]
[356,"NonResidential","0942000550","TU2018","Office","CENTRAL BUILDING","The Central Building","810 3RD AVE, SEATTLE, WA 98104",2140038,201480,201480,10.62159023228112,44.299999237060497,"Medium Low",91,"","",201480,201480,"Y","",123.5,8921778,44.281209053007743,null,1619966.875,"Office",161762,"Retail Store",29094,"Non-Refrigerated Warehouse",10624]
[357,"Nonresidential COS","0942000720","TU2018","Office","SEATTLE MUNICIPAL TOWER","Seattle Municipal Tower (2030)","700 5TH AVE, SEATTLE, WA 98104",18046950,1209771.375,1195387,14.917653345864627,50.900001525878899,"Medium Low",85,"","",1195387,1195387,"Y","2014, 2013, 2011, 2010, 2009, 2008, 2007",159.80000305175801,61576184,50.89902544602694,0,null,"Office",1191115.375,"Parking",159599,"Other",18656]
[358,"Nonresidential COS","0942000750","TU2018","Office","SEATTLE JUSTICE CENTER","Justice Center","610 5TH AVE, SEATTLE, WA 98104",4725685,298278,310490,15.843223435855142,71,"Highest Use",null,"","",310490,310490,"Y","",187.5,21169502,70.972388174789955,50454.6484375,null,"Office",269284,"Other",28394,"Data Center",600]
[359,"Nonresidential COS","0942000810","TU2019","Office","CITY HALL","City Hall","600 4TH AVE, SEATTLE, WA 98104",2561244,180495,168870,14.190110529377545,73.199996948242202,"Highest Use",69,"","",168870,168870,"Y","",178.10000610351599,13214416,73.212088977534009,44754.5078125,null,"Office",160418,"Parking",18590,"Other",17480]
[360,"NonResidential","0942001105","TU2018","Office","CHINOOK BLDG - KING COUNTY","Chinook Building","401 5TH AVE, SEATTLE, WA 98104",3296890,319539,319539,10.317645107482967,43.299999237060497,"Medium Low",98,"","",319539,319539,"Y","",119.09999847412099,13843866,43.324495601475874,25948.78125,null,"Office",319539,"Parking",52703,""]
[361,"NonResidential","0942001150","TU2019","Office","YESLER BUILDING - KING COUNTY","Yesler Building","400 YESLER WAY, SEATTLE, WA 98104",480858.59375,96582,106099,4.9787599526826947,28.399999618530298,"Lowest Use",99,"KING COUNTY FACILITIES MANAGEMENT","400 YESLER WAY",95753,106099,"Y","",65.400001525878906,2746560.75,28.437604833198733,11058.7109375,null,"Office",96582,"",null,""]
[363,"NonResidential","1142000075","TU2020","Retail Store","UNIVERSITY BOOK STORE","University Book Store","4326 UNIVERSITY WAY NE, SEATTLE, WA 98105",1611702,89200,89200,18.06840807174888,72.400001525878906,"Medium High",83,"","",89200,89200,"Y","",204.89999389648401,6461937,72.443239910313906,9628.1103515625,null,"Retail Store",89200,"",null,""]
[364,"NonResidential","1142000280","TU2018","Office","UW TOWER BLDG COMPLEX","UW Tower Bldg Complex","4333 BROOKLYN AVE NE, SEATTLE, WA 98105",8338346,474546,474546,17.571207006275472,60,"Medium High",77,"","",474546,474546,"Y","",188.30000305175801,28450436,59.952957142194855,null,null,"Office",474546,"",null,""]
[365,"NonResidential","1142000290","TUOPT","Other","UW TOWER DATA CENTER","UW Tower Data Center","4310 12TH AVE NE, SEATTLE, WA 98105",8803778,36000,36000,244.5493888888889,834.40002441406295,"Highest Use",96,"","",36000,36000,"Y","2016, 2015, 2014, 2013",2620,30038490,834.40250000000003,null,null,"Data Center",36000,"",null,""]
[366,"NonResidential","1142000500","TU2020","Office","UNIVERSITY DISTRICT BUILDING","University District Office Buiding","1107 NE 45TH ST, SEATTLE, WA 98105",839159.375,79555,99005,10.548166362893596,59.400001525878899,"Medium High",70,"","",99005,99005,"Y","",137.60000610351599,4728488.5,59.43672302180881,18652.765625,null,"Office",79555,"",null,""]
[367,"NonResidential","1142000530","TU2020","Office","4311 11th Avenue NE","4311 Roosevelt","4311 11TH AVE NE, SEATTLE, WA 98105",1279926,95943,90803,13.34048341202589,45.5,"Medium Low",89,"","",90803,90803,"Y","2016, 2015, 2014, 2013, 2011, 2008",142.89999389648401,4367108.5,45.517739699613315,0,null,"Office",95943,"Parking",42500,""]
[368,"NonResidential","1142000550","TU2019","Office","4300 ROOSEVELT","4300 Roosevelt","4300 ROOSEVELT WAY NE, SEATTLE, WA 98105",2065166,145754,137929,14.168846138013365,48.299999237060497,"Medium Low",93,"","",137929,137929,"Y","2016, 2015, 2014, 2013, 2008",151.80000305175801,7046345.5,48.344096903000946,0,null,"Office",145754,"Parking",90000,""]
[369,"NonResidential","0660001580","TU2020","Self-Storage Facility","SEATTLE VAULT SELF STORAGE","Seattle Vault Self Storage","1800 TERRY AVE, SEATTLE, WA 98101",255926.703125,93660,93660,2.732508041052744,9.3000001907348597,"Lowest Use",null,"","",88800,93660,"Y","",29.299999237060501,873221.875,9.3233170510356604,null,null,"Self-Storage Facility",93660,"",null,""]
[370,"NonResidential","0660002054","TU2018","Office","METROPOLITAN PARK I  (WEST) OFFICE BLDG","Metropolitan Park West","1100 OLIVE WAY, SEATTLE, WA 98101",7099909,348270,349055,20.386220461136475,69.599998474121094,"Medium High",79,"","",349055,349055,"Y","2016, 2015, 2013, 2012, 2010",218.39999389648401,24224888,69.557779883423777,0,null,"Office",348270,"Parking",69634,""]
[371,"NonResidential","0660002381","TU2019","Office","METROPOLITAN PARK NORTH BUILDING","METROPOLITAN PARK NORTH (ID371)","1220 HOWELL ST, SEATTLE, WA 98101",2834649,201974,185760,14.034722290987949,48.400001525878899,"Medium Low",85,"HUDSON METPARK NORTH LLC","1220 HOWELL ST",185760,185760,"Y","",150.89999389648401,9765777,48.351654173309434,939.5400390625,null,"Office",164192,"Fitness Center/Health Club/Gym",37782,""]
[372,"NonResidential","0660002410","TU2018","Office","METROPOLITAN PARK EAST","Metropolitan Park East","1730 MINOR AVE, SEATTLE, WA 98101",7796692,367623,378769,21.208390117049259,73,"Highest Use",65,"","",378769,378769,"Y","2015, 2013, 2012, 2010",227.89999389648401,26823218,72.963927719429961,2209.05004882813,null,"Office",367623,"Parking",114510,""]
[373,"NonResidential","0694000205","TU2018","Office","FOURTH & BLANCHARD BUILDING","Fourth and Blanchard","2101 4TH AVE, SEATTLE, WA 98121",7417276,432841,427155,17.136260197162468,58.5,"Medium High",79,"","",427155,427155,"Y","",183.60000610351599,25307744,58.468915837455327,null,null,"Office",432841,"Parking",98503,""]
[374,"NonResidential","0695000135","TU2021","Mixed Use Property","DENDREON","ECONET (ID#374)","3005 1ST AVE, SEATTLE, WA 98121",2193628,70647,65497,31.050547086217392,116.300003051758,"Highest Use",null,"ECONET INC","3005 1ST AVE",65497,65497,"Y","",343.60000610351602,8218155.5,116.32702733307855,7334.9599609375,null,"Laboratory",42389,"Parking",38700,"Office",28258]
[375,"NonResidential","0695000335","TU2018","Office","THIRD AND BROAD BLDG","Third and Broad","2901 3RD AVE, SEATTLE, WA 98121",5967514,283267,272410,21.066746214702029,71.900001525878906,"Highest Use",66,"","",272410,272410,"Y","",225.69999694824199,20361158,71.879738903578598,null,null,"Office",283267,"Parking",113359,""]
[377,"NonResidential","0697000064","TU2019","Office","SIXTH & WALL BUILDING (FORMER GROUP HEALTH)","Fifth and Wall LLC","521 WALL ST, SEATTLE, WA 98121",1515135,141366,144118,10.717817579898986,37.900001525878899,"Lowest Use",null,"FIFTH & WALL LLC","521 WALL ST",144118,144118,"Y","2007",116.199996948242,5357833,37.900435748341188,1881.90966796875,null,"Office",141366,"Parking",48199,""]
[379,"NonResidential","0698000040","TU2019","Office","3101 WESTERN (FORMERLY AIRBORNE BLDG)","3101 Western Avenue","3101 WESTERN AVE, SEATTLE, WA 98121",8777622,190890,191117,45.982618261826183,156.89999389648401,"Highest Use",4,"","",191117,191117,"Y","2010",492.60000610351602,29949248,156.8927026035937,null,null,"Office",163754,"Parking",65117,"Other",21782]
[381,"NonResidential","0767000060","TU2021","Supermarket/Grocery Store","QUALITY FOOD CENTER (QFC) (OLD ART'S SHOPPING CENT","70500872 -- Holman Road","9999 HOLMAN RD NW, SEATTLE, WA 98177",2381366,61666,60880,38.617163428793823,231.80000305175801,"Medium Low",54,"","",60880,60880,"Y","",518.79998779296898,14293972,231.79664645023189,61687.52734375,null,"Supermarket/Grocery Store",61666,"",null,""]
[382,"NonResidential","0939000025","TU2021","Office","COLLINS BUILDING","Collins Building","520 2ND AVE, SEATTLE, WA 98104",831376,62910,50176,13.215323477984422,46.599998474121101,"Medium Low",77,"SAMIS FOUNDATION","524 2ND AVE",50176,50176,"Y","",143.19999694824199,2933288.75,46.626748529645525,966.34002685546898,null,"Office",50328,"Other",8329,"Restaurant",4253]
[383,"NonResidential","0939000060","TU2018","Office","SMITH TOWER","Smith Tower","506 2ND AVE, SEATTLE, WA 98104",3294181,263233,304346,12.514316214152482,88.300003051757798,"Highest Use",72,"","",302265,304346,"Y","",182.60000610351599,23253886,88.339554691091166,110080.7734375,1006064.375,"Office",245028,"Retail Store",8429,"Other - Restaurant/Bar",7518]
[384,"NonResidential","0001800113","TU2019","Non-Refrigerated Warehouse","BUNGE FOODS","Dawn Food Products","6901 FOX AVE S, SEATTLE, WA 98108",108982.8984375,128800,128800,0.84614051581909933,14,"Lowest Use",97,"","",123500,128800,"Y","",20.799999237060501,1809101.5,14.045819099378882,14372.5185546875,null,"Non-Refrigerated Warehouse",119200,"Other",9600,""]
[385,"NonResidential","0002400002","TU2018","Office","SKINNER BLDG","Skinner Building","1326 5TH AVE, SEATTLE, WA 98101",2917924,226061,321945,12.907684209129394,60.400001525878899,"Medium High",76,"UNICO PROPERTIES","1326 5TH AVE",321945,321945,"Y","2017, 2016, 2015, 2009, 2008",158,13656587,60.411070463282037,null,3700629.75,"Office",166919,"Performing Arts",39355,"Retail Store",19787]
[386,"NonResidential","0002400002","TU2018","Office","IBM BUILDING","IBM-COS","1200 5TH AVE, SEATTLE, WA 98101",3849417,263737,336330,14.595665378767483,null,"",null,"","",336330,336330,"N","",null,null,0,null,null,"Office",256299,"Parking",66430,"Other - Restaurant/Bar",7438]
[387,"NonResidential","0002400002","TU2018","Office","PUGET SOUND PLAZA","Puget Sound Plaza","1325 4TH AVE, SEATTLE, WA 98101",4195765,298426,298426,14.059649628383585,90.699996948242202,"Highest Use",79,"","",424690,298426,"Y","2017, 2013, 2009, 2008",202.10000610351599,27076922,90.732449585491878,null,12760971,"Office",286538,"Parking",197750,"Other - Education",11888]
[388,"NonResidential","0002400003","TU2018","Office","RAINIER TOWER","Rainier Tower","1301 5TH AVE, SEATTLE, WA 98101",14208670,770527,635824,18.440197423321962,62.900001525878899,"Medium High",69,"","",635824,635824,"Y","",197.60000610351599,48479988,62.917961343340338,null,null,"Office",718473,"Parking",40000,"Restaurant",19671]
[389,"NonResidential","0002400003","TU2018","Hotel","FAIRMONT OLYMPIC HOTEL","Fairmont Olympic Seattle","411 UNIVERSITY ST, SEATTLE, WA 98101",7056890,542305,542305,13.012769566941113,104.199996948242,"Highest Use",45,"","",542305,542305,"Y","",210.19999694824199,56485204,104.15763085348651,39682.11328125,28438884,"Hotel",542305,"Swimming Pool",0,""]
[390,"NonResidential","0003600052","TU2018","Retail Store","LOWES & AMAZON W # 0067","W000004-RAINIER WA","2700 RAINIER AVE S, SEATTLE, WA 98144",2165352,121791,291940,17.779244771781165,68.900001525878906,"Medium High",52,"","",291940,291940,"Y","",199.10000610351599,8388875,68.87926858306443,10006.94921875,null,"Retail Store",121791,"",null,""]
[391,"NonResidential","0007400015","TU2020","Mixed Use Property","THAW CORP","Thaw Building","8300 MILITARY RD S, SEATTLE, WA 98108",741693.375,90785,88400,8.1697788731618655,48.299999237060497,"Medium Low",42,"","",76500,88400,"Y","",109,4383100.5,48.280007710524863,18524.421875,null,"Non-Refrigerated Warehouse",33450,"Office",29620,"Distribution Center",27715]
[392,"NonResidential","0164000120","TU2021","Non-Refrigerated Warehouse","EUROPEAN SOAPS, LTD","Linden Bldg","920 N 137TH ST, SEATTLE, WA 98133",4913.5,51116,52311,9.6124501134674079E-2,18.200000762939499,"Medium Low",96,"","",45600,52311,"Y","",19.799999237060501,930611.875,18.205882209093044,9138.4697265625,null,"Non-Refrigerated Warehouse",51116,"",null,""]
[393,"NonResidential","0209000030","TU2020","Other","500 YALE AVENUE NORTH","500 Yale","500 YALE AVE N, SEATTLE, WA 98109",904400.3125,71643,71421,12.623708003573274,43.099998474121101,"Medium Low",null,"","",71421,71421,"Y","",135.19999694824199,3085814,43.072093575087585,null,null,"Parking",74831,"Office",71643,""]
[394,"NonResidential","0209000050","TU2019","Office","REPUBLICAN BUILDING","501 Eastlake Ave. (ID394) Republican Building","501 EASTLAKE AVE E, SEATTLE, WA 98109",1700882,103494,106465,16.434595242236266,56.099998474121101,"Medium High",60,"","",106465,106465,"Y","2015",176.10000610351599,5803409,56.074835256150116,null,null,"Office",103494,"Parking",70067,""]
[395,"NonResidential","0467000050","TU2021","Non-Refrigerated Warehouse","ALASKA OUTPORT TRANSPORTATION ASSN","Ferguson Terminal","4205 9TH AVE NW, SEATTLE, WA 98107",898235,55248,52500,16.258235592238634,72.199996948242202,"Highest Use",2,"","",52500,52500,"Y","",191.80000305175801,3989399,72.208930640023169,9246.2099609375,null,"Non-Refrigerated Warehouse",49395,"Office",5853,""]
[396,"NonResidential","0467000420","TU2021","Non-Refrigerated Warehouse","SALMON BAY CENTER 5301","SBC396","5301 SHILSHOLE AVE NW, SEATTLE, WA 98107",543351.125,57300,57300,9.4825676265270502,79.599998474121094,"Highest Use",55,"","",45750,57300,"Y","",151.19999694824199,4560492,79.589738219895281,27065.78125,null,"Non-Refrigerated Warehouse",29001,"Office",28299,""]
[398,"NonResidential","0653000250","TU2018","Office","SEATTLE TRADE AND TECHNOLOGY CENTER","2601 Elliott Avenue","2601 ELLIOTT AVE, SEATTLE, WA 98121",4681820,339799,350310,{"$f":"I258/J258","v":13.778204173643831},53.299999237060497,"Medium Low",90,"","",350310,350310,"Y","2017",154.19999694824199,18102026,{"$f":"W258/J258","v":53.272746535451837},21276.564453125,null,"Office",305233,"College/University",26900,"Restaurant",7666]
[399,"NonResidential","1974700120","TU2018","Office","WASH MUTUAL TOWER (1201 THIRD AVE)","1201 Third Avenue","1201 3RD AVE, SEATTLE, WA 98101",14499660,1137285,1115000,12.749363615980164,46.700000762939503,"Medium Low",92,"","",1114847,1115000,"Y","2017, 2011, 2010, 2007",140.19999694824199,53079164,46.671822806068839,14268.400390625,2179487.75,"Office",994116,"Parking",264481,"Other",133598]
[401,"NonResidential","1975700025","TU2018","Hotel","WASHINGTON ATHLETIC CLUB","WAC aggregate","1325 6TH AVE, SEATTLE, WA 98101",4272585,310000,305548,13.782532258064515,108.800003051758,"Highest Use",58,"","",305548,305548,"Y","",220.60000610351599,33729336,108.80430967741935,28667.048828125,16284570,"Hotel",310000,"",null,""]
[402,"NonResidential","1975700080","TU2018","Office","US BANK CENTRE","US Bank Centre","1420 5TH AVE, SEATTLE, WA 98101",15729210,1091151,1023998,14.415245919217414,51.900001525878899,"Medium Low",89,"","",1023998,1023998,"Y","2017, 2016, 2014, 2013, 2012, 2011, 2010, 2009, 2007",157.30000305175801,56630816,51.900072492258175,29627.474609375,null,"Office",1002403,"Parking",377046,"Other",53116]
[403,"NonResidential","1975700095","TU2019","Office","LOGAN BUILDING","Logan Building","500 UNION ST, SEATTLE, WA 98101",1260948,144570,135918,8.7220585183648058,44.400001525878899,"Medium Low",91,"UNICO","500 UNION ST",122158,135918,"Y","",111.09999847412099,6423556.5,44.432153973853495,null,2121203,"Office",144570,"",null,""]
[404,"NonResidential","1975700115","TU2020","Retail Store","O'SHEA BUILDING/GAP","O'Shea Building","1524 5TH AVE, SEATTLE, WA 98101",1539312,65417,79957,23.530764174450066,80.300003051757798,"Medium High",25,"THE GAP INC 9489 1707A","1524 5TH AVE",79957,79957,"Y","",252.10000610351599,5252131,80.28694376079612,null,null,"Retail Store",35694,"Office",29723,""]
[405,"NonResidential","1975700125","TU2019","Office","DECATUR BUILDING","The Decatur","1511 6TH AVE, SEATTLE, WA 98101",1770166,121483,127268,14.57130627330573,null,"",null,"FADCO LLC","1511 6TH AVE",117721,127268,"N","",null,null,0,null,null,"Office",62512,"Retail Store",53971,"Non-Refrigerated Warehouse",5000]
[406,"NonResidential","1975700160","TU2018","Office","520 PIKE BUILDING","520 Pike Tower","520 PIKE ST, SEATTLE, WA 98101",5524261,425829,500000,12.972956280572719,44.299999237060497,"Medium Low",91,"","",500000,500000,"Y","2015, 2014, 2012, 2010, 2008",139,18848780,44.263730276707314,null,null,"Office",425829,"Parking",80005,""]
[408,"NonResidential","1975700235","TU2019","Office","FOURTH & PIKE BUILDING","Fourth and Pike Building","1424 4TH AVE, SEATTLE, WA 98101",1670053,114451,132326,14.591860272081503,52.700000762939503,"Medium Low",72,"MAYFIELD MANAGEMENT COMPANY","1424 4TH AVE",132326,132326,"Y","",159.80000305175801,6029020,52.677739818787082,25.5100002288818,328247.09375,"Office",92006,"Other",12610,"Retail Store",9835]
[409,"NonResidential","1975700240","TU2020","Office","WASHINGTON FEDERAL BUILDING","Washington Federal","425 PIKE ST, SEATTLE, WA 98101",2150031,88485,96630,24.29825394134599,82.900001525878906,"Highest Use",41,"WASHINGTON FEDERAL","425 PIKE ST",96630,96630,"Y","",260.29998779296898,7335905.5,82.905639373905188,null,null,"Office",83485,"Parking",13200,"Retail Store",5000]
[410,"NonResidential","1975700255","TU2018","Hotel","MOTIF SEATTLE","Motif Seattle","1414 4TH AVE, SEATTLE, WA 98101",5803208,332067,272787,17.476015382437883,113.800003051758,"Highest Use",6,"","",272787,272787,"Y","",251.30000305175801,37785552,113.7889401837581,23989.94921875,15586014,"Hotel",332067,"",null,""]
[411,"NonResidential","1975700305","TU2019","Office","JOSHUA GREEN BUILDING","Joshua Green Building","1425 4TH AVE, SEATTLE, WA 98101",2006740,130513,130513,15.375786320136692,89.300003051757798,"Highest Use",49,"JGB LLC","1425 4TH AVE",146641,130513,"Y","",204.10000610351599,11651200,89.272333024296429,41731.74609375,631029,"Office",87391,"Retail Store",32264,"Restaurant",10858]
[412,"NonResidential","1975700330","TU2021","Office","MIKEN BLDG.","MiKen Building","1417 4TH AVE, SEATTLE, WA 98101",757947.1875,46758,60660,16.210000160400359,55.299999237060497,"Medium High",null,"HRA MIKEN LP","1417 4TH AVE",60660,60660,"Y","",173.69999694824199,2586116,55.308524744428759,null,null,"Office",41958,"Retail Store",4800,""]
[413,"NonResidential","1975700340","TU2019","Office","VANCE BUILDING & STERLING BLDG.","(ID413) JOSEPH VANCE BLDG","1402 3RD AVE, SEATTLE, WA 98101",1203760,124508,137350,9.6681337745365763,51.099998474121101,"Medium Low",90,"RSGF VANCE LLC","1402 3RD AVE",137350,137350,"Y","",125.40000152587901,6366084.5,51.129923378417452,null,2258855.25,"Office",124508,"",null,""]
[414,"NonResidential","1975700345","TU2019","Office","1411 BUILDING","Onni 1411 Fourth Development LP","1411 4TH AVE, SEATTLE, WA 98101",761004.1875,125473,151039,6.0650832250763109,43.400001525878899,"Medium Low",96,"HARBOR PROPERTIES","1411 4TH AVE",138970,151039,"Y","",92.300003051757798,5446624,43.408733352992279,null,2850077.75,"Office",125473,"",null,""]
[415,"NonResidential","1975700390","TU2018","Office","CENTURY SQUARE","Century Square Unico","1501 4TH AVE, SEATTLE, WA 98101",12661190,668753,620338,18.932535629746706,88.5,"Highest Use",68,"","",620338,620338,"Y","",228,59171216,88.479926071359685,154518.59375,519390,"Office",643083,"Parking",126891,"Restaurant",13422]
[416,"NonResidential","1975700440","TU2021","Office","CHROMER BUILDING","Chromer Building","1516 2ND AVE, SEATTLE, WA 98101",711690,56747,63540,12.541455935996616,62,"Medium High",72,"","",60840,63540,"Y","",154.5,3518459.5,62.002564012194476,10901.7294921875,null,"Office",56747,"",null,""]
[417,"NonResidential","1975700465","TU2019","Office","MELBOURNE TOWER OFF","Melbourne Tower","1511 3RD AVE, SEATTLE, WA 98101",2040467,121746,130893,16.76003318384177,57.200000762939503,"Medium High",80,"MELBOURNE TOWER DONCASTER INVEST NV, INC","1511 3RD AVE",130893,130893,"Y","",179.60000610351599,6962073,57.18522990488394,null,null,"Office",87925,"Supermarket/Grocery Store",27177,"Medical Office",6644]
[418,"NonResidential","1975700580","TU2020","Mixed Use Property","POLL BUILDING","Harold Poll Building","110 UNION ST, SEATTLE, WA 98101",882023.375,79920,79920,11.036328516016017,37.700000762939503,"Medium Low",null,"POLL INVESTMENTS INC","110 UNION ST",79920,79920,"Y","",118.199996948242,3009463.75,37.655952827827825,null,null,"Office",39960,"Retail Store",26640,"Other",13320]
[419,"Campus","1976200205","TU2019","Mixed Use Property","MAIN MARKET","Main Market","1501 PIKE PL, SEATTLE, WA 98101",3031867,121685,137400,24.915700373916259,122.800003051758,"Highest Use",null,"","",107305,137400,"Y","",306.60000610351602,14940504,122.78016189341332,45957.73828125,null,"Retail Store",44078,"Other - Restaurant/Bar",19182,"Multifamily Housing",14380]
[420,"NonResidential","1976700045","TU2021","Other","MERIDIAN CENTER WEST","Meridian (West)","1500 6TH AVE, SEATTLE, WA 98101",2087521,61423,61423,33.985982449571004,157.5,"Highest Use",null,"","",61423,61423,"Y","",407.70001220703102,9671619,157.45924165214984,25489.990234375,null,"Parking",64821,"Retail Store",40629,"Other - Restaurant/Bar",13039]
[421,"NonResidential","1976700055","TU2019","Other","MERIDIAN CENTER EAST","Meridian (East)","614 PIKE ST, SEATTLE, WA 98101",1515212,97347,100375,15.565061070192199,74.699996948242202,"Medium High",null,"","",100375,100375,"Y","",189.39999389648401,7273155.5,74.713709718840846,21032.53125,null,"Parking",166960,"Movie Theater",69947,"Other - Restaurant/Bar",27400]
[422,"NonResidential","1976700125","TU2018","Office","TWO UNION SQUARE","Two Union Square","601 UNION ST, SEATTLE, WA 98101",13505810,1345219,1215718,10.039859680840072,36.799999237060497,"Lowest Use",97,"","",1215718,1215718,"Y","2009, 2005",110.300003051758,49517704,36.81014318114746,25202.298828125,915654.875,"Office",1314475,"Parking",389860,"Other",30744]
[423,"NonResidential","1976700155","TU2018","Office","ONE UNION SQUARE","One Union Square","600 UNIVERSITY ST, SEATTLE, WA 98101",7629383,757986,794592,10.065334979801738,35.200000762939503,"Lowest Use",96,"","",794592,794592,"Y","2009, 2005",108.699996948242,26689658,35.211280947141503,6582.0400390625,null,"Office",748011,"Parking",36606,"Other",9975]
[424,"NonResidential","1976700185","TU2018","Office","PARK PLACE OFFICE BLDG","PARK PLACE OFFICE BLDG (ID424)","1200 6TH AVE, SEATTLE, WA 98101",5685031,342952,363100,16.576754181343162,56.599998474121101,"Medium High",74,"","",363100,363100,"Y","",177.60000610351599,19397324,56.559880099839042,null,null,"Office",342952,"Parking",106466,""]
[425,"NonResidential","1977200020","TU2019","Office","L&B CIP FIRST & STEWART LLC","First and Stewart","101 STEWART ST, SEATTLE, WA 98101",1394285,105316,100717,13.239061491131451,45.200000762939503,"Medium Low",89,"","",100717,100717,"Y","2017, 2015, 2014, 2013",141.80000305175801,4757299.5,45.171669072125795,null,null,"Office",104788,"Parking",11844,"Restaurant",528]
[426,"NonResidential","1977200135","TU2020","Office","WORLD TRADE CENTER-WEST","World Trade Center West","2200 ALASKAN WAY, SEATTLE, WA 98121",1333497,71762,70000,18.582216214709735,63.400001525878899,"Medium High",72,"KIDDER MATTHEWS REAL ESTATE SERVICES","2200 ALASKAN WAY",70000,70000,"Y","",199.10000610351599,4549892,63.402525013238204,null,null,"Office",70090,"Other",1672,""]
[427,"NonResidential","1977200187","TU2019","Office","WORLD TRADE CENTER-EAST","World Trade Center East-Seattle","2211 ELLIOTT AVE, SEATTLE, WA 98121",3906513,192798,189629,20.262207076836898,69.099998474121094,"Medium High",72,"","",189629,189629,"Y","2016, 2015, 2012",217.10000610351599,13329024,69.134659073226899,null,null,"Office",150969,"Laboratory",41829,""]
[428,"NonResidential","1977200740","TU2019","Other","CENTURYLINK: LENORA MAIN","Lenora","120 LENORA ST, SEATTLE, WA 98121",4231238,146689,155500,28.844957699623013,98.400001525878906,"Medium High",null,"","",155500,155500,"Y","",309,14436982,98.418981655066162,null,null,"Other",146689,"",null,""]
[429,"NonResidential","1977200920","TU2019","Office","TERMINAL SALES OFFICE BUILDING","Terminal Sales Building","1932 1ST AVE, SEATTLE, WA 98101",541139.8125,101379,102846,5.3377900008877575,52.5,"Medium Low",96,"MARTIN SMITH INC","1932 1ST AVE",97846,102846,"Y","",98.5,5327249.5,52.547860010455814,null,3480880.75,"Office",93879,"Retail Store",7500,""]
[430,"NonResidential","1977201245","TU2021","Office","MARSHALL BUILDING/DAHLIA LOUNGE","The Marshall Building","2013 4TH AVE, SEATTLE, WA 98121",536908.8125,51840,52800,10.357037278163581,46.900001525878899,"Medium Low",83,"MARK TORRENCE","2013 4TH AVE",52800,52800,"Y","",123.09999847412099,2429021,46.856114969135803,5970.88037109375,null,"Office",38880,"Restaurant",12960,""]
[432,"Campus","1977201315","TU2018","Mixed Use Property","SECURITIES & MARKET BUILDING CAMPUS","Securities Building Campus","1904 3RD AVE, SEATTLE, WA 98101",4946370,268832,258497,18.399483692417569,77.300003051757798,"Medium High",null,"BED BATH & BEYOND","1926 3RD AVE",null,258497,"Y","",214.60000610351599,20779796,77.296586715867164,null,3902781.25,"Parking",155000,"Office",145594,"Retail Store",103200]
[433,"NonResidential","1977201320","TU2018","Retail Store","MACY'S DOWNTOWN","(71367A) SEATTLE Macy's","300 PINE ST, SEATTLE, WA 98101",4319155,889981,861702,4.8530867512901965,19.899999618530298,"Lowest Use",null,"","",861702,861702,"Y","",56,17666646,19.850587821537765,17.526666641235401,2927935.25,"Retail Store",509342,"Other",380639,""]
[434,"NonResidential","1978200010","TU2019","Other","VIRGINIA MASON - BENAROYA RESEARCH INSTITUTE","Benaroya Research Institute at Virginia Mason","1201 9TH AVE, SEATTLE, WA 98101",5176869,206950,109550,25.01507127325441,93.199996948242202,"Medium High",null,"","",109550,109550,"Y","",277.5,19295226,93.236172988644597,0,1631750.25,"Other",206950,"",null,""]
[436,"NonResidential","1978200280","TUOPT","Other","VIRGINIA MASON- HEALTH RESOURCES BUILDING","VM Seattle Hospital & Medical Center - Health Resources Building","909 UNIVERSITY ST, SEATTLE, WA 98101",797806.8125,46710,46710,17.08000026760865,89.300003051757798,"Medium High",null,"","",46710,46710,"Y","",220.30000305175801,4169431.5,89.262074502247913,null,1447314.625,"Urgent Care/Clinic/Other Outpatient",46710,"",null,""]
[437,"NonResidential","1978200280","TU2019","Medical Office","VIRGINIA MASON- LINDEMAN PAVILION","VM Seattle Hospital & Medical Center - Lindeman Pavilion","1201 TERRY AVE, SEATTLE, WA 98101",3488558,162000,162000,21.534308641975308,85.900001525878906,"Medium High",65,"","",266000,162000,"Y","",244.19999694824199,13911761,85.875067901234573,15320.58984375,476741.8125,"Medical Office",162000,"Parking",104000,""]
[438,"NonResidential","1978200625","TU2018","Medical Office","1101 MADISON TOWER","1101 Madison Tower","1101 MADISON ST, SEATTLE, WA 98104",6200666,270384,282363,22.932814071838571,78.199996948242202,"Medium Low",58,"","",282363,282363,"Y","2012, 2010, 2007, 2006",245.69999694824199,21156670,78.24675276643589,null,null,"Medical Office",270384,"Parking",270383,""]
[439,"NonResidential","1991200150","TU2018","Mixed Use Property","FISHER PLAZA - EAST BUILDING KOMO-TV STUDIOS","Fisher Plaza - East Building","100 4TH AVE N, SEATTLE, WA 98109",15681870,194095,200783,80.794816971070873,283.70001220703102,"Highest Use",100,"","",200783,200783,"Y","",874.09997558593795,55073120,283.74311548468535,15665.939453125,null,"Parking",164332,"Office",108781,"Data Center",54184]
[440,"NonResidential","1991200170","TU2019","Mixed Use Property","FISHER PLAZA - WEST BUILDING","Fisher Plaza - West Building","100 4TH AVE N, SEATTLE, WA 98109",21957020,106143,108912,206.86262871786175,707.29998779296898,"Highest Use",100,"","",108912,108912,"Y","",2217.80004882813,75073888,707.29005209952606,1565.25,null,"Parking",104922,"Data Center",54385,"Office",37721]
[443,"NonResidential","1992200170","TU2018","Office","ELLIOTT BAY OFFICE PARK","Elliott Bay Office Park","300 ELLIOTT AVE W, SEATTLE, WA 98119",4798720,231163,237282,20.759031505907089,70.800003051757798,"Highest Use",78,"","",237282,237282,"Y","",222.39999389648401,16373232,70.829812729545822,null,null,"Office",231163,"Parking",44745,""]
[444,"NonResidential","2024049016","TU2019","Non-Refrigerated Warehouse","FEDEX VAN TERMINAL","FedEX van Terminal","651 S ALASKA ST, SEATTLE, WA 98108",582630.3125,123061,123061,4.7344838129057951,16.200000762939499,"Medium Low",59,"","",123061,123061,"Y","",50.700000762939503,1987934.625,16.154058759477007,null,null,"Non-Refrigerated Warehouse",123061,"",null,""]
[446,"NonResidential","2024049060","TU2021","Distribution Center","WASHINGTON STATE FERRIES","Washington State Ferries Building","6000 6TH AVE S, SEATTLE, WA 98108",185927.796875,59090,59090,3.1465188166356404,46.599998474121101,"Highest Use",45,"","",59090,59090,"Y","",71.400001525878906,2756214.75,46.644351836182096,21218.2890625,null,"Distribution Center",40272,"Office",18818,""]
[447,"NonResidential","2024049061","TU2019","Non-Refrigerated Warehouse","GTE SYLVANIA","NWCP-SEA Sylv Bldg","750 S MICHIGAN ST, SEATTLE, WA 98108",223729.296875,106001,106000,2.1106338324638445,7.1999998092651403,"Lowest Use",93,"","",106000,106000,"Y","",22.600000381469702,763364.5,7.2014839482646389,null,null,"Non-Refrigerated Warehouse",106001,"",null,""]
[449,"NonResidential","2107700210","TU2019","Office","1551 EASTLAKE BLDG.","1551 Eastlake","1551 EASTLAKE AVE E, SEATTLE, WA 98102",4672048,145779,100082,32.048841053924093,125.59999847412099,"Highest Use",19,"","",100082,100082,"Y","",360.39999389648398,18309150,125.59525034469985,23681.201171875,null,"Office",125779,"Parking",32821,"Laboratory",20000]
[451,"NonResidential","2136200695","TU2019","Distribution Center","FRYE DISTRIBUTION CENTER","Frye Distribution Center","660 S OTHELLO ST, SEATTLE, WA 98108",227129.296875,118733,119661,1.9129416158523747,6.5,"Lowest Use",97,"","",118733,119661,"Y","",20.5,775729.1875,6.5333916223796251,7.6388001441955602,null,"Distribution Center",118733,"",null,""]
[452,"NonResidential","2163901080","TU2020","Office","1144 EASTLAKE BUILDING","1144 Eastlake Building","1144 EASTLAKE AVE E, SEATTLE, WA 98109",1272742,82098,94472,15.502716265926088,52.900001525878899,"Medium Low",81,"","",94472,94472,"Y","",166.10000610351599,4342597,52.89528368535165,null,null,"Office",82098,"",null,""]
[453,"NonResidential","2249000245","TU2021","Office","701 DEXTER BUILDING","701 Dexter","701 DEXTER AVE N, SEATTLE, WA 98109",897861.8125,95721,61800,9.3799878030944104,32,"Lowest Use",95,"","",61800,61800,"Y","",100.5,3063504.5,32.004518339758256,null,null,"Office",95721,"Parking",31746,""]
[457,"NonResidential","2264501110","TU2021","Office","1441 LAKE UNION CENTER","1441 N. 34th Street","1441 N 34TH ST, SEATTLE, WA 98103",1437352,63199,56041,22.743271254291997,179.10000610351599,"Highest Use",7,"","",56041,56041,"Y","",350.29998779296898,11319836,179.11416319878478,64155.921875,null,"Office",63199,"",null,""]
[458,"NonResidential","2434900010","TU2020","Office","NORTHGATE EXECUTIVE CENTER B","Northgate Exec Center B","155 NE 100TH ST, SEATTLE, WA 98125",1504867,71751,74880,20.97346378447687,71.599998474121094,"Highest Use",56,"","",74880,74880,"Y","",224.69999694824199,5134607.5,71.561476495101118,null,null,"Office",71751,"Parking",0,""]
[459,"NonResidential","2434900020","TU2020","Office","NORTHGATE EXECUTIVE CENTER C","Northgate Exec Center C","9725 3RD AVE NE, SEATTLE, WA 98115",1767035,85339,88774,20.706066394028522,70.599998474121094,"Medium High",53,"","",88774,88774,"Y","",221.80000305175801,6029121.5,70.649076037919357,null,null,"Office",85339,"Parking",0,""]
[460,"NonResidential","2434900030","TU2019","Office","NORTHGATE PLAZA","Northgate Plaza","9709 3RD AVE NE, SEATTLE, WA 98115",1622399,127389,122250,12.735785664382325,43.5,"Medium Low",93,"","",122250,122250,"Y","2009",136.39999389648401,5535626,43.45450549105496,null,null,"Office",91281,"Adult Education",30177,"Bank Branch",5931]
[461,"NonResidential","2434900100","TU2021","Office","NORTHGATE OFFICE BUILDING","Northgate Office Building","9750 3RD AVE NE, SEATTLE, WA 98115",1390055,53730,53730,25.87111483342639,88.300003051757798,"Highest Use",20,"","",53730,53730,"Y","",277.20001220703102,4742869,88.272268751163224,null,null,"Office",53730,"Parking",0,""]
[462,"NonResidential","2444600005","TU2021","Office","DELRIDGE BUILDING","Delridge Building","4045 DELRIDGE WAY SW, SEATTLE, WA 98106",833103.625,55593,55593,14.98576484449481,76,"Highest Use",55,"","",55593,55593,"Y","",186.69999694824199,4224872.5,75.99648337020848,13823.23046875,null,"Office",55593,"",null,""]
[463,"NonResidential","2467400315","TU2020","Office","425 PONTIUS (WRIGHT SCHUCHART BUILDING)","425 Pontius","425 PONTIUS AVE N, SEATTLE, WA 98109",1376066,72066,73096,19.094524463686067,65.199996948242202,"Medium High",54,"","",73096,73096,"Y","",204.60000610351599,4695139,65.150542558210532,null,null,"Office",72066,"Parking",59137,""]
[464,"NonResidential","2617650020","TU2019","Retail Store","COSTCO 4TH AVE S","Costco #0001 Seattle","4401 4TH AVE S, SEATTLE, WA 98134",4668123,158415,158415,29.467682984565855,141.39999389648401,"Highest Use",25,"","",158415,158415,"Y","",358.60000610351602,22394416,141.3655020042294,64667.8046875,null,"Retail Store",158415,"",null,""]
[465,"NonResidential","2693100010","TU2018","Office","1000 DENNY WAY BUILDING","1000 Denny Building","1000 DENNY WAY, SEATTLE, WA 98109",14113440,275055,287819,51.311337732453509,176,"Highest Use",null,"","",287819,287819,"Y","",550.70001220703102,48406556,175.9886422715457,2515.10986328125,null,"Office",155985,"Data Center",88350,"Other",15630]
[466,"NonResidential","1979200225","TU2019","Other","VIRGINIA MASON - BUCK PAVILLON","VM Seattle Hospital & Medical Center - Buck Pavilion","1100 9TH AVE, SEATTLE, WA 98101",13636760,158738,158738,85.907344177197643,389.10000610351602,"Highest Use",null,"","",null,158738,"Y","",1026.59997558594,61762380,389.08377326160087,95718.15625,5650343.5,"Urgent Care/Clinic/Other Outpatient",158738,"",null,""]
[467,"NonResidential","1982202070","TU2019","Retail Store","FRED MEYER BALLARD","70100608-Ballard","915 NW 45TH ST, SEATTLE, WA 98107",4132327,176755,164437,23.378840768295099,104,"Highest Use",62,"","",164437,164437,"Y","",276,18390344,104.04426466012276,42908.43359375,null,"Retail Store",102653,"Supermarket/Grocery Store",74102,"Parking",0]
[468,"NonResidential","1983200150","TU2019","Office","INTERURBAN EXCHANGE II","Interurban Exchange II - SEDO","535 TERRY AVE N, SEATTLE, WA 98109",1656231,119611,118248,13.84681174808337,47.400001525878899,"Medium Low",95,"","",118248,118248,"Y","",148.5,5671256,47.414167593281555,201.94999694824199,null,"Office",118016,"Parking",66234,"Other",1595]
[469,"NonResidential","1983200160","TU2021","Other","ROSEN BUILDING","Rosen Building - SEDO","960 REPUBLICAN ST, SEATTLE, WA 98109",2198235,55200,55200,39.823097826086958,210,"Highest Use",null,"","",55200,55200,"Y","",504.5,11594121,210.03842391304349,40937.421875,null,"Laboratory",54880,"Data Center",320,""]
[471,"NonResidential","1983200245","TU2020","Office","428 WESTLAKE BUILDING","428 Westlake","428 WESTLAKE AVE N, SEATTLE, WA 98109",949066.875,86700,86700,10.946561418685121,37.299999237060497,"Lowest Use",96,"","",86700,86700,"Y","",117.300003051758,3238216,37.349665513264128,null,null,"Office",79384,"Parking",52582,"Financial Office",3027]
[473,"NonResidential","1983200585","TU2019","Office","CITY PLACE II","City Place II - SEDO","500 BOREN AVE N, SEATTLE, WA 98109",2255358,184994,172371,12.191519724964053,42.400001525878899,"Medium Low",96,"","",172371,172371,"Y","",131.5,7851334.5,42.441022411537674,1560.5400390625,null,"Office",168132,"Parking",96918,"Medical Office",16862]
[474,"NonResidential","1984200035","TU2019","Non-Refrigerated Warehouse","SHURGARD CORPORATE HEADQUARTERS AND MINI-STORAGE","08185-Lake Union","700 FAIRVIEW AVE N, SEATTLE, WA 98109",746070,127800,127800,5.8377934272300473,21.700000762939499,"Medium Low",56,"","",127800,127800,"Y","",64.400001525878906,2767491,21.654859154929579,2219,null,"Non-Refrigerated Warehouse",127800,"",null,""]
[475,"NonResidential","1984200135","TU2018","Office","FHCRC - ARNOLD BLDG","Arnold Building","1100 FAIRVIEW AVE N, SEATTLE, WA 98109",6132059,372503,353919,16.461770777685011,80.800003051757798,"Highest Use",71,"","",353918,353919,"Y","",202.19999694824199,30083496,80.760412667817434,91609.1015625,null,"Office",372503,"Parking",189133,""]
[476,"NonResidential","1984200185","TU2019","Office","FHCRC - YALE BLDG","Yale","823 YALE AVE N, SEATTLE, WA 98109",3434880,131592,131592,{"$f":"I322/J322","v":26.102498632135692},90.900001525878906,"Highest Use",49,"","",131592,131592,"Y","",281.60000610351602,11963428,{"$f":"W322/J322","v":90.913034227004687},2436.1787109375,null,"Office",131592,"Parking",83178,""]
[477,"Campus","1984200455","TU2018","Other","FHCRC - Weintraub/Hutchinson/Thomas Bldgs Campus","Weintraub/Hutchinson/Thomas","1100 FAIRVIEW AVE N, SEATTLE, WA 98109",18941220,535947,null,35.341591612603487,245.10000610351599,"Highest Use",null,"","",null,null,"Y","",509.39999389648398,131373880,245.1247604707182,667464.25,null,"Other",535947,"Parking",103983,""]
[480,"NonResidential","1986200135","TU2019","Mixed Use Property","SEATTLE BIOMEDICAL BUILDING","307 Westlake - SEDO","307 WESTLAKE AVE N, SEATTLE, WA 98109",5965945,116020,109046,51.421694535424926,270.39999389648398,"Highest Use",null,"","",109046,109046,"Y","",650.59997558593795,31371618,270.39836235131872,110158.125,null,"Other",72407,"Parking",49314,"Office",37406]
[481,"NonResidential","1986200185","TU2019","Office","WESTLAKE TERRY - EAST BLDG","Westlake Terry - East SEDO","321 TERRY AVE N, SEATTLE, WA 98109",1554457,135755,136143,11.450458546646532,51,"Medium Low",97,"","",136143,136143,"Y","2016, 2015, 2014, 2013, 2009, 2008",135.19999694824199,6917478.5,50.955607528267834,16136.7197265625,null,"Office",113803,"Parking",79091,"Fitness Center/Health Club/Gym",15803]
[482,"NonResidential","1986200215","TU2019","Office","WESTLAKE TERRY WEST BLDG","Westlake Terry - West SEDO","320 WESTLAKE AVE N, SEATTLE, WA 98109",2094800,184643,193198,11.34513629002995,40.700000762939503,"Lowest Use",97,"","",193198,193198,"Y","2016, 2015, 2014, 2013, 2011, 2009",123.699996948242,7519466.5,40.724351857367999,3720.09008789063,null,"Office",178628,"Parking",99368,"Bank Branch",6015]
[484,"NonResidential","1986200380","TU2021","Mixed Use Property","FRED ROGERS BLDG-SEATTLE OPERA","Fred Rogers Building","1020 JOHN ST, SEATTLE, WA 98109",459033.09375,65782,67380,6.9780957366756864,41.900001525878899,"Medium Low",66,"","",67380,67380,"Y","",93.699996948242202,2755829,41.893359885683012,11896.080078125,null,"Non-Refrigerated Warehouse",35630,"Office",17403,"Parking",17403]
[487,"NonResidential","1988201480","TU2019","Other","Brotman Building D","UW Medicine Research Phase I","801 MERCER ST, SEATTLE, WA 98109",4500368,103135,102235,43.635700780530371,236.5,"Highest Use",null,"","",102235,102235,"Y","",559.5,24395228,236.53684976002327,90399.71875,null,"Laboratory",103135,"",null,""]
[488,"NonResidential","1988201485","TU2018","Mixed Use Property","UW MEDICINE-LK UNION PHASE II","UW Medicine Research Phase II","815 MERCER ST, SEATTLE, WA 98109",8790356,264265,282813,33.263413618905268,171.19999694824199,"Highest Use",null,"","",272375,282813,"Y","",417,45252356,171.23855221084895,152596.625,null,"Laboratory",175364,"Parking",173235,"Office",88901]
[489,"NonResidential","1989200615","TU2021","Office","200 WEST THOMAS BUILDING","200 West Thomas","200 W THOMAS ST, SEATTLE, WA 98119",1001044,67242,67236,14.887183605484667,50.799999237060497,"Medium Low",81,"","",67236,67236,"Y","",159.5,3415561.25,50.795057404598317,null,null,"Office",67242,"Parking",18906,""]
[490,"NonResidential","1989200720","TU2021","Office","NORTH TOWER","North Tower","100 W HARRISON ST, SEATTLE, WA 98119",1064658,68521,66762,15.537689175581209,53,"Medium Low",70,"","",66762,66762,"Y","",166.5,3632613.75,53.014605011602285,null,null,"Office",68521,"Parking",13294,""]
[491,"NonResidential","1989200740","TU2021","Office","SOUTH TOWER","South Tower","100 W HARRISON ST, SEATTLE, WA 98119",1023767,69940,66762,14.637789533886188,49.900001525878899,"Medium Low",87,"","",66762,66762,"Y","",156.80000305175801,3493093.75,49.944148555905059,null,null,"Office",69940,"Parking",25092,""]
[492,"NonResidential","1989201010","TU2021","Office","QUEEN ANNE PLAZA","Queen Anne Plaza","201 QUEEN ANNE AVE N, SEATTLE, WA 98109",876809.6875,58195,58195,15.066752942692672,51.400001525878899,"Medium Low",81,"","",58195,58195,"Y","",161.39999389648401,2991674.75,51.407762694389554,null,null,"Office",58195,"Parking",28800,""]
[493,"NonResidential","1989201020","TU2021","Office","FIRST WEST BUILDING","200 First Ave W","200 1ST AVE W, SEATTLE, WA 98119",1021370,71090,66400,14.367280911520607,49,"Medium Low",76,"","",66400,66400,"Y","",153.89999389648401,3484915.5,49.02117738078492,null,null,"Office",71090,"Parking",16134,""]
[494,"NonResidential","1145000200","TU2019","Medical Office","4225 ROOSEVELT BLDG- U OF W MED. CENTER","4225 Roosevelt 2ros4225","4225 ROOSEVELT WAY NE, SEATTLE, WA 98105",3430114,108344,108344,31.659473528760245,176.89999389648401,"Highest Use",5,"","",108344,108344,"Y","",411.5,19165116,176.89134608284724,74615.6640625,null,"Medical Office",108344,"Parking",88405,""]
[495,"NonResidential","1145000310","TU2020","Medical Office","4245 ROOSEVELT - UW MEDICAL CENTER","4245 Roosevelt 2ros4245","4245 ROOSEVELT WAY NE, SEATTLE, WA 98105",2346217,95995,95995,24.441033387155581,87.699996948242202,"Medium High",21,"","",95995,95995,"Y","",266.39999389648398,8422861,87.742705349236942,4175.669921875,null,"Medical Office",95995,"",null,""]
[496,"NonResidential","1175001235","TU2019","Self-Storage Facility","TRIAD BALLARD DEVELOPMENT","Market St Center","2801 NW MARKET ST, SEATTLE, WA 98107",881452.125,119095,111445,7.4012521516436456,47.799999237060497,"Highest Use",null,"","",111445,111445,"Y","",103,5697472.5,47.839728787942398,26899.58203125,null,"Self-Storage Facility",74040,"Other - Recreation",10704,"Retail Store",10054]
[497,"NonResidential","1324039093","TU2020","Non-Refrigerated Warehouse","SHURGARD STORAGE","08176-West Seattle","2964 SW AVALON WAY, SEATTLE, WA 98126",225380,98475,98475,2.2887027164254885,11.1000003814697,"Lowest Use",83,"","",98475,98475,"Y","",27.899999618530298,1090496.625,11.073842345773039,3215,null,"Non-Refrigerated Warehouse",98475,"",null,""]
[498,"NonResidential","1361300055","TU2019","Hospital","FHCRC - SEATTLE CANCER CARE ALLIANCE CLINIC","SCCA","825 EASTLAKE AVE E, SEATTLE, WA 98109",7849324,215602,159080,36.406545393827514,198.10000610351599,"Medium Low",23,"","",159080,159080,"Y","",467.60000610351602,42709624,198.09474865724809,159277.28125,null,"Hospital (General Medical & Surgical)",215602,"",null,""]
[499,"NonResidential","1426300170","TU2021","Office","ASIAN COUNSELING and REFERRAL SERVICE BUILDING","ASIAN COUNSELING and REFERRAL SERVICE","3639 MARTIN LUTHER KING JR WAY S, SEATTLE, WA 98144",635802.5,55188,55188,11.520665724432847,71.199996948242202,"Highest Use",81,"","",55188,55188,"Y","",156.89999389648401,3927544,71.166630426904405,17581.859375,null,"Office",55188,"Parking",21410,""]
[500,"NonResidential","1453601660","TU2019","Supermarket/Grocery Store","FRED MEYER","70100179-Lake City","13000 LAKE CITY WAY NE, SEATTLE, WA 98125",3130371,121087,244529,25.852246731688787,119.90000152587901,"Lowest Use",78,"","",121087,244529,"Y","",310.20001220703102,14512786,119.85420400208115,38319.5859375,null,"Supermarket/Grocery Store",121087,"Parking",0,"Parking",0]
[503,"NonResidential","1824049003","TU2021","Supermarket/Grocery Store","RESTAURANT DEPOT","RESTAURANT DEPOT SEATTLE (ID503)","3670 E MARGINAL WAY S, SEATTLE, WA 98134",1911651,63225,63225,30.235682087781733,103.199996948242,"Lowest Use",100,"","",63225,63225,"Y","",323.89999389648398,6522551.5,103.16412020561486,null,null,"Supermarket/Grocery Store",63225,"",null,""]
[504,"Nonresidential COS","1824049020","TU2019","Other","WESTBRIDGE BUILDING - SEATTLE PARKS DEPT","Westbridge","4201 W MARGINAL WAY SW, SEATTLE, WA 98106",431091.8125,113780,113780,3.7888188829319738,31.399999618530298,"Lowest Use",null,"","",113780,113780,"Y","",60,3574542.25,31.416261645280365,21036.5703125,null,"Other - Services",91532,"Office",22248,""]
[508,"NonResidential","1825049147","TU2019","Other","THE PARKVIEW BUILDING","The Park View Building","601 N 34TH ST, SEATTLE, WA 98103",3376818,123940,123940,27.245586574148781,93,"Medium High",null,"","",123940,123940,"Y","",291.89999389648398,11521702,92.961933193480718,null,null,"Parking",156312,"Office",116440,"Retail Store",7500]
[514,"NonResidential","1926049033","TU2019","Retail Store","LOWES","W000252-NORTH SEATTLE WA","12525 AURORA AVE N, SEATTLE, WA 98133",2258064,107931,131387,20.921366428551575,81.300003051757798,"Medium High",72,"","",120334,131387,"Y","",234.5,8773058,81.283949930974416,10685.421875,null,"Retail Store",107931,"",null,""]
[515,"NonResidential","1926049045","TU2020","Non-Refrigerated Warehouse","STORAGE USA SELF STORAGE","0643-Seattle - North 130th Street","1430 N 130TH ST, SEATTLE, WA 98133",144084,67155,94400,2.1455438909984363,8.8999996185302699,"Lowest Use",59,"","",92925,94400,"Y","",24.600000381469702,595114.625,8.8618066413520964,1035.00012207031,null,"Non-Refrigerated Warehouse",67155,"",null,""]
[516,"NonResidential","1926049215","TU2019","Other","AURORA SHOPPING CENTER","Aurora Shopping Center","13201 AURORA AVE N, SEATTLE, WA 98133",1872846,124231,111900,15.075512553227455,79,"Medium High",null,"","",111900,111900,"Y","",190.5,9814820,79.00459627629175,34246.69921875,null,"Strip Mall",124231,"Parking",0,""]
[517,"NonResidential","1926049230","TU2019","Other","SAM'S CLUB","Sam's Club #18-6687","13550 AURORA AVE N, SEATTLE, WA 98133",3020896,144776,144776,20.865999889484446,92.699996948242202,"Medium High",56,"","",144776,144776,"Y","",246.19999694824199,13424079,92.723096369564018,31167.826171875,null,"Wholesale Club/Supercenter",144776,"",null,""]
[518,"NonResidential","1926049371","TU2019","Retail Store","AURORA ACRES BUILDING (RETAIL PLAZA)","AURORA ACRES (ID518)","13200 AURORA AVE N, SEATTLE, WA 98133",2296775,114117,114000,20.126492985269504,150.89999389648401,"Highest Use",79,"","",114000,114000,"Y","",302,17225444,150.94546824750037,93888.484375,null,"Retail Store",57805,"Supermarket/Grocery Store",56312,""]
[519,"NonResidential","1926049424","TU2021","Supermarket/Grocery Store","ALBERTSON'S STORE 410","00410-Hwy 99 & 130th","13050 AURORA AVE N, SEATTLE, WA 98133",1913362,50065,50083,38.217557175671629,173,"Lowest Use",78,"","",50083,50083,"Y","",454.20001220703102,8663691,173.04885648656747,21353.001953125,null,"Supermarket/Grocery Store",50065,"Parking",0,""]
[520,"NonResidential","1972203220","TU2020","Office","THE BURKE BLDG","Burke Building","400 N 34TH ST, SEATTLE, WA 98103",1462254,96504,95426,15.152263118627207,51.700000762939503,"Medium Low",73,"","",95426,95426,"Y","",162.39999389648401,4991360.5,51.721799096410514,21.4899997711182,null,"Office",96504,"",null,""]
[521,"NonResidential","1972206507","TU2021","Office","THE EVANSTON BUILDING","The Evanston Building","501 N 34TH ST, SEATTLE, WA 98103",1142362,90000,53472,12.692911111111112,43.299999237060497,"Medium Low",84,"","",53472,53472,"Y","",136,3897738,43.308199999999999,null,null,"Office",90000,"",null,""]
[522,"NonResidential","1973200353","TU2021","Office","THE  WATERSIDE BUILDING","The Waterside Building","651 N 34TH ST, SEATTLE, WA 98103",1586582,62232,62332,25.494632986245019,87,"Highest Use",70,"","",62332,62332,"Y","",273.10000610351602,5413418,86.987691219951145,null,null,"Office",62232,"Parking",33709,""]
[523,"NonResidential","1973200385","TU2019","Office","ADOBE BUILDING-801-N 34 ST.","Adobe Seattle","801 N 34TH ST, SEATTLE, WA 98103",3219975,164961,166128,19.519613726880898,68.699996948242202,"Medium High",96,"","",166128,166128,"Y","2016, 2015, 2014, 2013, 2012, 2011, 2010",211.30000305175801,11325513,68.655700438285407,3366.10400390625,null,"Office",152579,"Parking",93893,"Data Center",7500]
[524,"NonResidential","1973200387","TU2019","Office","FREMONT LAKE UNION CENTER - PLAZA BLDG","Plaza 701 N 34th","701 N 34TH ST, SEATTLE, WA 98103",2378856,138995,140302,17.114687578689882,62.200000762939503,"Medium High",89,"","",136111,140302,"Y","2017, 2016, 2012",187.39999389648401,8651835,62.245656318572614,5351.77978515625,null,"Office",138995,"Parking",24549,""]
[525,"NonResidential","1974700010","TU2019","Mixed Use Property","SEATTLE ART MUSEUM","Seattle Art Museum","1300 1ST AVE, SEATTLE, WA 98101",10239400,253000,154660,40.471936758893278,209.30000305175801,"Highest Use",null,"","",154660,154660,"Y","",519,52960796,209.33120948616602,4755.599609375,17548416,"Other - Entertainment/Public Assembly",119815,"Other - Recreation",63101,"Social/Meeting Hall",26380]
[526,"NonResidential","2738100010","TU2018","Office","PLAZA BUILDING - SEATTLE DESIGN CENTER","Seattle Design Center (Plaza Center)","5701 6TH AVE S, SEATTLE, WA 98108",2252018,243018,268920,9.2668773506489224,31.600000381469702,"Lowest Use",95,"","",268920,268920,"Y","",99.300003051757798,7683885,31.618583808606768,null,null,"Office",243018,"Parking",108408,""]
[527,"NonResidential","2738100355","TU2020","Non-Refrigerated Warehouse","NORTHWEST CORPORATE PARK DISTRIBUTION WAREHOUSE","Northwest Corporate Park","5900 4TH AVE S, SEATTLE, WA 98108",373072.1875,90000,90000,4.1452465277777781,15.8999996185303,"Medium Low",87,"","",90000,90000,"Y","",46.200000762939503,1429146.375,15.879404166666667,1562.23999023438,null,"Non-Refrigerated Warehouse",70000,"Office",20000,""]
[528,"NonResidential","2738100425","TU2021","Retail Store","OREGON TILE AND MARBLE","Oregon Tile & Marble","5930 6TH AVE S, SEATTLE, WA 98108",148728.296875,50200,50200,2.9627150771912349,20.899999618530298,"Lowest Use",null,"","",50200,50200,"Y","",43,1047461,20.865756972111555,5400,null,"Retail Store",50200,"",null,""]
[529,"NonResidential","2767701055","TU2020","Office","BALLARD BUILDING","Ballard Building","2208 NW MARKET ST, SEATTLE, WA 98107",841456.875,84017,87833,10.015316840639395,56.599998474121101,"Medium High",null,"","",87833,87833,"Y","",130.89999389648401,4758198,56.633752692907386,18871.470703125,null,"Office",53993,"Retail Store",24744,"Parking",4500]
[530,"NonResidential","2767702765","TU2021","Non-Refrigerated Warehouse","MAGNUM SELF STORAGE","Magnum Building","5422 SHILSHOLE AVE NW, SEATTLE, WA 98107",25031.900390625,63240,63240,0.39582385184416508,3.5999999046325701,"Lowest Use",100,"","",63240,63240,"Y","",6.5999999046325701,227566.703125,3.5984614662397219,1421.580078125,null,"Non-Refrigerated Warehouse",63240,"",null,""]
[532,"NonResidential","2768303229","TU2019","Other","BALLARD BLOCKS","Ballard Blocks I","1416 NW 46TH ST, SEATTLE, WA 98107",3138367,130744,140415,24.003908401150341,130.69999694824199,"Highest Use",null,"","",140415,140415,"Y","",308.39999389648398,17085344,130.67784372514225,63772.37890625,null,"Parking",182454,"Retail Store",130744,""]
[533,"NonResidential","2770603715","TU2019","Self-Storage Facility","PUBLIC STORAGE MINI-STORAGE","08168-Queen Anne/Magnolia","3000 15TH AVE W, SEATTLE, WA 98119",136440,130293,106893,1.0471782827933964,3.5999999046325701,"Lowest Use",null,"","",106893,106893,"Y","",11.199999809265099,465533.3125,3.5729725503288741,null,null,"Self-Storage Facility",130293,"Parking",8800,""]
[534,"NonResidential","2770605769","TU2019","Non-Refrigerated Warehouse","BOLT MODERN STORAGE QA","Nickerson Street Self  Storage","1300 W NICKERSON ST, SEATTLE, WA 98119",216689,106041,106041,2.0434454597749925,10.6000003814697,"Lowest Use",94,"","",106041,106041,"Y","",25.700000762939499,1123943,10.599136183174432,3845.99975585938,null,"Non-Refrigerated Warehouse",106041,"",null,""]
[536,"NonResidential","2771604950","TU2020","Self-Storage Facility","MAGNOLIA SELF STORAGE","Magnolia Bridge Self Storage","1900 15TH AVE W, SEATTLE, WA 98119",126863.703125,94470,94470,1.3428993662009103,10.6000003814697,"Lowest Use",null,"","",94470,94470,"Y","",20.700000762939499,1000796.875,10.593806234783528,5679.38037109375,null,"Self-Storage Facility",94470,"",null,""]
[538,"NonResidential","5247801292","TU2019","Office","5TH & JACKSON BUILDING","Fifth and Jackson","315 5TH AVE S, SEATTLE, WA 98104",2238566,155519,143508,14.394164057124852,49.099998474121101,"Medium Low",88,"","",143508,143508,"Y","",154.19999694824199,7637986,49.112880098251658,null,null,"Office",153364,"Parking",24421,"Other",2155]
[539,"NonResidential","5335200380","TU2021","Retail Store","UNIVERSITY CENTER","University Center","4500 9TH AVE NE, SEATTLE, WA 98105",93482.6015625,69800,69492,1.3392922859957019,4.5999999046325701,"Low Outlier",100,"","",69492,69492,"N","",14.300000190734901,318962.8125,4.569667800859599,null,null,"Retail Store",69800,"Other",0,""]
[540,"NonResidential","5367201155","TUOPT","Non-Refrigerated Warehouse","NWCP BLDG K","NWCP-SEA Bldg K","6136 6TH AVE S, SEATTLE, WA 98108",117834.5,22780,22780,5.1727172958735732,17.600000381469702,"Medium Low",33,"","",22780,22780,"Y","",55.400001525878899,402051.3125,17.649311347673397,null,null,"Non-Refrigerated Warehouse",22780,"",null,""]
[543,"NonResidential","5367204080","TU2019","Distribution Center","SEATTLE DISTRIBUTION CENTER BLDG 1","Seattle Distribution Center Bldg A","6701 E MARGINAL WAY S, SEATTLE, WA 98108",335860.8125,124423,124472,2.6993466842947043,43.900001525878899,"Highest Use",62,"","",122672,124472,"Y","",65.400001525878906,5464762,43.920834572386134,43188.046875,null,"Distribution Center",124423,"Parking",0,""]
[544,"NonResidential","5367204080","TU2021","Distribution Center","SEATTLE DISTRIBUTION CENTER BLDG 2","Seattle Distribution Center Bldg B","6755 E MARGINAL WAY S, SEATTLE, WA 98108",245094.09375,49918,50065,4.9099341670339358,30.600000381469702,"Medium High",72,"","",50065,50065,"Y","",67.199996948242202,1529510.25,30.6404553467687,6932.48974609375,null,"Distribution Center",49918,"Parking",0,""]
[545,"NonResidential","5367204505","TU2021","Distribution Center","GLACIER NORTHWEST","GLACIER NORTHWEST (6335 1st Ave S)","6335 1ST AVE S, SEATTLE, WA 98134",384226.59375,57540,57540,6.6775563738269028,44.900001525878899,"Highest Use",26,"","",57060,57540,"Y","",94.699996948242202,2582687,44.885071254779284,12717.0595703125,null,"Distribution Center",57540,"",null,""]
[546,"NonResidential","5367204745","TU2020","Non-Refrigerated Warehouse","NW CORPORATE PARK","NWCP-SEA Bldg A","410 S FRONT ST, SEATTLE, WA 98108",450468.40625,85400,85400,5.274805693793911,18,"Medium Low",49,"","",85400,85400,"Y","",56.5,1536998.25,17.997637587822013,null,null,"Non-Refrigerated Warehouse",85400,"",null,""]
[547,"NonResidential","5367204745","TU2021","Non-Refrigerated Warehouse","NW CORPORATE PARK","NWCP-SEA Bldg B","6001 6TH AVE S, SEATTLE, WA 98108",152346.5,55700,55700,2.7351256732495512,9.3000001907348597,"Lowest Use",63,"","",55700,55700,"Y","",29.299999237060501,519806.09375,9.3322458482944342,null,null,"Non-Refrigerated Warehouse",55700,"",null,""]
[548,"NonResidential","5367204756","TU2021","Office","RESOURCE CENTER","Resource Center","5933 6TH AVE S, SEATTLE, WA 98108",307202,52759,53250,5.8227411436911236,34,"Lowest Use",96,"","",50625,53250,"Y","",77.199996948242202,1794187.25,34.007226255236077,7460.14013671875,null,"Office",52759,"Parking",0,""]
[549,"NonResidential","5457801420","TU2021","Office","400 MERCER STREET OFFICE BUILDING","400 Mercer Street","400 MERCER ST, SEATTLE, WA 98109",553488.5,78672,50245,7.0353937868619081,27.700000762939499,"Lowest Use",98,"","",51592,50245,"Y","",79.300003051757798,2179719.75,27.706423505186088,2912.17016601563,null,"Office",78672,"",null,""]
[550,"NonResidential","5687500005","TU2021","Non-Refrigerated Warehouse","PUBLIC STORAGE","21517-Seattle / Aurora AVE N","11512 AURORA AVE N, SEATTLE, WA 98133",69699,64660,64660,1.0779307145066501,5,"Lowest Use",89,"","",63460,64660,"Y","",13,325513,5.0342251778533873,876.99993896484398,null,"Non-Refrigerated Warehouse",64660,"",null,""]
[551,"NonResidential","6003500510","TU2021","Mixed Use Property","RICHMARK PRINTING","Richmark Label","1110 E PINE ST, SEATTLE, WA 98122",998491,56883,55916,17.55341666227168,64.800003051757798,"Medium High",null,"","",55916,55916,"Y","",193.19999694824199,3684188.5,64.767830459012359,2773.36987304688,null,"Other",28442,"Office",28441,"Parking",18961]
[552,"NonResidential","6172900005","TU2019","Distribution Center","SOUTH SEATTLE DISTRIBUTION CENTER- 3800","South Seattle Distribution Center- 3800","3800 1ST AVE S, SEATTLE, WA 98134",1855804,162425,161678,11.425605664152686,57.599998474121101,"Highest Use",25,"","",129358,161678,"Y","",142,9357230,57.609542865938124,30252.271484375,null,"Distribution Center",162425,"",null,""]
[553,"NonResidential","6172900010","TU2019","Distribution Center","SOUTH SEATTLE DISTRIBUTION CENTER- 3844","South Seattle Distribution Center- 3844","3844 1ST AVE S, SEATTLE, WA 98134",6383134,101101,101101,63.136210324329134,215.60000610351599,"Highest Use",1,"","",97264,101101,"Y","",676.59997558593795,21795830,215.58471231738559,165.77000427246099,null,"Distribution Center",101101,"",null,""]
[554,"NonResidential","6172900015","TU2021","Distribution Center","SOUTH SEATTLE DISTRIBUTION CENTER- 3601","South Seattle Distribution Center- 3601","3601 2ND AVE S, SEATTLE, WA 98134",154710.5,59504,52613,2.60000168055929,17.799999237060501,"Lowest Use",80,"","",50113,52613,"Y","",37.299999237060497,1061458.25,17.838435231244958,5335.8603515625,null,"Distribution Center",59504,"",null,""]
[555,"NonResidential","6172900075","TU2021","Other","CASCADE DESIGNS INC","Cascade Designs Inc. ( Yosemite )","4000 1ST AVE S, SEATTLE, WA 98134",1246561,56860,56608,21.923338023214914,89.599998474121094,"Medium High",null,"","",56608,56608,"Y","",250.39999389648401,5094197,89.591927541329582,8409.32421875,null,"Other",45340,"Office",11520,""]
[556,"NonResidential","6172900230","TU2019","Refrigerated Warehouse","SEATTLE PRODUCE TERMINAL (CHARLIE'S)","Charlies Produce","4103 2ND AVE S, SEATTLE, WA 98134",5065567,104099,104099,48.661053420301826,170,"Highest Use",null,"","",102900,104099,"Y","",525.5,17695420,169.98645520129875,4117.05029296875,null,"Refrigerated Warehouse",100000,"Office",4099,"Parking",0]
[557,"NonResidential","6431500015","TUOPT","Supermarket/Grocery Store","SAFEWAY STORE # 1845 (FORMERLY 3389)","Safeway 1845 - Greenwood Ave","8704 GREENWOOD AVE N, SEATTLE, WA 98103",2331900,51722,40667,45.085263524225667,284.5,"Medium High",41,"","",48117,40667,"Y","",620.20001220703102,14715262,284.50682494876457,67588.1953125,null,"Supermarket/Grocery Store",51722,"Parking",0,""]
[558,"NonResidential","6632300290","TU2021","Supermarket/Grocery Store","Q.F.C. & DOLLAR STORE","70500858 -- North Seattle","1549 NE 145TH ST, SEATTLE, WA 98155",1998175,44431,58480,44.972541693862397,248.80000305175801,"Medium Low",37,"","",54720,58480,"Y","",581.90002441406295,11054535,248.80230019580924,42367.62890625,null,"Supermarket/Grocery Store",44431,"",null,""]
[561,"NonResidential","6849700145","TU2018","Office","ALLEY 24 EAST","Alley24","209 YALE AVE N, SEATTLE, WA 98109",2308732,217977,211900,10.591631227147818,36.099998474121101,"Lowest Use",95,"","",211900,211900,"Y","",113.5,7877393.5,36.138645361666597,null,null,"Office",217977,"Parking",4569,"Retail Store",0]
[562,"NonResidential","6849700205","TU2019","Retail Store","REI - SEATTLE","011-Seattle","222 YALE AVE N, SEATTLE, WA 98109",2141825,98863,110729,{"$f":"I386/J386","v":21.664576231755056},100.5,"Highest Use",42,"","",105558,110729,"Y","",260,9937707,{"$f":"W386/J386","v":100.51998219758656},26297.998046875,null,"Retail Store",98863,"",null,""]
[563,"NonResidential","7132300370","TU2021","Office","1130 BUILDING","Darigold HQ","1130 RAINIER AVE S, SEATTLE, WA 98144",1591860,62000,62220,25.675161290322581,87.800003051757798,"Highest Use",32,"","",62220,62220,"Y","",275.29998779296898,5444253.5,87.81054032258065,128.27000427246099,null,"Office",60676,"Parking",13780,"Other - Services",1324]
[564,"NonResidential","7132800055","TU2021","Office","900 POPLAR BUILDING","Poplar Building","900 POPLAR PL S, SEATTLE, WA 98144",499939.5,68874,65430,7.2587551180416412,46.200000762939503,"Medium Low",89,"","",65430,65430,"Y","",100.300003051758,3181045.5,46.186449168045996,14752.51953125,null,"Office",60732,"Other",8142,""]
[565,"NonResidential","7174800132","TU2021","Office","NORTHCUT LANDING","Northcut Landing","4915 25TH AVE NE, SEATTLE, WA 98105",1733053,83715,59850,20.701821656811802,72.400001525878906,"Highest Use",26,"","",59850,59850,"Y","",223.69999694824199,6062770.5,72.421555276832109,1495.92993164063,null,"Office",83715,"Parking",18575,""]
[566,"NonResidential","7234600985","TU2020","Other","CENTURYLINK: EAST CO","Pike St","1708 E PIKE ST, SEATTLE, WA 98122",3585030,74864,80004,47.887235520410343,163.39999389648401,"Highest Use",null,"","",80004,80004,"Y","",513,12232124,163.39126950203035,null,null,"Other",74864,"",null,""]
[568,"NonResidential","7376600510","TU2018","Non-Refrigerated Warehouse","K2 and Iron Mountain (Seattle 4)","K2 and Iron Mountain (Seattle 4)","4201 6TH AVE S, SEATTLE, WA 98108",1039884,323916,323916,3.2103508316971068,24.799999237060501,"Medium Low",92,"","",323916,323916,"Y","",48.900001525878899,8024064.5,24.772053557095049,44759.7890625,null,"Non-Refrigerated Warehouse",263528,"Office",60388,""]
[570,"NonResidential","2902201000","TU2021","Office","NORTHWEST BLDG","Northwest Building","2323 EASTLAKE AVE E, SEATTLE, WA 98102",1422930,53110,54175,26.792129542459048,91.400001525878906,"Highest Use",null,"","",54175,54175,"Y","",287,4855036.5,91.414733571832045,null,null,"Office",50235,"Parking",25525,"Data Center",2875]
[571,"NonResidential","2924049109","TU2020","Distribution Center","NORTHWEST CENTER INDUSTRIES","Northwest Center Industries","7272 1ST AVE S, SEATTLE, WA 98108",402414.09375,97608,98024,4.1227572919227935,20.399999618530298,"Lowest Use",94,"","",98024,98024,"Y","",50.799999237060497,1988334.5,20.370609990984345,6152.97607421875,null,"Distribution Center",63896,"Office",33712,""]
[573,"NonResidential","2925049098","TU2020","Office","EASTLAKE & ROY - YALE CAMPUS","617 Eastlake","617 EASTLAKE AVE E, SEATTLE, WA 98109",1504994,78521,77953,19.166770672813641,65.400001525878906,"Medium High",62,"","",77953,77953,"Y","",205.30000305175801,5135040,65.397027546770929,null,null,"Office",78521,"Parking",66650,""]
[574,"NonResidential","2926049272","TU2018","Retail Store","MACY'S - NORTHGATE","(71371A) NORTHGATE Macy's","401 NE NORTHGATE WAY, SEATTLE, WA 98125",1638420,302812,302812,5.4106838566503308,24.100000381469702,"Lowest Use",97,"","",302812,302812,"Y","",63.900001525878899,7290824.5,24.077065968323581,17005.341796875,null,"Retail Store",302812,"",null,""]
[575,"NonResidential","2926049277","TU2020","Office","NORTHWAY SQUARE EAST","Northway Square East","2150 N 107TH ST, SEATTLE, WA 98133",1198617,78200,86400,15.327583120204604,116.09999847412099,"Highest Use",53,"","",86400,86400,"Y","",231.19999694824199,9080022,116.11281329923274,49903.41015625,null,"Office",78200,"",null,""]
[576,"NonResidential","2926049468","TU2020","Other","NORTHGATE VILLAGE RETAIL","Northgate Village","818 NE NORTHGATE WAY, SEATTLE, WA 98125",1543474,98539,98539,15.663584976506764,55.299999237060497,"Medium Low",null,"","",95468,98539,"Y","",169.80000305175801,5450441.5,55.312531079065138,1841.06994628906,null,"Strip Mall",98539,"",null,""]
[577,"NonResidential","2926049490","TU2020","Office","NORTHWAY WEST BUILDING","NorthWay West Building","10700 MERIDIAN AVE N, SEATTLE, WA 98133",1864372,86483,86483,21.557670293583708,73.599998474121094,"Highest Use",56,"","",86483,86483,"Y","",231,6361236.5,73.554762207601499,null,null,"Office",86483,"Parking",0,""]
[578,"NonResidential","3024049016","TU2021","Distribution Center","PACIFIC PLUMBING SUPPLY","Pacific Plumbing Supply","7115 W MARGINAL WAY SW, SEATTLE, WA 98106",239011.59375,51600,51600,4.6320076308139537,21.799999237060501,"Medium Low",75,"","",51600,51600,"Y","",55.900001525878899,1124543.125,21.793471414728682,3090.35498046875,null,"Distribution Center",34400,"Office",17200,""]
[579,"NonResidential","3024049159","TU2019","Non-Refrigerated Warehouse","JONES STEVEDORING","Jones Stevedoring Seattle Building","7245 W MARGINAL WAY SW, SEATTLE, WA 98106",384092.59375,140520,140520,2.733366024409337,15.800000190734901,"Medium Low",61,"","",132000,140520,"Y","",36.099998474121101,2225512,15.837688585254767,9149.8798828125,null,"Non-Refrigerated Warehouse",140520,"",null,""]
[580,"NonResidential","3025049001","TU2020","Office","PEMCO","PEMCO","1300 DEXTER AVE N, SEATTLE, WA 98109",1190118,91645,91649,12.986174914070599,50.599998474121101,"Medium Low",95,"","",91649,91649,"Y","",145.69999694824199,4636396.5,50.590828741338861,5757.14990234375,null,"Office",91645,"Parking",66288,""]
[581,"NonResidential","3026049051","TU2021","Other","MERIDIAN MEDICAL PAVILION","Meridian Medical Pavilion","11011 MERIDIAN AVE N, SEATTLE, WA 98133",2036227,69854,69854,29.149755203710598,99.699996948242202,"Medium High",null,"","",69854,69854,"Y","",312.5,6963616.5,99.688156726887513,160.10000610351599,null,"Parking",91935,"Medical Office",69854,""]
[582,"NonResidential","3026049142","TU2021","Medical Office","MCMURRAY MEDICAL BUILDING","McMurray Medical Building","1536 N 115TH ST, SEATTLE, WA 98133",1396762,63909,63909,21.855482013487929,74.599998474121094,"Medium Low",null,"","",63909,63909,"Y","",234.19999694824199,4765753.5,74.570928977139374,null,null,"Medical Office",60670,"Retail Store",3239,""]
[583,"NonResidential","3126049011","TU2021","Non-Refrigerated Warehouse","IRON MOUNTAIN","Iron Mountain","1201 N 96TH ST, SEATTLE, WA 98103",111671.8984375,56879,53472,1.9633238706288789,17.100000381469702,"Medium Low",null,"","",53472,53472,"Y","",31.899999618530298,971155.625,17.074062923047169,5901.31005859375,null,"Non-Refrigerated Warehouse",46846,"Office",10033,""]
[584,"NonResidential","3224049045","TU2021","Non-Refrigerated Warehouse","EMERSON POWER PRODUCTS","Lenci Corporation","424 S CLOVERDALE ST, SEATTLE, WA 98108",250591.203125,50417,50417,4.9703711669674915,36.599998474121101,"Medium High",14,"","",50417,50417,"Y","",73.900001525878906,1847401,36.642422198861496,9923.83984375,null,"Non-Refrigerated Warehouse",50417,"",null,""]
[585,"NonResidential","3226049177","TU2019","Medical Office","NORTHWEST OUTPATIENT MEDICAL CENTER","NWH Outpatient Medical Center","10330 MERIDIAN AVE N, SEATTLE, WA 98133",3399819,133298,133298,25.505401431379315,117.300003051758,"Highest Use",25,"","",133298,133298,"Y","",305.10000610351602,15640994,117.33854971567466,40408.1015625,null,"Medical Office",133298,"",null,""]
[586,"NonResidential","3226049481","TU2019","Retail Store","J C PENNY CO BUILDING - NORTHGATE MALL","SEATTLE, WA-0106","401 NE NORTHGATE WAY, SEATTLE, WA 98125",1599321,173106,168619,9.2389691865099994,37.299999237060497,"Lowest Use",78,"","",168619,168619,"Y","2009",105,6455828.5,37.294077039501808,9989.4599609375,null,"Retail Store",173106,"",null,""]
[588,"NonResidential","3383900230","TU2019","Mixed Use Property","1616 EASTLAKE BUILDING","1616 Eastlake","1616 EASTLAKE AVE E, SEATTLE, WA 98102",8544800,168000,138509,50.861904761904761,280.39999389648398,"Highest Use",null,"","",138509,138509,"Y","",657.09997558593795,47102428,280.37159523809521,179475.71875,null,"Parking",113318,"Laboratory",84000,"Office",84000]
[589,"NonResidential","3481800010","TU2020","Office","MERCER/YALE BLDG - 1260 MERCER","1260 Mercer","1260 MERCER ST, SEATTLE, WA 98109",1901049,103970,89392,18.28459170914687,62.400001525878899,"Medium High",91,"","",89392,89392,"Y","",195.89999389648401,6486377.5,62.387010676156585,null,null,"Office",103970,"Parking",71390,""]
[590,"NonResidential","3573200005","TU2019","Non-Refrigerated Warehouse","4727 BUILDING","4727 Building","4727 DENVER AVE S, SEATTLE, WA 98134",195403.90625,104786,104786,1.864790203366862,9.8000001907348597,"Lowest Use",93,"","",104786,104786,"Y","",23.600000381469702,1028376.875,9.8140674803886014,3616.58959960938,null,"Non-Refrigerated Warehouse",104786,"",null,""]
[592,"NonResidential","3573200658","TUOPT","Other","CENTURYLINK: SEATTLE 1ST AVE GARAGE","SEATTLE 1ST AVE GAR","4755 1ST AVE S, SEATTLE, WA 98134",280178.09375,51427,11440,5.448073847395337,34.400001525878899,"Lowest Use",null,"","",5200,11440,"Y","",75,1770027.5,34.418253057732322,8140.60009765625,null,"Other",51427,"",null,""]
[594,"NonResidential","3573700130","TU2019","Other","MCKINSTRY SHOP","McKinstry SEA - 220 S Hudson Shop","220 S HUDSON ST, SEATTLE, WA 98134",104433.796875,110689,110689,0.9434884846281022,21.100000381469702,"Lowest Use",null,"","",109545,110689,"Y","",28.899999618530298,2339814.25,21.138633920263079,19834.861328125,null,"Other",110689,"",null,""]
[595,"NonResidential","3573700330","TU2021","Office","McKinstry 220 South Dawson","McKinstry SEA - 220 S Dawson Office","220 S DAWSON ST, SEATTLE, WA 98134",554098.625,53620,53620,10.333805016784781,38.400001525878899,"Lowest Use",86,"","",53620,53620,"Y","2016",114,2058955.25,38.399016225289074,1683.70983886719,null,"Office",53620,"",null,""]
[596,"NonResidential","3573700410","TU2021","Office","IRIDIO - (OLD WESTERN CARTAGE)","5050","5050 1ST AVE S, SEATTLE, WA 98134",665544.5,50008,50008,13.308760598304271,64,"Medium High",62,"","",50008,50008,"Y","",162.10000610351599,3202213,64.034014557670773,9313.75,null,"Office",50008,"",null,""]
[597,"NonResidential","3879902270","TU2019","Office","635 ELLIOTT - SOUTH BUILDING","635 Elliott - South Bldg.","635 ELLIOTT AVE W, SEATTLE, WA 98119",1929988,194674,191000,9.9139484471475381,34.200000762939503,"Lowest Use",98,"","",191000,191000,"Y","",106.59999847412099,6657348.5,34.197419788980554,722.28387451171898,null,"Office",194674,"Parking",111198,""]
[599,"NonResidential","3958900565","TU2020","Refrigerated Warehouse","Uwajimaya (Seattle 5)","Uwajimaya (Seattle 5)","4601 6TH AVE S, SEATTLE, WA 98108",830282.625,76486,76354,10.855354247836205,37.200000762939503,"Medium Low",70,"","",63157,76354,"Y","",116.40000152587901,2843033.5,37.170639071202572,101.08999633789099,null,"Refrigerated Warehouse",76486,"",null,""]
[600,"NonResidential","3958900851","TU2020","Non-Refrigerated Warehouse","MERLINO FOODS","Merlino Foods Building","4100 4TH AVE S, SEATTLE, WA 98134",704380.8125,98480,98480,7.1525265282290817,28.799999237060501,"Medium High",65,"","",96680,98480,"Y","",81.199996948242202,2831565.5,28.752695978878961,4282.18017578125,null,"Non-Refrigerated Warehouse",98480,"",null,""]
[601,"NonResidential","4083300140","TUOPT","Mixed Use Property","WALLINGFORD CENTER","Wallingford Center","1815 N 45TH ST, SEATTLE, WA 98103",754552,53452,53002,14.116440918955325,64.400001525878906,"Medium High",75,"","",38294,53002,"Y","",168.30000305175801,3441643.25,64.387548641772057,8671.1201171875,null,"Retail Store",31602,"Parking",27427,"Multifamily Housing",18130]
[602,"NonResidential","4088802666","TU2019","Mixed Use Property","GILEAD SCIENCES BLDG. (ALEXANDRIA R.E.)  ECON. UNI","199 Blaine","199 E BLAINE ST, SEATTLE, WA 98102",3530997,96967,124700,36.414419338537854,232.30000305175801,"Highest Use",null,"","",124700,124700,"Y","",503.60000610351602,22530168,232.34881970154794,104824.0546875,null,"Office",66737,"Parking",58218,"Laboratory",30230]
[603,"NonResidential","4088802925","TU2019","Other","ZYMOGENETICS","1241 Eastlake - Zymogenetics","1201 EASTLAKE AVE E, SEATTLE, WA 98102",3883255,106003,106003,36.633444336481041,180.69999694824199,"Highest Use",null,"","",106003,106003,"Y","",451,19155416,180.70635736724432,59057.51953125,null,"Other",106003,"Parking",63782,""]
[604,"NonResidential","4088803725","TU2019","Office","AGC BUILDING & BANK","AGC Building","1200 WESTLAKE AVE N, SEATTLE, WA 98109",2365176,124721,124721,18.963735056646435,111.40000152587901,"Highest Use",58,"","",124721,124721,"Y","",252.19999694824199,13898181,111.43416906535387,58282.00390625,null,"Office",107594,"Restaurant",15600,"Parking",12000]
[605,"NonResidential","4088803750","TU2020","Office","LAKE UNION BUILDING & YACHT HARBOR MARINA OFFICE BUILDING","Lake Union Building","1700 WESTLAKE AVE N, SEATTLE, WA 98109",1659506,93905,94002,17.672179330174114,60.299999237060497,"Medium High",70,"","",94002,94002,"Y","",189.30000305175801,5662234,60.297470848197648,null,null,"Office",93905,"Parking",31348,""]
[606,"NonResidential","5084400005","TU2020","Non-Refrigerated Warehouse","NWCP BLDG U","NWCP-SEA Bldg U","520 S BRANDON ST, SEATTLE, WA 98108",367035.09375,93020,93020,3.9457653596000859,13.5,"Lowest Use",60,"","",91520,93020,"Y","",42.299999237060497,1252323.875,13.462952859600087,null,null,"Non-Refrigerated Warehouse",93020,"",null,""]
[607,"NonResidential","5087400030","TU2021","Supermarket/Grocery Store","SAFEWAY 1965","Safeway 1965 - Rainier Ave","9262 RAINIER AVE S, SEATTLE, WA 98118",2483776,54434,61053,45.629128853290226,241.30000305175801,"Medium Low",32,"","",61053,61053,"Y","",578.70001220703102,13133225,241.2687842157475,46585.8046875,null,"Supermarket/Grocery Store",54434,"Parking",0,""]
[608,"NonResidential","5247800200","TU2019","Office","MERRILL PLACE HAMBACH - SELLER BUILDING","411 1ST AVE  S (ID608)","411 1ST AVE S, SEATTLE, WA 98104",471503,193154,154159,2.4410729262660884,10.1000003814697,"Low Outlier",100,"","",154159,154159,"Y","",28,1951818.375,10.104985529680979,3430.50048828125,null,"Office",193154,"",null,""]
[609,"NonResidential","5247800255","TU2020","Office","HERITAGE BUILDING","111 S. Jackson","111 S JACKSON ST, SEATTLE, WA 98104",829623.3125,78564,78920,10.559840544015071,36,"Lowest Use",88,"","",65600,78920,"Y","",113.09999847412099,2830674.75,36.030176034825111,null,null,"Office",78564,"",null,""]
[610,"NonResidential","5247800280","TU2020","Office","F X MCRORY'S BUILDING","FX McRory Building","419 OCCIDENTAL AVE S, SEATTLE, WA 98104",1373345,88945,99440,15.440384507279779,74.300003051757798,"Highest Use",64,"FOUR NINETEEN OCCIDENTAL LLC","419 OCCIDENTAL AVE",99440,99440,"Y","",188.10000610351599,6606832.5,74.279976389903879,19209.810546875,null,"Office",65088,"Retail Store",23857,""]
[611,"NonResidential","5247800300","TU2020","Office","WESTLAND BUILDING-DSHS","Westland Building","100 S KING ST, SEATTLE, WA 98104",836222,63871,73260,13.09235803416261,44.700000762939503,"Medium Low",82,"100 KING LLC","100 KING ST",61050,73260,"Y","",140.30000305175801,2853189.5,44.671126176198904,null,null,"Office",63871,"",null,""]
[612,"NonResidential","5247800320","TU2020","Office","GLOBE BUILDING","The Globe Building","105 S MAIN ST, SEATTLE, WA 98104",364924.8125,60686,75007,6.0133278268463899,35.900001525878899,"Lowest Use",87,"","",71790,75007,"Y","",82.5,2178074.5,35.890889167188476,1618.65979003906,771085.1875,"Office",34647,"Retail Store",26039,""]
[613,"NonResidential","5247800390","TU2020","Office","GRAND CENTRAL BUILDING","The Grand Central Building","216 1ST AVE S, SEATTLE, WA 98104",541278,70343,84750,7.6948381502068433,29.799999237060501,"Lowest Use",null,"UPI GRAND CENTRAL LLC","214 1ST AVE",66600,84750,"Y","",86.099998474121094,2094723.125,29.778700439276118,2478.8271484375,null,"Office",41609,"Enclosed Mall",28734,""]
[613,"NonResidential","5247800390","TU2020","Office","GRAND CENTRAL BUILDING","The Grand Central Building","216 1ST AVE S, SEATTLE, WA 98104",541278,70343,84750,7.6948381502068433,29.799999237060501,"Lowest Use",null,"PSQ PORTFOLIO LP","117 1ST AVE",66600,84750,"Y","",86.099998474121094,2094723.125,29.778700439276118,2478.8271484375,null,"Office",41609,"Enclosed Mall",28734,""]
[614,"NonResidential","5247800555","TU2021","Office","INTERURBAN BUILDING (OLD SMITH TOWER ANNEX BUILDING)","Interurban Building","157 YESLER WAY, SEATTLE, WA 98104",1046355,60227,62176,17.373520181978183,59.299999237060497,"Medium High",null,"TATNUCK VENTURES LLC","157 YESLER WAY",62176,62176,"Y","",186.10000610351599,3570161.75,59.278425789097916,null,null,"Office",45799,"Retail Store",9739,"Restaurant",4689]
[615,"NonResidential","5247800695","TU2019","Office","OCCIDENTAL MALL","Occidental Mall","308 OCCIDENTAL AVE S, SEATTLE, WA 98104",1816153,144402,164380,12.57706264456171,53,"Medium Low",79,"OCCIDENTAL MALL","300 OCCIDENTAL AVE",164380,164380,"Y","",145.80000305175801,7655751,53.01693189845016,10594.98046875,399538.3125,"Office",123607,"Retail Store",20795,""]
[616,"NonResidential","5247800755","TU2019","Office","COURT IN THE SQUARE (Goldsmith & Northcoast)","(ID616) Court in the Square","401 2ND AVE S, SEATTLE, WA 98104",883376.875,160580,160580,5.501163750155686,27,"Lowest Use",98,"","",null,160580,"Y","",67.900001525878906,4336187.5,27.003284966994645,9748.9794921875,347207.90625,"Office",160580,"",null,""]
[618,"NonResidential","5247801045","TU2020","Office","PREFONTAINE BUILDING","Prefontaine","110 PREFONTAINE PL S, SEATTLE, WA 98104",941462.1875,66099,73470,14.243213777818122,48.599998474121101,"Medium Low",83,"E M GREENWOOD TRUST","110 PREFONTAINE PL",67058,73470,"Y","",152.60000610351599,3212269,48.597845655758789,null,null,"Office",47145,"Non-Refrigerated Warehouse",9477,"Retail Store",9477]
[619,"Nonresidential COS","5247801160","TU2021","Other","KING STREET STATION-BNRR/AMTRAK","King Street Station","301 S JACKSON ST, SEATTLE, WA 98104",558171.125,65490,67755,8.5229977859215147,29.100000381469702,"Lowest Use",null,"","",67755,67755,"Y","",91.300003051757798,1904480,29.080470300809285,0,null,"Other",33647,"Office",19705,"Other - Entertainment/Public Assembly",11988]
[620,"NonResidential","7666204795","TU2021","Mixed Use Property","PACIFIC OFFICE AUTOMATION (ROMAC INDUSTRIES WHSE)","Pacific Office Automation","1064 4TH AVE S, SEATTLE, WA 98134",599477.1875,56700,56700,10.572789902998236,41.799999237060497,"Medium Low",37,"","",56700,56700,"Y","",119.300003051758,2371575,41.826719576719576,3261.58984375,null,"Office",26250,"Distribution Center",18050,"Non-Refrigerated Warehouse",12400]
[621,"NonResidential","7666204800","TU2020","Non-Refrigerated Warehouse","1021-1045 6th Ave. S.","1021-1045 6th Ave. S.","1021 6TH AVE S, SEATTLE, WA 98134",310101,81754,82852,3.7930988086209849,26.299999237060501,"Medium High",83,"","",82852,82852,"Y","",54.700000762939503,2153603.5,26.342484771387333,10955.3896484375,null,"Non-Refrigerated Warehouse",58472,"Retail Store",23282,""]
[622,"NonResidential","7666205335","TU2020","Other","PACIFIC GALLERIES ANTIQUE MALL","Pacific Galleries","241 S LANDER ST, SEATTLE, WA 98134",499825,76104,76442,6.56765741616735,52.299999237060497,"Medium Low",null,"","",65892,76442,"Y","",101.699996948242,3978277,52.27421686113739,22728.740234375,null,"Other",50500,"Distribution Center",18000,"Office",7604]
[623,"NonResidential","7666205408","TU2020","Distribution Center","HULLIN TRANSFER BUILDING","Hullin Transfer Building","270 S HANFORD ST, SEATTLE, WA 98134",593368.5,98778,92792,6.0070916600862541,31.899999618530298,"Medium High",56,"","",92792,92792,"Y","",76.400001525878906,3155496,31.945331956508536,11309.228515625,null,"Distribution Center",85343,"Office",13435,""]
[624,"NonResidential","7666206115","TU2019","Other","OCCIDENTAL WAREHOUSE","South Occidental Warehouse","1900 OCCIDENTAL AVE S, SEATTLE, WA 98134",657771.6875,142901,125519,4.6029886949706444,15.699999809265099,"Lowest Use",null,"","",113650,125519,"Y","",49.299999237060497,2244317,15.705397442985003,null,null,"Manufacturing/Industrial Plant",142901,"",null,""]
[625,"NonResidential","7666206220","TU2019","Office","2200 1ST AVE S","2200 Equities, LLC","2200 1ST AVE S, SEATTLE, WA 98134",1282135,104869,103200,12.226062992876827,41.700000762939503,"Lowest Use",80,"","",103200,103200,"Y","",131,4374646,41.715340090970642,null,null,"Office",104869,"",null,""]
[626,"NonResidential","7666206285","TU2020","Non-Refrigerated Warehouse","UNITED WAREHOUSE CO","Warehouse 1","1750 OCCIDENTAL AVE S, SEATTLE, WA 98134",186145,78814,78814,2.3618265790341817,10.8999996185303,"Lowest Use",69,"","",78814,78814,"Y","",28.299999237060501,861972.875,10.936798982414292,2268.46020507813,null,"Non-Refrigerated Warehouse",78814,"",null,""]
[627,"NonResidential","7666206640","TU2021","Office","ROEBLING BLDG","Roebling Building","900 1ST AVE S, SEATTLE, WA 98134",337741.6875,58470,58970,5.7763243971267313,30.399999618530298,"Lowest Use",null,"","",58970,58970,"Y","",73.099998474121094,1776411.75,30.381593124679323,6240.36962890625,null,"Office",39870,"Non-Refrigerated Warehouse",11600,"Multifamily Housing",7000]
[628,"NonResidential","7666206676","TU2021","Distribution Center","PALMER BLDG","Palmer Court Building","1000 1ST AVE S, SEATTLE, WA 98134",788005.8125,61540,64800,12.804774333766655,43.700000762939503,"Highest Use",15,"","",64800,64800,"Y","",137.19999694824199,2688675.75,43.689888690282743,null,null,"Distribution Center",51040,"Office",10500,"Parking",6000]
[629,"NonResidential","7666206690","TU2021","Distribution Center","1016 1ST AVE BLDG","1016 1st Ave S LP","1014 1ST AVE S, SEATTLE, WA 98134",309725.09375,56270,56270,5.5042668162431134,18.799999237060501,"Lowest Use",null,"","",56270,56270,"Y","",59,1056782.125,18.780560245246136,null,null,"Distribution Center",39884,"Non-Refrigerated Warehouse",9270,"Office",4116]
[630,"NonResidential","7666206851","TU2021","Office","THE REEDO BUILDING","The Reedo Building","542 1ST AVE S, SEATTLE, WA 98104",1013347,53636,66842,18.893038257886495,104.59999847412099,"Highest Use",31,"","",61790,66842,"Y","",244.5,5608600.5,104.56783690058916,21510.59765625,null,"Office",43122,"Retail Store",10514,""]
[632,"NonResidential","7666206871","TU2021","Office","PROVIDENT BUILDING","Provident Building","568 1ST AVE S, SEATTLE, WA 98134",847370.8125,65508,64488,12.935379075838066,44.099998474121101,"Medium Low",81,"","",64488,64488,"Y","",138.60000610351599,2891605,44.141249923673442,3.7599999904632599,null,"Office",65508,"Parking",10918,""]
[633,"NonResidential","7666206895","TU2019","Office","83 KING STREET","83 S KING ST BLDG (ID633)","83 S KING ST, SEATTLE, WA 98104",2849616,184322,184322,15.459988498388689,52.700000762939503,"Medium Low",81,"","",184322,184322,"Y","",165.60000610351599,9722890,52.749481884962186,null,null,"Office",183916,"Data Center",406,""]
[634,"NonResidential","7666206900","TU2018","Office","505 FIRST AVENUE BUILDING","505 FIRST AVE S BLDG (ID634)","505 1ST AVE S, SEATTLE, WA 98104",7468518,285914,null,{"$f":"I450/J450","v":26.121554033730423},89.400001525878906,"Highest Use",43,"","",null,null,"Y","",280.20001220703102,25567108,{"$f":"W450/J450","v":89.422371762138269},845.24005126953102,null,"Office",273812,"Retail Store",12102,""]
[635,"NonResidential","7666206966","TU2021","Office","1201 BUILDING","1201 Building","1201 1ST AVE S, SEATTLE, WA 98134",865222.375,63000,64512,13.733688492063491,94.699996948242202,"Highest Use",53,"","",57456,64512,"Y","",197.39999389648401,5968153.5,94.732595238095243,30160.1484375,null,"Office",63000,"",null,""]
[637,"NonResidential","7666207045","TU2019","Mixed Use Property","STADIUM INNOVATION CENTER","Stadium Innovation Center","1531 UTAH AVE S, SEATTLE, WA 98134",18705200,174226,174226,107.36170261614225,366.39999389648398,"Highest Use",null,"","",174226,174226,"Y","",1150.30004882813,63835192,366.39302974297749,130.52999877929699,null,"Parking",111774,"Office",108747,"Other",49271]
[638,"NonResidential","7666207175","TU2019","Non-Refrigerated Warehouse","OUTDOOR RESEARCH","West Coast Building","2203 1ST AVE S, SEATTLE, WA 98134",700417.6875,144050,144050,4.8623234120097187,27.299999237060501,"Medium High",26,"","",144050,144050,"Y","",63.299999237060497,3929371,27.277827143353001,15395.458984375,null,"Non-Refrigerated Warehouse",144050,"",null,""]
[639,"NonResidential","7666207195","TU2021","Office","GREEN ROOM","Green Room","2245 1ST AVE S, SEATTLE, WA 98134",1403404,60384,60592,23.241322204557498,83.599998474121094,"Highest Use",16,"","",60384,60592,"Y","",253.5,5049446.5,83.622259207737144,2610.31860351563,null,"Office",60384,"",null,""]
[640,"NonResidential","7666207220","TU2018","Office","STARBUCKS (SODO) CENTER","Starbucks Center","2401 UTAH AVE S, SEATTLE, WA 98134",19859480,1502329,1380959,13.219128433252637,49.299999237060497,"Medium Low",79,"","",1380959,1380959,"Y","",146.10000610351599,74130576,49.34376957377512,63700.19921875,null,"Office",1000730,"Retail Store",281296,"Non-Refrigerated Warehouse",220303]
[641,"NonResidential","7666207295","TU2019","Retail Store","HOME DEPOT W M#'S 7255, 7260 & 7265","The Home Depot","2701 UTAH AVE S, SEATTLE, WA 98134",1798386,107704,107930,16.697485701552402,67,"Medium High",57,"","",107930,107930,"Y","",189.5,7221482.5,67.049343571269404,10853.8837890625,null,"Retail Store",107704,"",null,""]
[642,"NonResidential","7666207506","TU2020","Non-Refrigerated Warehouse","BUFFALO SANITARY WIPERS CO","99/55 South Spokane St. Whse","99 S SPOKANE ST, SEATTLE, WA 98134",233027.09375,99084,99084,2.3518135496144685,16.299999237060501,"Medium Low",83,"","",67712,99084,"Y","",33.900001525878899,1618110.375,16.330692896935933,8230.220703125,null,"Non-Refrigerated Warehouse",99084,"",null,""]
[647,"NonResidential","7666703530","TU2020","Distribution Center","FERGUSON","Ferguson Building","4100 W MARGINAL WAY SW, SEATTLE, WA 98106",599482.625,72719,72719,8.2438238287105161,35.5,"Medium High",28,"","",72719,72719,"Y","",96.099998474121094,2581741.75,35.502987527331236,5363.0703125,null,"Distribution Center",72719,"",null,""]
[649,"NonResidential","7669800045","TU2020","Office","IMMIGRATION SERVICE BUILDING","INScape","815 AIRPORT WAY S, SEATTLE, WA 98134",723489.875,76624,76624,9.4420791788473579,36.200000762939503,"Lowest Use",91,"","",56944,76624,"Y","",105.300003051758,2773647.5,36.198155930256839,3051,null,"Office",76624,"",null,""]
[650,"NonResidential","7733600055","TU2021","Office","45TH STREET PLAZA - OFFICE BUILDING AND PARKING GA","45th Street Plaza","1100 NE 45TH ST, SEATTLE, WA 98105",2511891,57005,55123,44.064397859836859,150.30000305175801,"Highest Use",2,"","",55123,55123,"Y","",472.10000610351602,8570571,150.34770634154899,null,null,"Office",53281,"Parking",34701,"Other",3724]
[651,"NonResidential","7863500020","TU2021","Medical Office","BIOMED FAIRVIEW RESEARCH CENTER","BMR-530 Fairview Avenue LLC","530 FAIRVIEW AVE N, SEATTLE, WA 98109",3458477,94746,58901,36.502617524750384,203.19999694824199,"Highest Use",6,"","",58901,58901,"Y","",473.60000610351602,19248732,203.16142106263061,74484.0703125,null,"Medical Office",89131,"Parking",37652,"Other",5615]
[652,"NonResidential","7881500200","TU2019","Office","WEST SEATTLE CORPORATE CENTER","West Seattle Corporate Center","4025 DELRIDGE WAY SW, SEATTLE, WA 98106",2456575,119083.3984375,121885,20.629030009496365,70.400001525878906,"Medium High",41,"","",121885,121885,"Y","",221,8381834.5,70.386255430887289,null,null,"Office",119083.3984375,"Parking",16221,""]
[654,"NonResidential","7886100495","TU2021","Retail Store","AIRPORT WAY SOUTH","AIRPORT WAY SOUTH","4101 AIRPORT WAY S, SEATTLE, WA 98108",385429.40625,56576,56572,6.8125955573034505,42.599998474121101,"Medium Low",66,"","",50400,56572,"Y","",93.300003051757798,2409429,42.58747525452489,10943.4404296875,null,"Retail Store",56576,"",null,""]
[656,"NonResidential","8725990000","TU2018","Medical Office","1221 MADISON STREET (FORMER ARNOLD MED. PAVILLON)","Arnold Pavilion","1221 MADISON ST, SEATTLE, WA 98104",3735334,200184,null,18.659503257003557,102.699996948242,"Medium High",53,"","",null,null,"Y","",246.89999389648401,20560622,102.70861807137433,null,7815663,"Medical Office",200184,"",null,""]
[657,"NonResidential","8729740000","TU2018","Mixed Use Property","2200 WESTLAKE","2200 Westlake - SEDO","2200 WESTLAKE AVE, SEATTLE, WA 98121",8626262,516407,null,16.704386268970019,null,"",null,"WHOLE FOODS MARKET SITE 10275/10216","2210 WESTLAKE AVE",null,null,"N","",null,null,0,null,null,"Parking",385196,"Multifamily Housing",340236,"Hotel",67627]
[658,"NonResidential","8809700020","TU2018","Office","505 5th Ave S","505 Union Station - SEDO","505 5TH AVE S, SEATTLE, WA 98104",7508548,312512,312512,24.026430985050172,82.400001525878906,"Highest Use",null,"","",null,312512,"Y","",257.79998779296898,25747022,82.387306727421674,1278.54992675781,null,"Office",303312,"Data Center",4738,"Restaurant",4462]
[659,"NonResidential","9184500000","TU2018","Office","RUSSELL INVESTMENTS CENTER","Russell Investments Center","1301 2ND AVE, SEATTLE, WA 98101",16155900,1248047,null,12.944945182352908,45.299999237060497,"Medium Low",97,"","",null,null,"Y","2016, 2014, 2012, 2011, 2008, 2007",140,56498868,45.269823972975374,3885.31689453125,986403.1875,"Office",914832,"Parking",348788,"Financial Office",303910]
[660,"NonResidential","1975700220","TU2020","Office","1505 5TH AVE","1505 5th Ave","1501 5TH AVE, SEATTLE, WA 98101",726267.6875,73573,97720,9.8713887907248576,33.700000762939503,"Lowest Use",null,"Multiple Customers","1501 5TH AVE",97720,97720,"Y","",105.800003051758,2478025.25,33.681177198156931,null,null,"Office",51861,"Data Center",11999,"Retail Store",9713]
[661,"NonResidential","6108450000","TU2018","Medical Office","NORDSTROM ELMER J MEDICAL TOWER CONDOMINIUM","Elmer J. Nordstrom Medical Tower","1229 MADISON ST, SEATTLE, WA 98104",4765726,197408,215923,24.141503890419841,87.400001525878906,"Medium High",46,"","",46050,215923,"Y","",264.70001220703102,17254810,87.40684268114768,null,994154.3125,"Medical Office",197408,"",null,""]
[671,"NonResidential","7942600570","TU2020","Medical Office","JEFFERSON TOWER","Jefferson Tower","1600 E JEFFERSON ST, SEATTLE, WA 98122",1697810,94500,94500,17.966243386243388,61.299999237060497,"Lowest Use",54,"","",94500,94500,"Y","",192.5,5792926,61.300804232804232,null,null,"Medical Office",94500,"",null,""]
[673,"NonResidential","7985400295","TU2020","Retail Store","HOME DEPOT","#8944 West Seattle","7345 DELRIDGE WAY SW, SEATTLE, WA 98106",1225938,109758,94713,11.169463729295359,49.400001525878899,"Medium Low",79,"","",94713,94713,"Y","",131.5,5417598,49.359481768982668,12346.966796875,null,"Retail Store",109758,"",null,""]
[674,"NonResidential","8590400395","TU2018","Medical Office","7TH & MADISON OFFICE BLDG. -(THE POLYCLINIC)","7th and Madison","904 7TH AVE, SEATTLE, WA 98104",4148731,201365,201560,20.603039257070495,73.300003051757798,"Medium Low",58,"","",201560,201560,"Y","",223.80000305175801,14751117,73.255615424726244,5956.47021484375,null,"Medical Office",201365,"Parking",86270,""]
[677,"NonResidential","8590901010","TU2019","Medical Office","CABRINI MEDICAL TOWER","Cabrini Medical Tower","901 BOREN AVE, SEATTLE, WA 98104",3362661,170727,163504,19.696128907554165,88.300003051757798,"Medium High",50,"","",163504,163504,"Y","",236.30000305175801,15067340,88.253996145893737,null,3593940.25,"Medical Office",170727,"Parking",69171,""]
[678,"NonResidential","8591400005","TU2018","Office","COLMAN BUILDING","Colman Building","811 1ST AVE, SEATTLE, WA 98104",1267877,143562,205521,8.8315640629135839,56.700000762939503,"Medium High",94,"THE COLMAN BUILDING COLMAN PROP LTD PARTNRSHP","811 1ST AVE",205521,205521,"Y","",124.699996948242,8138616.5,56.690604059570084,17439.51953125,2068666.75,"Office",114919,"Retail Store",28643,""]
[679,"NonResidential","8591400075","TU2021","Office","MUTUAL LIFE BUILDING","Mutual Life Building","605 1ST AVE, SEATTLE, WA 98104",898579.8125,56500,56700,15.904067477876106,54.299999237060497,"Medium High",55,"","",56700,56700,"Y","",170.39999389648401,3065954.5,54.264681415929203,null,null,"Office",46000,"Retail Store",10500,""]
[680,"NonResidential","8592900345","TU2020","Office","RDA BUILDING","RDA Building","800 MAYNARD AVE S, SEATTLE, WA 98134",771568.5,72000,72000,10.716229166666666,37.900001525878899,"Lowest Use",89,"","",72000,72000,"Y","",116.199996948242,2729167.75,37.905107638888886,965.760009765625,null,"Office",72000,"",null,""]
[681,"NonResidential","8807900360","TU2020","Office","OFFICE BUILDING","1633 Westlake Building","1633 WESTLAKE AVE N, SEATTLE, WA 98109",1495165,103000,96254,14.516165048543689,49.5,"Medium Low",93,"","",96254,96254,"Y","",155.5,5101504.5,49.529169902912621,null,null,"Office",103000,"Parking",80000,""]
[682,"NonResidential","9358000300","TU2021","Other","ALLSTAR FITNESS","West Seattle Fitness","2629 SW ANDOVER ST, SEATTLE, WA 98126",1075839,50000,57236,21.516780000000001,180.60000610351599,"Highest Use",null,"","",57236,57236,"Y","",343.10000610351602,9029489,180.58977999999999,53587.26171875,null,"Other - Recreation",50000,"Parking",11527,"Swimming Pool",0]
[683,"NonResidential","9834201515","TU2019","Other","RAINIER SQUARE PLAZA","Rainier Square Plaza","3820 RAINIER AVE S, SEATTLE, WA 98118",3621617,107427,102133,33.712353505170952,192.89999389648401,"Highest Use",null,"","",97544,102133,"Y","",443,20725996,192.93097638396307,83690.375,null,"Strip Mall",107427,"Parking",0,""]
[684,"Multifamily HR (10+)","0254600000","TU2020","Multifamily Housing","LEGACY CENTRE & ARBOR PLACE CONDO","Legacy Centre & Arbor Place Tower","2505 2ND AVE, SEATTLE, WA 98121",2460109,276407,276497,8.9003136678882946,30.399999618530298,"Lowest Use",85,"LEGACY PARTNERS I SEATTLE 2ND","2511 2ND AVE",77446,276497,"Y","",95.400001525878906,8393893,30.367874185530756,null,null,"Multifamily Housing",198911,"Parking",81769,"Office",59371]
[685,"NonResidential","2285050000","TU2018","Office","818 STEWART","818 Stewart","818 STEWART ST, SEATTLE, WA 98101",4562413,235976.703125,null,19.334167057937194,66.599998474121094,"Medium High",86,"","",null,null,"Y","2017, 2015",207.80000305175801,15725581,66.640396241445714,1586.27001953125,null,"Office",232442.703125,"Parking",97874,"Other",3534]
[689,"NonResidential","5161000000","TU2020","Other","MARKETPLACE AT QUEEN ANNE SHOPPING CENTER","Marketplace at Queen Anne","600 1ST AVE N, SEATTLE, WA 98109",2698352,81385,81336,33.155397186213676,160.80000305175801,"Highest Use",null,"","",81336,81336,"Y","",405.29998779296898,13085297,160.78266265282301,38785.1875,null,"Lifestyle Center",81385,"",null,""]
[690,"NonResidential","5342900000","TU2018","Office","ONE CONVENTION PLACE","One Convention Place","701 PIKE ST, SEATTLE, WA 98101",4695381,366554.40625,null,12.809506365059553,43.700000762939503,"Medium Low",90,"","",null,null,"Y","2015, 2014, 2013, 2011, 2009, 2008",137.19999694824199,16020642,43.706041250186175,null,null,"Office",366554.40625,"Parking",122821,""]
[692,"NonResidential","6780950000","TU2020","Other","2323 ELLIOTT - PARKING & OFFICE","2323 Elliott","2323 ELLIOTT AVE, SEATTLE, WA 98121",1533867,78852,78852,19.452480596560644,66.400001525878906,"Medium Low",null,"","",78852,78852,"Y","",208.39999389648401,5233553.5,66.371854867346414,null,null,"Parking",197040,"Office",78852,""]
[693,"NonResidential","7015350000","TU2020","Office","QUEEN ANNE SQUARE EAST","Queen Anne Square East (200)","200 W MERCER ST, SEATTLE, WA 98119",1287031,98668,null,13.044056837069769,44.5,"Medium Low",91,"","",null,null,"Y","2016, 2015, 2014, 2013, 2012, 2010, 2009",139.69999694824199,4391348,44.506303968865282,null,null,"Office",98668,"",null,""]
[694,"NonResidential","7135400000","TU2019","Office","RAINIER COMMONS","Rainier Brewery","3100 AIRPORT WAY S, SEATTLE, WA 98134",2326568,129359,130550,17.985358575746567,67.699996948242202,"Medium High",12,"","",129750,130550,"Y","",199.30000305175801,8751704,67.654388175542479,8134.5498046875,null,"Office",80157,"Multifamily Housing",34302,"Parking",26937]
[696,"NonResidential","7666200070","TU2019","Office","OCEAN BEAUTY SEAFOODS LLC","Ocean Beauty Seafoods, LLC","1100 W EWING ST, SEATTLE, WA 98119",5175178,105100,105100,49.240513796384398,210.10000610351599,"High Outlier",1,"","",66700,105100,"N","",571.70001220703102,22078064,210.06721217887727,44203.5703125,null,"Office",105100,"",null,""]
[701,"NonResidential","7666201690","TU2021","Retail Store","STAPLES BUILDING","Elliot Industrial","1523 15TH AVE W, SEATTLE, WA 98119",512301.8125,50660,50660,10.112550582313462,52.5,"Medium Low",51,"","",50660,50660,"Y","",127.300003051758,2661488,52.536281089617056,9135.1396484375,null,"Retail Store",50660,"",null,""]
[702,"NonResidential","7666201740","TU2021","Office","THE END OF ELLIOTT COMPLEX","Hays Elliot","1461 ELLIOTT AVE W, SEATTLE, WA 98119",389230.5,39879,61929,9.7602873692921079,55.200000762939503,"Medium High",59,"","",60929,61929,"Y","",127.59999847412099,2203026.5,55.242771884951978,8749.7197265625,null,"Office",39879,"",null,""]
[703,"NonResidential","7666202080","TU2019","Office","ELLIOTT WEST BLDG 3 - CELL THEREPEUTICS/ADMIN. OFF","501 Elliott Ave West","501 ELLIOTT AVE W, SEATTLE, WA 98119",7467200,110111,110111,67.815204657118727,231.39999389648401,"High Outlier",1,"","",110111,110111,"Y","",726.59997558593795,25478086,231.38547465739117,0,null,"Office",104667,"Parking",55000,"Data Center",5444]
[704,"NonResidential","7666202110","TU2020","Office","401 ELLIOTT WEST","401 Elliott Ave West","401 ELLIOTT AVE W, SEATTLE, WA 98119",7953456,87051,87051,91.365475410965985,311.70001220703102,"High Outlier",1,"","",87051,87051,"Y","",978.90002441406295,27137190,311.73898059758073,0,null,"Office",82273,"Parking",42500,"Data Center",4778]
[705,"NonResidential","7666202133","TU2019","Office","CLEAR CHANNEL (ACKERLY)- BLDG 1","351 Elliott Ave West","351 ELLIOTT AVE W, SEATTLE, WA 98119",2303040,106449,106449,21.635149226390102,73.800003051757798,"Highest Use",63,"","",103966,106449,"Y","",231.80000305175801,7857972.5,73.819129348326427,0,null,"Office",106449,"Parking",50258,""]
[706,"NonResidential","7666202160","TU2019","Office","333 ELLIOTT","333 Elliott West","333 ELLIOTT AVE W, SEATTLE, WA 98119",4354103,137201,137201,31.735213300194605,108.300003051758,"Highest Use",56,"","",137201,137201,"Y","",340,14856199,108.28054460244459,null,null,"Office",133451,"Parking",46763,"Data Center",3750]
[707,"NonResidential","7666202220","TU2019","Office","SEATTLE POST INTELLIGENCER","101 ELLIOTT AVENUE WEST","101 ELLIOTT AVE W, SEATTLE, WA 98119",1118781,109978,129362,10.172770917819928,50.099998474121101,"Medium Low",95,"","",129362,129362,"Y","2016, 2011, 2010, 2009",125.199996948242,5514308.5,50.140105293786029,16970.26953125,null,"Office",109978,"Parking",78848,""]
[708,"NonResidential","7666202240","TU2019","Office","3131 ELLIOTT BLDG","3131 Elliott Avenue","3131 ELLIOTT AVE, SEATTLE, WA 98121",3677691,195967,197203,18.766889323202378,64,"Medium High",65,"","",197203,197203,"Y","",201.10000610351599,12548282,64.032627942459698,null,null,"Office",181314,"Parking",84935,"Other",14653]
[709,"NonResidential","7666202295","TU2019","Office","PIER 69","Pier 69 Corporate HQ","2611 ALASKAN WAY, SEATTLE, WA 98121",2946509,191193,187130,15.41117614138593,52.599998474121101,"Medium Low",77,"PORT OF SEATTLE","2711 ALASKAN WAY",187130,187130,"Y","2010",165.10000610351599,10053489,52.582934521661358,null,null,"Office",171783,"Non-Refrigerated Warehouse",9581,"Other - Recreation",4413]
[710,"NonResidential","7666202320","TU2019","Office","WORLD TRADE CENTER NORTH","World Trade Center - North","2401 ELLIOTT AVE, SEATTLE, WA 98121",5037111,138935,133177,36.25516248605463,123.699996948242,"Highest Use",99,"","",133177,133177,"Y","2016, 2015, 2012, 2009",388.39999389648398,17186624,123.70262352898838,null,null,"Office",126218,"Data Center",12717,""]
[711,"NonResidential","7666202440","TU2019","Non-Refrigerated Warehouse","SHURGARD SELF STORAGE","08495-Pier 57","1334 ALASKAN WAY, SEATTLE, WA 98101",369940,95330,154330,3.8806251966851986,13.199999809265099,"Lowest Use",81,"","",154330,154330,"Y","",41.599998474121101,1262235.25,13.240692856393581,null,null,"Non-Refrigerated Warehouse",95330,"",null,""]
[712,"NonResidential","7666202475","TU2020","Office","51 UNIVERSITY (SCHWABACHER BLDG.)","51 University","51 UNIVERSITY ST, SEATTLE, WA 98101",1245287,98485,93555,12.64443316241052,45.799999237060497,"Medium Low",null,"","",91555,93555,"Y","",138.69999694824199,4515180.5,45.846377620957504,null,266262,"Office",64055,"Adult Education",14621,"Parking",12359]
[713,"NonResidential","7666202515","TU2019","Office","NATIONAL BUILDING","National Building","1000 WESTERN AVE, SEATTLE, WA 98104",1992276,130805.203125,167860,15.230862017745137,52,"Medium Low",70,"","",167860,167860,"Y","",163.19999694824199,6797647,51.967711051249516,null,null,"Office",110370.203125,"Retail Store",19801,"Data Center",634]
[715,"NonResidential","7666202565","TU2019","Office","POLSON BUILDING","Polson Building","71 COLUMBIA ST, SEATTLE, WA 98104",1047485,96480,112560,10.857016998341626,51.299999237060497,"Medium Low",86,"","",112560,112560,"Y","",131.30000305175801,4946798.5,51.272787106135986,13727.7802734375,null,"Office",80400,"Retail Store",16080,""]
[716,"NonResidential","7666202570","TU2020","Other","WESTERN BUILDING","Western Building","615 WESTERN AVE, SEATTLE, WA 98104",655304.5,81204,86204,8.0698549332545202,39.900001525878899,"Lowest Use",null,"","",81204,86204,"Y","",99.5,3241917,39.923119550761044,10060.1806640625,null,"Other",67670,"Retail Store",13534,""]
[717,"Nonresidential COS","7666203240","TU2019","Non-Refrigerated Warehouse","Airport Way Ctr - Bldg C","Airport Way Ctr - Bldg C","2203 AIRPORT WAY S, SEATTLE, WA 98134",2069794,160447,145158,12.900172642679514,52.299999237060497,"Highest Use",51,"","",145158,145158,"Y","",146.89999389648401,8384523,52.257274988002266,13223.84765625,null,"Non-Refrigerated Warehouse",101633,"Office",48544,"Other",10270]
[718,"NonResidential","7666203300","TU2019","Office","HOLGATE CENTER","Holgate Center","1737 AIRPORT WAY S, SEATTLE, WA 98134",2470454,110746,112896,22.307388077221752,92.900001525878906,"Highest Use",66,"","",112896,112896,"Y","",256.60000610351602,10287986,92.897133982265728,18587.96875,null,"Office",110746,"Parking",57500,""]
[719,"NonResidential","7666203440","TU2019","Distribution Center","MACMILLAN-PIPER EYRES WAREHOUSE","MACMILLAN-PIPER EYRES WAREHOUSE","1762 6TH AVE S, SEATTLE, WA 98134",297497.09375,110612,110613,2.68955532627563,9.1999998092651403,"Lowest Use",95,"","",107813,110613,"Y","",28.799999237060501,1015060.1875,9.1767637100857051,null,null,"Distribution Center",99551,"Office",11061,""]
[720,"NonResidential","7666203467","TU2019","Non-Refrigerated Warehouse","6TH & HOLGATE BUILDING","6th & Holgate Building","1926 6TH AVE S, SEATTLE, WA 98134",206641.09375,149881,149881,1.3787010611751991,16.100000381469702,"Medium Low",97,"","",143785,149881,"Y","",26.799999237060501,2417401.25,16.128803851055171,17123.419921875,null,"Non-Refrigerated Warehouse",119593,"Office",30288,""]
[722,"NonResidential","7666203530","TU2020","Non-Refrigerated Warehouse","INDUSTRIAL TRANSFER WHSE","(ID722)INDUSTRIAL TRANSFER WAREHOUSE","2440 6TH AVE S, SEATTLE, WA 98134",1703866,129420,98220,13.165399474578891,50,"Highest Use",12,"","",98220,98220,"Y","",146.39999389648401,6468090,49.977515067222996,6544.97998046875,null,"Non-Refrigerated Warehouse",129420,"",null,""]
[723,"NonResidential","7666203538","TU2020","Distribution Center","NORTH COAST ELECTRIC ETC","North Coast Electric","2400 8TH AVE S, SEATTLE, WA 98134",834794,81487,84420,10.244505258507491,35,"Medium High",55,"","",74920,84420,"Y","",109.800003051758,2848317.25,34.954253439198894,null,null,"Distribution Center",44300,"Office",24838,"Retail Store",12349]
[727,"NonResidential","7666204225","TU2021","Distribution Center","BEST FIXTURE/FILSON","2700 4th Ave S (Best Fixture/Filson)","2700 4TH AVE S, SEATTLE, WA 98134",296390.1875,56876,56876,5.2111644190871367,31.5,"Medium High",null,"","",56876,56876,"Y","",70.199996948242202,1791715.625,31.502138423939797,7804.3203125,null,"Distribution Center",48400,"Office",4276,"Retail Store",4200]
[728,"NonResidential","7666204430","TU2021","Non-Refrigerated Warehouse","PACIFIC IRON & METAL","Pacific Iron & Metal","2230 4TH AVE S, SEATTLE, WA 98134",522538.8125,61200,61200,8.538215890522876,80.300003051757798,"Highest Use",16,"","",61200,61200,"Y","",145.19999694824199,4912143,80.263774509803923,31292.408203125,null,"Non-Refrigerated Warehouse",61200,"",null,""]
[729,"NonResidential","7666204590","TU2019","Distribution Center","GENSCO INCORPORATED","Gensco Incorporated","1703 6TH AVE S, SEATTLE, WA 98134",307886.40625,109090,111908,2.8223155765881383,14.300000190734901,"Lowest Use",87,"","",99900,111908,"Y","",35.099998474121101,1555420.25,14.258137776148134,5049.11962890625,null,"Distribution Center",109090,"",null,""]
[730,"NonResidential","7666204685","TU2021","Other","KING COUNTY METRO TRANSIT RYERSON BASE","(ID#730)Campus 4:KC Metro Transit Ryerson Base","1200 4TH AVE S, SEATTLE, WA 98134",1243468,65700,63644,18.926453576864535,104.40000152587901,"Medium High",null,"","",65700,63644,"Y","",244.60000610351599,6858533.5,104.39168188736681,26158.220703125,null,"Other - Public Services",65700,"Parking",0,""]
[731,"NonResidential","7666204745","TU2021","Mixed Use Property","SALVATION ARMY","SALVATION ARMY (ID#731)","1000 4TH AVE S, SEATTLE, WA 98134",1066726,108753,89893,9.8087041277022244,33.5,"Lowest Use",null,"","",84414,89893,"Y","",105.09999847412099,3639670.25,33.46730894779914,null,null,"Non-Refrigerated Warehouse",58605,"Multifamily Housing",24338,"Retail Store",18864]
[732,"NonResidential","9231900160","TU2019","Supermarket/Grocery Store","FRED MEYER - GREENWOOD","70100122-Greenwood","100 NW 85TH ST, SEATTLE, WA 98117",3825270,168735,106345,{"$f":"I514/J514","v":22.670281802826917},100,"Lowest Use",91,"","",106345,106345,"Y","",266.60000610351602,16865978,{"$f":"W514/J514","v":99.955421222627194},38141.5625,null,"Supermarket/Grocery Store",168735,"Parking",0,"Parking",0]
[734,"NonResidential","2768302690","TU2020","Office","1455 LEARY BUILDING","1455 Leary","1455 NW LEARY WAY, SEATTLE, WA 98107",1411800,70074,71037,20.147272882952308,68.699996948242202,"Medium High",5,"","",71037,71037,"Y","",215.89999389648401,4817062,68.742500784884555,null,null,"Office",70074,"",null,""]
[735,"NonResidential","2771100415","TU2021","Non-Refrigerated Warehouse","SEA MARINE AND FISH SUPPLY CO","Seattle Marine & Fishing Supply Co.","2111 W COMMODORE WAY, SEATTLE, WA 98199",239653.296875,56259,56259,4.2598214841180964,41.700000762939503,"Medium High",null,"","",56259,56259,"Y","",74.199996948242202,2346571.5,41.710153042179918,15288.7412109375,null,"Non-Refrigerated Warehouse",31582,"Retail Store",20962,"Office",3715]
[738,"NonResidential","4207401365","TU2019","Other","UNIVERSITY OF WASHINGTON RESEARCH AND TECHNOL","UW Benjamin Hall IRB","616 NE NORTHLAKE PL, SEATTLE, WA 98105",4132700,119570,143439,34.563017479300825,214.39999389648401,"Highest Use",null,"","",143439,143439,"Y","",471.60000610351602,25631512,214.3640712553316,115307.40625,null,"Other",119570,"Parking",23869,""]
[739,"NonResidential","1973200389","TU2019","Office","LAKEVIEW AT FREMONT","Lakeview 837 N 34th","837 N 34TH ST, SEATTLE, WA 98103",2600670,111580,113768,23.307671625739381,79.5,"Highest Use",73,"","",113768,113768,"Y","2016, 2012",249.69999694824199,8873485,79.525766266355973,null,null,"Office",105206,"Parking",31992,"Fitness Center/Health Club/Gym",6374]
[740,"NonResidential","1972206514","TU2021","Office","THE CANAL VIEW BUILDING","The Canal View Building","551 N 34TH ST, SEATTLE, WA 98103",1606550,77174,51374,20.817244149584056,71,"Highest Use",33,"","",51374,51374,"Y","",223,5481549,71.028442221473554,0,null,"Office",77174,"",null,""]
[741,"NonResidential","2249500235","TU2019","Office","1000 DEXTER PHASE II","1000 Dexter-RREEF  SeaDPD ID 741","1000 DEXTER AVE N, SEATTLE, WA 98109",2010316,107415,110524,18.715412186379929,63.900001525878899,"Medium High",57,"","",110524,110524,"Y","2011, 2009",200.5,6859198,63.856984592468464,null,null,"Office",98781,"Other",8634,"Parking",0]
[742,"NonResidential","2163901105","TU2019","Mixed Use Property","1100 EASTLAKE - (2013)","1100 Eastlake","1100 EASTLAKE AVE E, SEATTLE, WA 98109",5101848,150374,183574,33.92772686767659,139.89999389648401,"Highest Use",null,"","",183574,183574,"Y","",388.89999389648398,21042926,139.93726309069388,36354.21484375,null,"Parking",97500,"Office",88051,"Other",54106]
[743,"NonResidential","2163901160","TU2020","Other","ZYMOGENETICS-DENDREON","Dendreon Pharmaceuticals Inc. (Building Owner is Alexandria Real Estate)","1208 EASTLAKE AVE E, SEATTLE, WA 98102",4956972,97365,97366,50.911230935140964,374.20001220703102,"Highest Use",null,"","",97366,97366,"Y","",756,36436388,374.22470086786831,195232.015625,null,"Laboratory",97365,"",null,""]
[744,"NonResidential","1989200750","TU2019","Office","WEST TOWER","West Tower","400 2ND AVE W, SEATTLE, WA 98119",2487806,163082,157186,15.254939233023878,53.099998474121101,"Medium Low",88,"","",157186,157186,"Y","2009",164.5,8655604,53.075164641100798,1672.09826660156,null,"Office",163082,"Parking",83425,""]
[745,"NonResidential","1989201385","TU2020","Office","190 QUEEN ANNE & AS PKG -1315 - 0925 (190 QUEEN AN","190 Queen Anne","190 QUEEN ANNE AVE N, SEATTLE, WA 98109",1189706,89075,84210,13.356227897838901,53.299999237060497,"Medium Low",85,"","",84210,84210,"Y","",151.19999694824199,4750799,53.33481897277575,6915.23388671875,null,"Office",89075,"Parking",15164,""]
[748,"NonResidential","7666202292","TU2020","Office","PIER 70","Pier 70","2801 ALASKAN WAY, SEATTLE, WA 98121",2405997,106190,76893,22.657472455033432,113.300003051758,"Highest Use",null,"TRIAD PIER 70, LLC","2801 ALASKAN WAY",76893,76893,"Y","",280.5,12029600,113.28373669837084,38203.390625,null,"Office",90345,"Parking",33380,"Retail Store",15845]
[749,"NonResidential","0656000410","TU2019","Office","FOURTH & VINE BLDG","Fourth and Vine","2601 4TH AVE, SEATTLE, WA 98121",2390312,128359,126370,18.622083375532686,72.800003051757798,"Highest Use",66,"MARTIN SELIG REAL ESTATE","2615 4TH AVE",126370,126370,"Y","2009",209.19999694824199,9343428,72.791374192693922,11876.8447265625,null,"Office",128359,"Parking",22202,""]
[750,"NonResidential","0660001255","TU2018","Office","Children's Hospital Research Building #2","Children's Hospital Research Building #2","1915 TERRY AVE, SEATTLE, WA 98101",4641282,274362,274362,16.916635685699916,60.299999237060497,"Medium High",82,"","",274362,274362,"Y","2016",183.89999389648401,16540550,60.287321130477252,7044.939453125,null,"Office",274362,"",null,""]
[751,"NonResidential","0697000235","TU2018","Office","BLANCHARD PLAZA","Blanchard Plaza","2201 6TH AVE, SEATTLE, WA 98121",4420667,270237,261722,16.358481629088541,65.699996948242202,"Medium High",85,"","",261722,261722,"Y","2016, 2013, 2012, 2011, 2010, 2009, 2008",185.60000610351599,17750994,65.686763840628785,26676.80078125,null,"Office",270237,"Parking",71602,""]
[752,"NonResidential","0659000930","TU2019","Office","ACTIVE VOICE  BUILDING (FORMERLY SIXTH & LENORA)","ACTIVE VOICE","2033 6TH AVE, SEATTLE, WA 98121",2112983,174959,169020,12.077018044227504,65.599998474121094,"Medium High",83,"","",156737,169020,"Y","",157.5,11480494,65.618196263124503,13834.3203125,2887565.25,"Office",156414,"Bar/Nightclub",10337,"Personal Services (Health/Beauty, Dry Cleaning, etc)",8208]
[753,"NonResidential","0659000950","TU2018","Other","THE WESTIN BUILDING","WestinBuilding","2001 6TH AVE, SEATTLE, WA 98121",80460880,429406,429405,187.37716752909833,639.70001220703102,"Highest Use",98,"","",421345,429405,"Y","",2007.90002441406,274682208,639.67948282045427,1496.72021484375,null,"Data Center",218997,"Office",210409,""]
[754,"NonResidential","0659000305","TU2018","Office","720 OLIVE BLDG","Eighth & Olive - New","720 OLIVE WAY, SEATTLE, WA 98101",4653778,331241,293737,14.049522854960587,47.900001525878899,"Medium Low",90,"","",293737,293737,"Y","2016, 2015, 2013, 2012, 2011, 2010, 2009, 2008",150.5,15878689,47.936967344018406,null,null,"Office",312442,"Parking",84800,"Medical Office",18799]
[755,"NonResidential","0659000085","TU2018","Medical Office","MEDICAL DENTAL BUILDING","Medical Dental Building","509 OLIVE WAY, SEATTLE, WA 98101",4690019,303117,335064,15.472635978846451,72.900001525878906,"Medium Low",68,"","",335064,335064,"Y","",190,22104512,72.924026036151062,119.810005187988,6090187.5,"Medical Office",281598,"Parking",27597,"Retail Store",21519]
[756,"NonResidential","1976700005","TU2020","Retail Store","OLD NAVY","601 Pine St","601 PINE ST, SEATTLE, WA 98101",2103560,78920,78920,26.654333502280792,105.199996948242,"Highest Use",80,"","",78920,78920,"Y","",300.60000610351602,8303666.5,105.21625063355296,11263.19921875,null,"Retail Store",78920,"",null,""]
[757,"NonResidential","1977200280","TUOPT","Office","MARKET PLACE ONE & TWO","Market Place I & II-2003 Western Avenue","2001 WESTERN AVE, SEATTLE, WA 98121",1427645,131101.09375,43983,10.889649805076473,48,"Medium Low",93,"PPF OFF 2001 WESTERN AVE, LLC / UNICO","2001 WESTERN AVE",null,43983,"Y","",128,6287167,47.956632703531504,14160.4091796875,null,"Office",120248.1015625,"Retail Store",10853,""]
[758,"NonResidential","6600470000","TU2018","Other","PACIFIC PLACE","Pacific Place","600 PINE ST, SEATTLE, WA 98101",13631580,746684,null,18.256156553508578,62.299999237060497,"Medium Low",null,"BARNES & NOBLE BOOKSELLERS NO 2957","600 PINE ST",null,null,"Y","",195.60000610351599,46510960,62.290018267433076,null,null,"Other - Mall",561684,"Other - Entertainment/Public Assembly",100000,"Restaurant",80000]
[758,"NonResidential","6600470000","TU2018","Other","PACIFIC PLACE","Pacific Place","600 PINE ST, SEATTLE, WA 98101",13631580,746684,null,18.256156553508578,62.299999237060497,"Medium Low",null,"FORVER 21","601 PINE ST",null,null,"Y","",195.60000610351599,46510960,62.290018267433076,null,null,"Other - Mall",561684,"Other - Entertainment/Public Assembly",100000,"Restaurant",80000]
[759,"NonResidential","6003500460","TU2021","Mixed Use Property","ODD FELLOWS LODGE - RETAIL","Oddfellows","915 E PINE ST, SEATTLE, WA 98122",285435.90625,55520,55520,5.1411366399495675,66.400001525878906,"Medium High",null,"","",55520,55520,"Y","",106.40000152587901,3686962.25,66.407821505763692,27130.55078125,null,"Office",17120,"Performing Arts",15300,"Self-Storage Facility",13400]
[760,"NonResidential","1977200040","TU2019","Office","BROADACRES BLDG","Broadacres Building","1601 2ND AVE, SEATTLE, WA 98101",657827.3125,138257,132998,4.7580036634673109,27.299999237060501,"Lowest Use",97,"BROADACRES BUILDING LLC","1601 2ND AVE",119567,132998,"Y","",64.300003051757798,3775187.5,27.305579464330918,null,1530680.625,"Office",138257,"Retail Store",0,""]
[761,"NonResidential","1975700300","TU2020","Retail Store","ROSS DRESS FOR LESS","Ross Dress for Less","301 PIKE ST, SEATTLE, WA 98101",647543.8125,45000,83118,14.3898625,54.299999237060497,"Medium Low",59,"ROSS STORES INC STORE 352","301 PIKE ST",83118,83118,"Y","",159.60000610351599,2443141.5,54.292033333333336,2337.2197265625,null,"Retail Store",45000,"",null,""]
[762,"NonResidential","1975700485","TU2020","Retail Store","KRESS BUILDING","Kress Building","1419 3RD AVE, SEATTLE, WA 98101",2286651,73563,77555,31.084254312629991,106.09999847412099,"Highest Use",39,"ROIC KRESS LLC","1423 3RD AVE",77555,77555,"Y","",333,7802205.5,106.06154588583935,1.5300000905990601,null,"Retail Store",73563,"",null,""]
[763,"NonResidential","7666202405","TU2021","Office","MARKET SQUARE","Market Square","1415 WESTERN AVE, SEATTLE, WA 98101",845879.6875,51957,51218,16.280379688973575,55.5,"Medium High",57,"1415 WESTERN LLC","1416 ALASKAN WAY",51218,51218,"Y","",174.39999389648401,2886141.5,55.548655619069613,null,null,"Office",44913,"Restaurant",7044,""]
[764,"NonResidential","0002400002","TU2018","Office","FINANCIAL CENTER","Financial Center - COS Compliance","1215 4TH AVE, SEATTLE, WA 98101",9564433,387655,489182,24.672538726444905,84.199996948242202,"Highest Use",47,"","",489182,489182,"Y","",264.29998779296898,32633844,84.182698533489827,null,null,"Office",371450,"Parking",65451,"Other",9295]
[766,"NonResidential","1975200015","TU2019","Office","1200 3RD AVENUE","1200 3rd Ave","1200 3RD AVE, SEATTLE, WA 98101",5579254,164385,189175,33.940164856890839,115.800003051758,"Highest Use",13,"","",189175,189175,"Y","",363.60000610351602,19036416,115.80385071630623,null,null,"Office",151740,"Other",12645,""]
[767,"NonResidential","0939000485","TU2018","Office","1015 THIRD AVENUE BLDG - EXPEDITORS INTERNATIONAL","1015 3rd Ave","1015 3RD AVE, SEATTLE, WA 98104",5004145,145491,219322,34.39487665903733,117.40000152587901,"Highest Use",25,"","",219322,219322,"Y","",368.5,17074142,117.3553140744101,null,null,"Office",145491,"Parking",70603,""]
[768,"NonResidential","7666202480","TU2019","Office","1201 WESTERN BUILDING","1201 Western Avenue","1201 WESTERN AVE, SEATTLE, WA 98101",1281306,111647,122356,11.476403306851058,41.099998474121101,"Lowest Use",91,"1201 WESTERN BUILDING","1201 WESTERN AVE",122356,122356,"Y","",125,4585070.5,41.067565630961873,2132.5498046875,null,"Office",95942,"Retail Store",15523,"Data Center",182]
[769,"NonResidential","0939000240","TU2021","Office","UNITED WAY","United Way of King County","720 2ND AVE, SEATTLE, WA 98104",576979.8125,50250,52298,11.482185323383085,39.200000762939503,"Lowest Use",89,"UNITED WAY OF KING COUNTY","205 COLUMBIA ST",52298,52298,"Y","",123,1968655.125,39.177216417910451,null,null,"Office",50250,"",null,""]
[771,"NonResidential","0939000230","TU2019","Office","HOGE BUILDING","Hoge Building","705 2ND AVE, SEATTLE, WA 98104",1471839,96076,116640,15.319528290103667,70.300003051757798,"Medium High",75,"HOGE BUILDING","701-05 2ND AVE",116640,116640,"Y","",185.89999389648401,6758565.5,70.346033348599022,null,1736650.625,"Office",82053,"Financial Office",6561,"Food Service",6333]
[772,"NonResidential","0942000470","TU2018","Office","BANK OF AMERICA FIFTH AVENUE PLAZA","800 Fifth Avenue","800 5TH AVE, SEATTLE, WA 98104",11131510,996638,1047934,11.169060381000925,38.099998474121101,"Lowest Use",95,"","",1047934,1047934,"Y","2016, 2015, 2014, 2013, 2012, 2011, 2010, 2009, 2008, 2007, 2006, 2005, 2003, 2002, 2000",119.699996948242,37980712,38.108833899570357,null,null,"Office",983697,"Parking",296815,"Medical Office",12941]
[774,"NonResidential","0942000590","TU2019","Office","PACIFIC BUILDING","Pacific Building","720 3RD AVE, SEATTLE, WA 98104",2489279,129000,129000,19.296736434108528,65.800003051757798,"Medium High",69,"720 3RD AVE PARTNERS LLC","720 3RD AVE",129000,129000,"Y","",206.69999694824199,8493420,65.840465116279063,null,null,"Office",129000,"Parking",77887.796875,""]
[775,"NonResidential","0942000640","TU2018","Office","COLUMBIA CENTER","Columbia Center - 2015","701 5TH AVE, SEATTLE, WA 98104",25747910,1680937,1632820,15.317593699228466,55.299999237060497,"Medium High",86,"","",1632820,1632820,"Y","2017, 2016, 2015, 2012, 2009, 2007, 2006",167.30000305175801,92937640,55.289186923721708,50857.6328125,null,"Office",1680937,"Parking",319368,""]
[776,"NonResidential","8590900765","TU2020","Medical Office","FIRST HILL MEDICAL BUILDING","First Hill Medical Building","515 MINOR AVE, SEATTLE, WA 98104",2307621,81873,89025,28.185372467113702,104.09999847412099,"Medium High",15,"","",77775,89025,"Y","",310.29998779296898,8523594,104.10750796966033,6499.92529296875,null,"Medical Office",81873,"Parking",67000,""]
[777,"NonResidential","2254500945","TU2021","College/University","HOSPITAL CENTRAL SERVICES LAUNDRY","Hospital Central Services Laundry","1300 E COLUMBIA ST, SEATTLE, WA 98122",173807,60122,60122,2.8909051595089985,11.5,"Lowest Use",null,"","",60122,60122,"Y","",32.700000762939503,690529.5,11.485471208542631,974.99987792968795,null,"College/University",60122,"Parking",0,""]
[778,"NonResidential","7666206830","TU2020","Office","101 KING STREET","1st && King Street","500 1ST AVE S, SEATTLE, WA 98104",1167594,84481,81300,13.820788106201395,48,"Medium Low",83,"","",72650,81300,"Y","",148.89999389648401,4052720,47.971970028763863,688.88000488281295,null,"Office",84481,"Parking",8474,""]
[779,"NonResidential","0942000920","TU2018","Office","ADMINISTRATION BUILDING - KING COUNTY","Administration Building","500 4TH AVE, SEATTLE, WA 98104",3289862,204993,224857,16.048655319937755,74.5,"Highest Use",71,"","",218933,224857,"Y","",195.69999694824199,15272491,74.502500085368766,null,4047481,"Office",204993,"",null,""]
[780,"NonResidential","5247800795","TU2018","Office","KING STREET CENTER","King Street Center","201 S JACKSON ST, SEATTLE, WA 98104",3976597,343400,321473,11.580072801397787,39.5,"Lowest Use",96,"","",321473,321473,"Y","2014, 2010, 2008, 2001",124.09999847412099,13568148,39.511205591147352,null,null,"Office",343400,"Parking",114237,""]
[782,"NonResidential","7666206955","TU2021","Other","DOT 17G_01 1051 BUILDING","DOT 17G_01 1051 BUILDING","1051 1ST AVE S, SEATTLE, WA 98134",210377.09375,58500,58492,3.5961896367521367,27.299999237060501,"Lowest Use",null,"","",58492,58492,"Y","",54.299999237060497,1594422.5,27.255085470085469,8766.16015625,null,"Other",58500,"",null,""]
[783,"NonResidential","7666206440","TU2021","Office","MC KINNON FURNITURE","Taylor Edwards Building","1518 1ST AVE S, SEATTLE, WA 98134",1275799,59881,62370,21.305572719226465,72.699996948242202,"Highest Use",30,"","",62370,62370,"Y","",228.30000305175801,4353025,72.694594278652659,null,null,"Office",49473,"Restaurant",10408,""]
[784,"NonResidential","7666204495","TU2020","Non-Refrigerated Warehouse","GRAYBAR ELECTRIC","SEWA","1919 6TH AVE S, SEATTLE, WA 98134",327543,77800,73296,4.2100642673521849,30.299999237060501,"Medium High",83,"","",53896,73296,"Y","2014",61.799999237060497,2356376.75,30.287618894601543,12388.0009765625,null,"Non-Refrigerated Warehouse",77800,"Parking",0,""]
[785,"Nonresidential COS","7666203240","TU2019","Other","Airport Way Ctr - Bldg A","Airport Way Ctr - Bldg A","2203 AIRPORT WAY S, SEATTLE, WA 98134",3741539,99122,102075,37.74680696515405,146,"Highest Use",null,"","",102075,102075,"Y","",422.39999389648398,14469228,145.97393111519139,17030.98046875,null,"Other",50036,"Office",49086,""]
[786,"NonResidential","7666203489","TU2021","Other","J D OTT COMPANY (2244 6th Ave S)","J D OTT COMPANY (2244 6th Ave S)","2244 6TH AVE S, SEATTLE, WA 98134",1569291,77000,66133,20.380402597402597,82.400001525878906,"Medium High",null,"","",61296,66133,"Y","",231.89999389648401,6345009.5,82.402720779220786,9905.890625,null,"Other",60787,"Office",13805,"Non-Refrigerated Warehouse",2408]
[787,"NonResidential","7666207627","TU2019","Non-Refrigerated Warehouse","Seattle Lighting Distribution Center","Seattle Lighting Distribution Center","26 S HANFORD ST, SEATTLE, WA 98134",485913.1875,114628,115668,4.239044452489793,30.799999237060501,"Medium High",null,"","",109593,115668,"Y","",62.599998474121101,3534690.75,30.836189674425096,18767.55078125,null,"Non-Refrigerated Warehouse",101752,"Office",8068,"Retail Store",4270]
[791,"NonResidential","7376600390","TU2019","Other","UPS WAREHOUSE","United Parcel Service","4455 7TH AVE S, SEATTLE, WA 98108",1955785,152511,141686,12.823894669892663,43.799999237060497,"Medium Low",null,"","",136026,141686,"Y","",137.39999389648401,6673138,43.755125859774047,null,null,"Other",152511,"",null,""]
[792,"NonResidential","3573700320","TU2020","Office","MCKINSTRY HEADQUARTERS","McKinstry SEA - 5005 3rd Ave S Office","5005 3RD AVE S, SEATTLE, WA 98134",1136506,101780,93610,11.166299862448419,61.299999237060497,"Medium High",95,"","",78330,93610,"Y","2016",144,6235947,61.268883867164469,23581.890625,null,"Office",101278,"Data Center",502,""]
[793,"NonResidential","2738100010","TU2019","Office","ATRIUM BLUILDING - SEATTLE DESIGN CENTER","Seattle Design Center (Atrium Building)","5601 6TH AVE S, SEATTLE, WA 98108",1921888,141917,156188,13.542338127215203,48.200000762939503,"Medium Low",67,"","",156188,156188,"Y","",147.19999694824199,6843855,48.224349443688915,2863.73022460938,null,"Office",141917,"Parking",0,""]
[794,"NonResidential","2738100480","TU2019","Non-Refrigerated Warehouse","BLDG C NW CORP PARK","NWCP-SEA Bldg C","703 S FIDALGO ST, SEATTLE, WA 98108",572056.375,56900,104900,10.053714850615114,34.299999237060497,"Medium High",11,"","",104900,104900,"Y","",107.699996948242,1951856.25,34.303273286467487,null,null,"Non-Refrigerated Warehouse",56900,"",null,""]
[796,"NonResidential","5367200610","TU2018","Retail Store","6100 BUILDING","6100 Building","6100 4TH AVE S, SEATTLE, WA 98108",3157618,208933,238148,15.113064953836876,51.599998474121101,"Medium Low",32,"","",238148,238148,"Y","",161.89999389648401,10773794,51.565784246624517,null,null,"Retail Store",179456,"Office",29477,"Parking",5616]
[798,"NonResidential","2924049101","TU2021","Non-Refrigerated Warehouse","PIONEER HUMAN SERVICES","OPS","7440 W MARGINAL WAY S, SEATTLE, WA 98108",629893.5,55450,55450,11.359666366095581,78.400001525878906,"Highest Use",31,"","",55450,55450,"Y","",163.30000305175801,4345698,78.37146979260595,21965.013671875,null,"Non-Refrigerated Warehouse",34206,"Office",21244,""]
[799,"NonResidential","3224049012","TU2021","Distribution Center","CLOVERDALE BUSINESS PARK","Cloverdale Business Park Building D","309 S CLOVERDALE ST, SEATTLE, WA 98108",363654.1875,55000,54880,6.6118943181818182,50.200000762939503,"Highest Use",32,"","",54880,54880,"Y","",99.900001525878906,2763597,50.247218181818184,15228.08984375,null,"Distribution Center",55000,"",null,""]
[800,"NonResidential","3624039166","TU2019","Retail Store","TARGET STORE","WEST SEATTLE (0637)","2800 SW BARTON ST, SEATTLE, WA 98126",1457466,99471,113390,14.652169979189914,73.400001525878906,"Medium High",81,"","",110450,113390,"Y","2011",181.60000610351599,7305474,73.443254817987153,23325.99609375,null,"Retail Store",99471,"Parking",0,""]
[801,"NonResidential","0925049425","TU2020","Other","UNIVERSITY VILLAGE PARKING GARAGE/RETAIL/STORAGE","NORTH BLDG","2650 NE 49TH ST, SEATTLE, WA 98105",2246068,82176,88498,27.332408489096572,108.5,"Medium High",null,"","",88498,88498,"Y","",308.79998779296898,8915523,108.49302716121495,12519.37890625,null,"Parking",232685,"Retail Store",63419,"Non-Refrigerated Warehouse",15757]
[802,"NonResidential","5260300005","TU2021","Supermarket/Grocery Store","Q.F.C. AND RITE AID DRUG STORE","70500849 -- Rainier Valley","2707 RAINIER AVE S, SEATTLE, WA 98144",1268267,27382,50785,46.317544372215323,271.70001220703102,"Medium Low",57,"","",48328,50785,"Y","",615.59997558593795,7439009,271.67515155941862,31116.8359375,null,"Supermarket/Grocery Store",27382,"",null,""]
[803,"NonResidential","5367202506","TU2020","Office","200 SW MICHIGAN","200 SW Michigan","200 SW MICHIGAN ST, SEATTLE, WA 98106",5454296,81526,85126,66.902534160881189,236.69999694824199,"High Outlier",1,"","",85126,85126,"Y","",725.59997558593795,19295188,236.6752692392611,6851.318359375,null,"Office",81526,"",null,""]
[804,"NonResidential","2926049109","TU2018","Other","NORTHGATE NORTH","Northgate North","300 NE NORTHGATE WAY, SEATTLE, WA 98125",3107313,303679,283435,10.232228767876606,null,"",null,"","",258074,283435,"N","",null,null,0,null,null,"Parking",321828,"Retail Store",298043,"Other",5636]
[805,"NonResidential","7666207536","TU2018","Distribution Center","PORTSIDE DISTRIBUTION CENTER","Portside Distribution Center","4050 E MARGINAL WAY S, SEATTLE, WA 98134",2198679,407491,411584,5.3956504560836924,37,"Medium High",43,"","",407491,411584,"Y","",77.400001525878906,15091579,37.035367652291704,75896.8515625,null,"Distribution Center",288048,"Non-Refrigerated Warehouse",83683,"Refrigerated Warehouse",35760]
[806,"NonResidential","5247800865","TU2020","Mixed Use Property","U.S. RUBBER BLDG.","US Rubber Building","212 S JACKSON ST, SEATTLE, WA 98104",199789.5,57100,73320,3.498940455341506,20,"Lowest Use",null,"","",73320,73320,"Y","",45.900001525878899,1141189.75,19.985809982486867,4595.07958984375,null,"Non-Refrigerated Warehouse",27283,"Office",23277,"Retail Store",6540]
[807,"NonResidential","3879902265","TU2019","Office","645 ELLIOTT - NORTH BUILDING","645 Elliot - North Building","645 ELLIOTT AVE W, SEATTLE, WA 98119",2838212,149081,142510,19.038053138897645,65,"Medium High",77,"","",142510,142510,"Y","",204,9683979,64.957835002448334,null,null,"Office",149081,"Parking",76364,""]
[809,"NonResidential","5247800735","TU2020","Office","WASHINGTON SHOE BUILDING","Washington Shoe Building","159 S JACKSON ST, SEATTLE, WA 98104",1346383,95760,79920,14.059972848788638,56.299999237060497,"Medium High",83,"SAMIS FOUNDATION","400 OCCIDENTAL AVE",79920,79920,"Y","",159.39999389648401,5392617.5,56.31388366750209,7987.580078125,null,"Office",95760,"",null,""]
[811,"NonResidential","1824049060","TU2019","Non-Refrigerated Warehouse","CITY COMMERCE PARK","City Commerce Park","4143 1ST AVE S, SEATTLE, WA 98134",1013934,178087,179413,{"$f":"I578/J578","v":5.6934756607725436},19.399999618530298,"Medium Low",57,"","",170053,179413,"Y","",61,3459543,{"$f":"W578/J578","v":19.426140032680657},null,null,"Non-Refrigerated Warehouse",178087,"",null,""]
[812,"NonResidential","7666207611","TU2021","Non-Refrigerated Warehouse","SEATTLE POTTERY","Seattle Pottery Supply","35 S HANFORD ST, SEATTLE, WA 98134",177600,70200,65288,2.5299145299145298,8.6000003814697301,"Lowest Use",null,"","",54632,65288,"Y","",27.100000381469702,605971.1875,8.6320681980056975,null,null,"Non-Refrigerated Warehouse",60000,"Other - Services",5000,"Retail Store",5000]
[813,"NonResidential","7666703967","TU2019","Non-Refrigerated Warehouse","PUGET SOUND -TERMINAL 7 B","3546 W Marginal Way SW","3546 W MARGINAL WAY SW, SEATTLE, WA 98106",176507.90625,170632,170632,1.034436133023114,3.5,"Lowest Use",98,"","",170632,170632,"Y","",11.1000003814697,602245,3.5294962257958646,null,null,"Non-Refrigerated Warehouse",164806,"Office",5826,""]
[814,"NonResidential","8807900130","TU2018","Office","WEST LAKE UNION CENTER- 1501 WESTLAKE","West Lake Union Center","1505 WESTLAKE AVE N, SEATTLE, WA 98109",3065416,220033,381511,13.93161934800689,50.200000762939503,"Medium Low",89,"","",381511,381511,"Y","2017, 2015, 2014, 2013, 2011",152.10000610351599,11050042,50.21993064676662,5908.41064453125,null,"Office",220033,"Parking",168978,""]
[815,"NonResidential","0942001155","TU2018","Office","FIFTH & YESLER BLDG.","Fifth and Yesler","300 5TH AVE, SEATTLE, WA 98104",3995059,299055,275166,13.358944006955243,45.599998474121101,"Medium Low",91,"","",275166,275166,"Y","2016",143.10000610351599,13631141,45.580715921820399,null,null,"Office",299055,"Parking",91220,""]
[819,"NonResidential","0925049346","TU2020","Retail Store","UNIVERSITY VILLAGE SHOPPING CENTER BLDG D","BLDG D","2623 NE UNIVERSITY VILLAGE ST, SEATTLE, WA 98105",1138434,92822,93803,12.264700178836915,58.799999237060497,"Medium High",null,"","",92822,93803,"Y","",149.10000610351599,5453438.5,58.751572902975589,15691.029296875,null,"Retail Store",85572,"Restaurant",2950,"Other",2500]
[820,"SPS-District K-12","0007600137","TU2021","K-12 School","GATZERT ELEMENTARY SCHOOL (SPS-DISTRICT)","Bailey Gatzert Elementary","1301 E YESLER WAY, SEATTLE, WA 98122",563318.875,52924,52924,10.64392099992442,36.299999237060497,"Medium Low",79,null,null,52924,52924,"Y","",114,1922044,36.317058423399594,null,null,"K-12 School",52924,"",null,""]
[821,"NonResidential","0323049194","TU2019","Non-Refrigerated Warehouse","ENCOMPASS","3701 S. Norfolk","3701 S NORFOLK ST, SEATTLE, WA 98118",880501.5,136917,123000,6.4309143495694467,21.899999618530298,"Medium Low",47,"","",123000,123000,"Y","",68.900001525878906,3004271,21.942278898894951,null,null,"Non-Refrigerated Warehouse",112484,"Office",24433,""]
[822,"NonResidential","0323049221","TU2021","Non-Refrigerated Warehouse","98 NORFOLK","(ID#822) 98 NORFOLK","9877 40TH AVE S, SEATTLE, WA 98118",181961.59375,60448,60448,3.0102169426614611,17.399999618530298,"Medium Low",90,"","",60448,60448,"Y","",39.700000762939503,1052244.75,17.407436970619376,4313.92041015625,null,"Non-Refrigerated Warehouse",52702,"Office",7746,""]
[828,"NonResidential","1978201096","TU2018","Hospital","SWEDISH HOSPITAL MEDICAL CENTER First Hill Campus","Swedish First Hill","747 BROADWAY, SEATTLE, WA 98122",40842568,1639334,null,24.914122442406491,172.89999389648401,"Medium Low",57,"","",null,null,"Y","",371.79998779296898,283428416,172.89241606652459,91301.15625,134943456,"Hospital (General Medical & Surgical)",1639334,"Parking",441551,""]
[830,"NonResidential","2197600100","TU2021","Mixed Use Property","CHILDHAVEN","childhaven","316 BROADWAY, SEATTLE, WA 98122",763418.375,45600,55800,16.741631030701754,58.200000762939503,"Medium High",null,"","",55800,55800,"Y","",180.5,2655387.5,58.232182017543863,506.0400390625,null,"Other",26400,"Office",19200,"Parking",17000]
[831,"NonResidential","2197600250","TU2019","Medical Office","600 BROADWAY MED CENTER","600 Broadway","600 BROADWAY, SEATTLE, WA 98122",3447113,146150,130262,23.586130687649675,87.099998474121094,"Medium High",59,"","",130262,130262,"Y","",259.70001220703102,12731388,87.111789257612045,9698.369140625,null,"Medical Office",146150,"Parking",139000,""]
[837,"NonResidential","2516000215","TU2020","Non-Refrigerated Warehouse","PEOPLES MINI-STORAGE","Peoples Storage","4213 LEARY WAY NW, SEATTLE, WA 98107",301186.6875,87332,80874,3.4487551813768147,13.300000190734901,"Lowest Use",87,"","",80074,80874,"Y","",38.599998474121101,1165598.875,13.346755771080474,1379.50012207031,null,"Non-Refrigerated Warehouse",87332,"",null,""]
[839,"NonResidential","1978201320","TU2019","Hotel","SILVER CLOUD INN - BROADWAY","Silver Cloud Inn - Broadway","1100 BROADWAY, SEATTLE, WA 98122",1641705,100528,100528,16.330823253222981,133.39999389648401,"Highest Use",28,"","",100528,100528,"Y","",256.5,13410041,133.39607870444055,78085.4296875,null,"Hotel",100528,"Parking",50017,""]
[841,"NonResidential","1991200005","TU2019","Other","EXPERIENCE MUSIC PROJECT (EMP) & SCI-FI MUSEUM","EMP Museum","325 5TH AVE N, SEATTLE, WA 98109",4271149,140000,141718,30.508207142857142,136.30000305175801,"Highest Use",null,"","",141718,141718,"Y","",360.70001220703102,19085174,136.32267142857143,45120.13671875,null,"Other - Entertainment/Public Assembly",134197,"Restaurant",5803,""]
[843,"NonResidential","5457800400","TU2020","Hotel","THE MAXWELL HOTEL - SEATTLE","The Maxwell Hotel","300 ROY ST, SEATTLE, WA 98109",1414199,96006,90583,14.730318938399684,98.400001525878906,"Highest Use",6,"","",90583,90583,"Y","",208.30000305175801,9444484,98.373893298335517,46192.36328125,null,"Hotel",92000,"Parking",20000,"Restaurant",4006]
[845,"NonResidential","6003500780","TU2019","Non-Refrigerated Warehouse","SHURGARD STORAGE","08501-Capitol Hill","1815 12TH AVE, SEATTLE, WA 98122",317623,132828,132828,2.39123528171771,8.1999998092651403,"Lowest Use",83,"","",131428,132828,"Y","",25.600000381469702,1083729.625,8.1588943972656374,null,null,"Non-Refrigerated Warehouse",132828,"",null,""]
[847,"NonResidential","3024049003","TU2020","Non-Refrigerated Warehouse","PIONEER INDUSTRIES","Pioneer Industries","7000 HIGHLAND PARK WAY SW, SEATTLE, WA 98106",2906503,70400,70400,41.285553977272727,198.30000305175801,"Highest Use",1,"","",70400,70400,"Y","",502.70001220703102,13962749,198.3345028409091,40457.609375,null,"Non-Refrigerated Warehouse",58047,"Office",12353,""]
[848,"NonResidential","3026049093","TU2019","Retail Store","HOME DEPOT","#4706 Bitterlake","11700 AURORA AVE N, SEATTLE, WA 98133",1739556,130767,101830,13.302713987473904,81.900001525878906,"Medium High",60,"","",101830,101830,"Y","",180.89999389648401,10713006,81.924384592443047,47776.3984375,null,"Retail Store",130767,"",null,""]
[850,"SPS-District K-12","3416600240","TU2021","K-12 School","LESCHI ELEMENTARY SCHOOL (SPS-DISTRICT)","Leschi Elementary","135 32ND AVE, SEATTLE, WA 98122",454147.1875,55353,55353,8.2045632124726762,28,"Lowest Use",95,null,null,55353,55353,"Y","2016",87.900001525878906,1549550.25,27.993970516503172,null,null,"K-12 School",55353,"",null,""]
[851,"NonResidential","3646100185","TU2020","College/University","SEATTLE CENTRAL VOCATIONAL SCHOOL","SCCC SEATTLE VOCATIONAL INST.","2120 S JACKSON ST, SEATTLE, WA 98144",1858680,114000,76700,16.304210526315789,66.400001525878906,"Medium Low",null,"","",76700,76700,"Y","",186,7575080,66.448070175438602,12332.638671875,null,"College/University",114000,"",null,""]
[854,"SPS-District K-12","7666205235","TU2018","Other","STANFORD CENTER OFFICES (SPS-DISTRICT)","Stanford Center Building (JSCEE)","230 S LANDER ST, SEATTLE, WA 98134",5333103,338033,338063,15.776870897220094,61.599998474121101,"Medium Low",null,null,null,338063,338063,"Y","",177.19999694824199,20822722,61.59967222135117,26261.763671875,null,"Other",180633,"Repair Services (Vehicle, Shoe, Locksmith, etc)",50000,"Restaurant",50000]
[854,"SPS-District K-12","7666205235","TU2018","Other","STANFORD CENTER OFFICES (SPS-DISTRICT)","Stanford Center Building (JSCEE)","230 S LANDER ST, SEATTLE, WA 98134",5333103,338033,338063,15.776870897220094,61.599998474121101,"Medium Low",null,null,null,338063,338063,"Y","",177.19999694824199,20822722,61.59967222135117,26261.763671875,null,"Other",180633,"Repair Services (Vehicle, Shoe, Locksmith, etc)",50000,"Restaurant",50000]
[857,"NonResidential","7666705088","TU2019","Non-Refrigerated Warehouse","PUGET SOUND FREIGHT LINES-TERMINAL 7A","3480 W Marginal Way SW","3480 W MARGINAL WAY SW, SEATTLE, WA 98106",277903.5,157151,152365,1.7683851836768458,6.8000001907348597,"Lowest Use",88,"","",152365,152365,"Y","",19.799999237060501,1069749.75,6.8071456751786501,1215.43005371094,null,"Non-Refrigerated Warehouse",149293,"Office",7858,""]
[858,"NonResidential","7942600330","TU2018","Medical Office","JAMES TOWER (PROVIDENCE MEDICAL CENTER)","James Tower","528 17TH AVE, SEATTLE, WA 98122",7387188,320946,320946,23.016918733992636,79.400001525878906,"Medium Low",57,"","",320946,320946,"Y","",247.5,25471308,79.363219980931376,2662.21997070313,null,"Medical Office",320946,"",null,""]
[859,"NonResidential","2738100620","TU2020","Retail Store","GEORGETOWN CENTER BLDG. 1 & BLDG. 3 - BLDG B","Georgetown Center Bldg B","800 S MICHIGAN ST, SEATTLE, WA 98108",966097.5,74178,74178,13.024043516945724,72.800003051757798,"Medium High",null,"","",56651,74178,"Y","",169.30000305175801,5402181,72.827266844617,21058.560546875,null,"Retail Store",74178,"",null,""]
[864,"NonResidential","8902000245","TU2020","Non-Refrigerated Warehouse","MINI SELF STORAGE & MAIL CENTER","08458-Lake City","10809 LAKE CITY WAY NE, SEATTLE, WA 98125",128083,80360,80360,1.5938651070184171,8.5,"Lowest Use",96,"","",80360,80360,"Y","",20.299999237060501,686019.1875,8.5368241351418614,2490,null,"Non-Refrigerated Warehouse",80360,"",null,""]
[866,"SPS-District K-12","9277200005","TU2021","K-12 School","LAFAYETTE ELEMENTARY SCHOOL (SPS-DISTRICT)","Lafayette Elementary","2645 CALIFORNIA AVE SW, SEATTLE, WA 98116",221439.5,62975,61183,3.5163080587534736,38.099998474121101,"Medium Low",91,null,null,61183,61183,"Y","",65.099998474121094,2401605,38.135847558554985,16460.53515625,null,"K-12 School",62975,"",null,""]
[867,"NonResidential","3148650000","TU2019","Supermarket/Grocery Store","HARVARD MARKET CONDOMINIUM","70500847 -- Harvard Market","1401 BROADWAY, SEATTLE, WA 98122",1703812,46280,119190,36.815298184961108,217.80000305175801,"Medium Low",71,"","",0,119190,"Y","",491.20001220703102,10077532,217.75133967156438,42641.2421875,null,"Supermarket/Grocery Store",46280,"",null,""]
[868,"NonResidential","7666202740","TU2021","Other","BMW SEATTLE - SHOWROOM & OFFICE","(ID868) BMW SEATTLE - SHOWROOM & OFFICE","1002 AIRPORT WAY S, SEATTLE, WA 98134",568175,51856,51856,10.956784171551989,37.400001525878899,"Lowest Use",null,"","",51856,51856,"Y","",117.40000152587901,1938613.125,37.384548075439682,null,null,"Automobile Dealership",48103,"Office",3753,""]
[1280,"NonResidential","7666207095","TU2021","Office","FILSON WORLD HEADQUARTERS LP","Filson World Headquarters LP","1741 1ST AVE S, SEATTLE, WA 98134",2072391,53280,53552,38.896227477477474,132.69999694824199,"Highest Use",3,"","",52280,53552,"Y","",416.70001220703102,7070998.5,132.71393581081082,null,null,"Office",40380,"Parking",13858,"Manufacturing/Industrial Plant",12900]
[1281,"NonResidential","8816400020","TU2021","Office","4545 15TH AVE NE","4545 Building 751","4545 15TH AVE NE, SEATTLE, WA 98105",5214439,65434,65434,79.690054100314825,273.29998779296898,"High Outlier",1,"","",65434,65434,"Y","",855.20001220703102,17880184,273.25524956444661,885.159912109375,null,"Office",65434,"",null,""]
[19451,"Multifamily LR (1-4)","0424049024","TU2021","Senior Care Community","Paramount Rehab and Nursing","Paramount Rehab & Nursing","2611 S DEARBORN ST, SEATTLE, WA 98144",886192.1875,132804,66402,6.6729329500617451,null,"",null,"","",66402,66402,"N","",null,null,0,null,null,"Senior Care Community",132804,"",null,""]
[19461,"NonResidential","0431000005","TUOPT","Worship Facility","UNIVERSITY UNITARIAN CHURCH","University Unitarian Church","6556 35TH AVE NE, SEATTLE, WA 98115",60978.80078125,22220,22220,2.7443204672029702,35,"Medium Low",90,"","",22220,22220,"Y","",56.400001525878899,778355.8125,35.029514513951398,5702.9609375,null,"Worship Facility",22220,"",null,""]
[19462,"SPS-District K-12","0439000615","TUOPT","K-12 School","WEDGEWOOD ELEMENTARY (SPS-DISTRICT)","Wedgwood Elementary","2720 NE 85TH ST, SEATTLE, WA 98115",216826.09375,50956,46732,4.2551631554674625,44.200000762939503,"Medium High",89,null,null,46732,46732,"Y","",76.800003051757798,2253894,44.232161080147577,15140.833984375,null,"K-12 School",50956,"",null,""]
[19472,"NonResidential","0001800033","TUOPT","Mixed Use Property","PUGET SOUND ENERGY GEORGETOWN OPER CTR","Puget Sound Energy Georgetown Operations Center","6500 URSULA PL S, SEATTLE, WA 98108",495302.5,47870,44700,10.346824733653646,42.700000762939503,"Medium Low",null,"","",44700,44700,"Y","",118.59999847412099,2042771,42.673302694798416,3527.98999023438,null,"Office",23751,"Other",14024,"Non-Refrigerated Warehouse",10095]
[19477,"NonResidential","0001800128","TUOPT","Non-Refrigerated Warehouse","GLACIER MARINE SERVICES","SeaTac Marine Services","6701 FOX AVE S, SEATTLE, WA 98108",474477.3125,40000,44100,11.861932812499999,40.5,"Medium High",1,"","",44100,44100,"Y","",127.09999847412099,1618916.375,40.472909375,null,null,"Non-Refrigerated Warehouse",40000,"",null,""]
[19481,"NonResidential","0001800159","TUOPT","Distribution Center","SHULTZ DISTRIBUTING","Shultz Distribution","6801 E MARGINAL WAY S, SEATTLE, WA 98108",258090.59375,27800,27800,9.2838343075539562,44,"Highest Use",13,"","",26300,27800,"Y","",112.40000152587901,1224186.25,44.035476618705033,3435.80981445313,null,"Distribution Center",27800,"",null,""]
[19489,"NonResidential","0005000001","TUOPT","Non-Refrigerated Warehouse","SEADRUNAR PROPERTIES","Seadrunar Recycling","28 S BRANDON ST, SEATTLE, WA 98134",751466.625,46340,46340,16.21637084592145,55.299999237060497,"Highest Use",3,"","",46340,46340,"Y","",173.69999694824199,2564004,55.3302546396202,null,null,"Non-Refrigerated Warehouse",46340,"",null,""]
[19491,"Campus","0005200056","TUOPT","Other","PACIFIC MULTIFORMS INC - CAMPUS","Pacific Multiforms Inc- Campus","6606 URSULA PL S, SEATTLE, WA 98108",104929.796875,22800,22800,4.6021840734649127,97.5,"Medium High",null,"","",7920,22800,"Y","",135.19999694824199,2222097.5,97.46041666666666,18640.76953125,null,"Manufacturing/Industrial Plant",22800,"",null,""]
[19501,"NonResidential","0007600192","TUOPT","Office","RLI BUILDING","RLIBuilding","1310 E YESLER WAY, SEATTLE, WA 98122",429270,38460,38460,11.161466458658346,50.700000762939503,"Medium Low",69,"","",32700,38460,"Y","",132.80000305175801,1950713.25,50.720573322932914,4860.4404296875,null,"Office",38460,"",null,""]
[19520,"NonResidential","0091000085","TUOPT","Worship Facility","WOODLAND PARK METHODIST CHURCH","Woodland Park Methodist Church","310 N 78TH ST, SEATTLE, WA 98103",40417,21022,21022,1.9226048901151176,45,"Medium High",54,"","",21022,21022,"Y","",60.900001525878899,945245.625,44.964590666920373,8073.4296875,null,"Worship Facility",21022,"",null,""]
[19537,"SPS-District K-12","0148000064","TU2021","K-12 School","ALKI ELEMENTARY SCHOOL & COMMUNITY CENTER (SPS-DISTRICT)","Alki Elementary","5817 SW STEVENS ST, SEATTLE, WA 98116",222030.59375,51489,51489,4.3121947163471805,38.099998474121101,"Medium Low",93,null,null,51489,51489,"Y","",70.800003051757798,1961693.125,38.099266348152035,12041.2470703125,null,"K-12 School",51489,"",null,""]
[19559,"NonResidential","0323049025","TUOPT","Distribution Center","NOBLE, LTD.,   WORLD HEADQUARTERS","Noble Building","9860 40TH AVE S, SEATTLE, WA 98118",173968.203125,48001,48001,3.6242620596445909,44.700000762939503,"Highest Use",49,"","",43684,48001,"Y","",72.699996948242202,2143650.75,44.658460240411657,15500.7119140625,null,"Distribution Center",48001,"",null,""]
[19565,"NonResidential","0323049146","TUOPT","Non-Refrigerated Warehouse","NELSON TRUCKING","(ID19565) Nelson Trucking","9747 MARTIN LUTHER KING JR WAY S, SEATTLE, WA 98118",149008.203125,26380,26380,5.6485293072403335,19.299999237060501,"Medium Low",null,"","",26380,26380,"Y","",60.5,509124,19.299620924943138,7.0809097290039098,null,"Non-Refrigerated Warehouse",23620,"Office",2760,""]
[19570,"NonResidential","0323049202","TUOPT","Non-Refrigerated Warehouse","PAPE' MATERIAL HANDLING","pape' Material Handling Seattle","9892 40TH AVE S, SEATTLE, WA 98118",374109.5,39120,37351,9.5631262781186095,65.400001525878906,"Highest Use",10,"","",37351,37351,"Y","",136.89999389648401,2559461.75,65.425913854805728,12829.9990234375,null,"Non-Refrigerated Warehouse",29551,"Office",9569,""]
[19576,"NonResidential","0323049241","TUOPT","Non-Refrigerated Warehouse","PAPE' MATERIAL HANDLING","Engineered Products","9883 40TH AVE S, SEATTLE, WA 98118",108233.1015625,29230,30004,3.7028088115805677,12.6000003814697,"Lowest Use",null,"","",27060,30004,"Y","",39.700000762939503,369291.5,12.633989052343482,null,null,"Non-Refrigerated Warehouse",24280,"Office",4950,""]
[19584,"NonResidential","0325049004","TUOPT","Other","SAND POINT COUNTRY CLUB","Sand Point Country Club","8333 55TH AVE NE, SEATTLE, WA 98115",1054630,39971,39971,26.384879037302046,274.20001220703102,"Highest Use",null,"","",38771,39971,"Y","",476.10000610351602,10960107,274.20147106652325,73617.0859375,null,"Other",36185,"Retail Store",3142,"Office",644]
[19596,"NonResidential","0461002400","TUOPT","Worship Facility","BALLARD FREE METHODIST CHURCH","BALLARD CHURCH (ID19596)","1460 NW 73RD ST, SEATTLE, WA 98117",32715.80078125,33589,33589,0.97400341722736605,15.199999809265099,"Lowest Use",93,"","",33589,33589,"Y","",22.899999618530298,509836.1875,15.178665262437107,3982.09985351563,null,"Worship Facility",33589,"",null,""]
[19613,"NonResidential","0467000420","TUOPT","Office","SALMON BAY CENTER 5303","SBC19613","5303 SHILSHOLE AVE NW, SEATTLE, WA 98107",942671.8125,43495,43500,21.673107541096677,74,"Highest Use",46,"","",43500,43500,"Y","",232.30000305175801,3220635.25,74.046103000344871,42.389987945556598,null,"Office",43495,"",null,""]
[19621,"NonResidential","0467000911","TUOPT","Office","BALLARD ELKS","(ID19621) BALLARD ELKS","6411 SEAVIEW AVE NW, SEATTLE, WA 98107",399753,28492,28492,14.03035939912958,66.599998474121094,"Medium High",12,"","",28492,28492,"Y","",169.89999389648401,1896298.875,66.555484872946792,5323.41650390625,null,"Office",28492,"",null,""]
[19623,"NonResidential","0467000920","TUOPT","Office","SHILSHOLE LANDING","Shilshole Landing","6315 SEAVIEW AVE NW, SEATTLE, WA 98107",410702.1875,22325,22325,18.396514557670773,62.799999237060497,"Medium High",null,"","",17375,22325,"Y","",197.10000610351599,1401315.875,62.768908174692051,null,null,"Office",18000,"Medical Office",1800,"Other",1000]
[19624,"NonResidential","0467000925","TUOPT","Restaurant","ANTHONY'S HOMEPORT","Anthony's Homeport","6135 SEAVIEW AVE NW, SEATTLE, WA 98107",398159.09375,22719,22719,17.525379363088163,59.799999237060497,"Lowest Use",null,"","",22719,22719,"Y","",187.80000305175801,1358519,59.796601963114576,null,null,"Restaurant",22719,"Parking",0,""]
[19656,"NonResidential","0660002170","TUOPT","Office","1916 BOREN BUILDING","1916 Boren Building","1916 BOREN AVE, SEATTLE, WA 98101",23453.5,21600,21600,1.0858101851851851,3.7000000476837198,"Low Outlier",null,"","",21600,21600,"Y","",11.6000003814697,80023.296875,3.7047822627314817,null,null,"Office",21600,"",null,""]
[19658,"NonResidential","0660002230","TUOPT","Office","DENNY CENTER","Denny Center","1100 VIRGINIA ST, SEATTLE, WA 98101",120078,28568,28568,4.2032343881265755,19.600000381469702,"Low Outlier",98,"","",28568,28568,"Y","",50.599998474121101,561072.125,19.639881160739289,1513.65991210938,null,"Office",28568,"",null,""]
[19694,"SPS-District K-12","0519000290","TUOPT","K-12 School","MANN (SPS-DISTRICT)","Mann Building (Nova High)","2410 E CHERRY ST, SEATTLE, WA 98122",201428.796875,48887,37327,4.1202936746987948,40.099998474121101,"Medium Low",92,null,null,37327,37327,"Y","",71.5,1959615.25,40.084587927260827,12723.3994140625,null,"K-12 School",48887,"",null,""]
[19696,"NonResidential","0524049003","TU2019","Retail Store","GOODWILL LANE ST","Lane St. Goodwill","1400 S LANE ST, SEATTLE, WA 98144",1211463,147545,147545,8.2108034836829447,46,"Medium Low",63,"","",null,147545,"Y","",106.90000152587901,6787070,46,26535.591796875,null,"Retail Store",147545,"",null,""]
[19697,"Nonresidential COS","0525049003","TUOPT","Other","NORTH SKAGIT SUBSTATION","North Substation","7500 8TH AVE NE, SEATTLE, WA 98115",326607.40625,25978,21462,12.572461554007237,42.900001525878899,"Medium Low",null,"","",21462,21462,"Y","",134.69999694824199,1114384.625,42.897244784048041,null,null,"Other",25778,"Office",200,""]
[19728,"SPS-District K-12","0625049048","TUOPT","K-12 School","BAGLEY ELEMENTARY (SPS-DISTRICT)","Daniel Bagley Elementary","7901 STONE AVE N, SEATTLE, WA 98103",231657.703125,46066,47602,5.0288217584552601,50.700000762939503,"Medium High",76,null,null,47602,47602,"Y","",89.099998474121094,2336572.75,50.722284331177008,15461.56640625,null,"K-12 School",46066,"",null,""]
[19730,"NonResidential","0625049063","TUOPT","Other","PHINNEY NEIGHBORHOOD CTR BRICK BLDG","Brick Building","6532 PHINNEY AVE N, SEATTLE, WA 98103",56399.80078125,23835,28072,2.3662597348961611,57.200000762939503,"Medium Low",null,"","",28072,28072,"Y","",76.900001525878906,1362523,57.164799664359137,11700.869140625,null,"Social/Meeting Hall",23835,"",null,""]
[19742,"NonResidential","0653000160","TUOPT","Restaurant","EL GAUCHO RESTAURANT","El Gaucho Restaurant","2505 1ST AVE, SEATTLE, WA 98121",358031,31020,31020,11.541940683430045,160.19999694824199,"Medium High",null,"","",31020,31020,"Y","",250.5,4970047,160.22072856221791,37484.44921875,null,"Restaurant",31020,"",null,""]
[19746,"NonResidential","0653000350","TUOPT","Other","ARTTECH & FINE ART FRAMING","ARTECH","2609 1ST AVE, SEATTLE, WA 98121",76388.796875,23000,23000,3.3212520380434785,30.899999618530298,"Lowest Use",null,"","",23000,23000,"Y","",56.099998474121101,711118.375,30.918190217391306,4504.796875,null,"Other",20310.400390625,"Office",2689.60009765625,""]
[19747,"NonResidential","0653000385","TUOPT","Office","FIRST & CEDAR BUILDING","First and Cedar Building","2701 1ST AVE, SEATTLE, WA 98121",561459.1875,41540,48505,13.516109472797304,104.09999847412099,"Highest Use",59,"2701 FIRST AVENUE LLC","2701 1ST AVE",48505,48505,"Y","",205.69999694824199,4322873,104.06531054405393,24071.73828125,null,"Office",37993,"Bank Branch",3547,""]
[19750,"NonResidential","0654000005","TU2021","Office","SEATTLE LABOR TEMPLE (North & South Bldg)","Seattle Labor Temple Association","2800 1ST AVE, SEATTLE, WA 98121",412746.59375,64630,64630,6.386300382949095,21.799999237060501,"Lowest Use",96,"SEA LABOR TEMPLE","2800 1ST AVE",64630,64630,"Y","",68.400001525878906,1408291.375,21.790056862138325,0,null,"Office",64630,"",null,""]
[19752,"NonResidential","0654000045","TUOPT","Worship Facility","CITY CHURCH","Belltown","2700 1ST AVE, SEATTLE, WA 98121",83542.3984375,20920,20920,{"$f":"I642/J642","v":3.9934224874521989},49.799999237060497,"Highest Use",15,"","",20920,20920,"Y","",80.800003051757798,1042108.5,{"$f":"W642/J642","v":49.81398183556405},7570.6201171875,null,"Worship Facility",20920,"",null,""]
[19755,"NonResidential","0654000120","TUOPT","Office","2607 Building, LLC","2607 Building, LLC","2607 2ND AVE, SEATTLE, WA 98121",235144.40625,20565,20565,11.434204048140044,39,"Lowest Use",65,"","",20565,20565,"Y","",122.5,802312.5,39.013493800145881,null,null,"Office",20565,"",null,""]
[19766,"NonResidential","0148000620","TUOPT","Worship Facility","ALKI CONGREGATIONAL CHURCH U.C.C.","(ID19766) ALKI CONGREGATIONAL CHURCH","3400 62ND AVE SW, SEATTLE, WA 98116",44931.30078125,22128,22128,2.0305179311844723,27.5,"Medium Low",94,"","",22128,22128,"Y","",43.299999237060497,608359.6875,27.492755219631235,4550.5400390625,null,"Worship Facility",22128,"",null,""]
[19774,"NonResidential","0164000005","TUOPT","Retail Store","OFFICE DEPOT & CARPET LIQUIDATOR","Office Depot","13501 AURORA AVE N, SEATTLE, WA 98133",137280.90625,40000,48139,3.43202265625,21.5,"Lowest Use",98,"","",40000,48139,"Y","",47,859236.625,21.480915625000002,3908.33984375,null,"Retail Store",40000,"",null,""]
[19787,"NonResidential","0194001030","TUOPT","Worship Facility","LUTHERAN CHURCH/TILDEN SCHOOL","First Lutheran Church of West Seattle","4101 CALIFORNIA AVE SW, SEATTLE, WA 98116",47544,21364,21364,2.2254259501965925,45.200000762939503,"Medium High",86,"","",20696,21364,"Y","",63.299999237060497,965651.125,45.199921597079197,8034.310546875,null,"Worship Facility",15364,"K-12 School",6000,""]
[19833,"NonResidential","0660001445","TUOPT","College/University","Cornish (Virginia-Terry)","Centennial Building","2000 TERRY AVE, SEATTLE, WA 98121",51221.5,28800,null,1.7785243055555555,15.300000190734901,"Lowest Use",null,"","",28923,null,"Y","",28.700000762939499,439311.90625,15.253885633680556,2645.44018554688,null,"College/University",28800,"",null,""]
[19836,"NonResidential","0660001470","TUOPT","College/University","Cornish (Notions)","Notion","1001 LENORA ST, SEATTLE, WA 98121",69034.703125,21600,21600,3.1960510706018517,15,"Lowest Use",null,"","",21600,21600,"Y","",38.5,323739.40625,14.987935474537037,881.92999267578102,null,"College/University",21600,"",null,""]
[19847,"NonResidential","0925049426","TUOPT","Retail Store","UNIVERSITY VILLAGE EAST BLDG N","EAST BLDG N","2623 NE UNIVERSITY VILLAGE ST, SEATTLE, WA 98105",640540.125,25862,25862,24.767617546980127,185.69999694824199,"Highest Use",20,"","",null,25862,"Y","",371.60000610351602,4801472,185.65741241976644,26159.490234375,null,"Retail Store",25562,"Other",300,""]
[19848,"NonResidential","0925049426","TUOPT","Retail Store","UNIVERSITY VILLAGE EAST BLDG S","EAST BLDG S","2623 NE UNIVERSITY VILLAGE ST, SEATTLE, WA 98105",951699,49965,49965,19.047313119183428,67.599998474121094,"Medium High",82,"","",null,49965,"Y","",206.80000305175801,3377209.75,67.591509056339433,1300.1298828125,null,"Retail Store",47465,"Other",2500,""]
[19853,"NonResidential","0939000115","TUOPT","Office","HARTFORD BUILDING","Hartford Building","600 2ND AVE, SEATTLE, WA 98104",105526.1015625,20028,20028,5.2689285781156379,25.600000381469702,"Lowest Use",95,"","",20028,20028,"Y","",65.599998474121094,511797.40625,25.554094580087877,null,151742.5,"Office",20028,"",null,""]
[19855,"NonResidential","0939000125","TUOPT","Office","LOWMAN AND HANFORD BUILDING","Lowman & Hanford Building","616 1ST AVE, SEATTLE, WA 98104",123050.6015625,28480,23622,4.3205969649754215,null,"",null,"","",23622,23622,"N","",null,null,0,null,null,"Office",26195,"Restaurant",2285,""]
[19856,"NonResidential","0939000140","TUOPT","Office","HOWARD BUILDING","Howard Building","614 1ST AVE, SEATTLE, WA 98104",258850.40625,23563,23563,10.985460520731655,37.5,"Lowest Use",67,"","",19891,23563,"Y","",117.699996948242,883197.6875,37.48239559903238,null,null,"Office",20183,"Restaurant",3380,""]
[19857,"NonResidential","0939000235","TUOPT","Mixed Use Property","110 CHERRY BUILDING","Good Arts Building","110 CHERRY ST, SEATTLE, WA 98104",204504.296875,26000,28600,7.8655498798076922,40.900001525878899,"Medium Low",null,"","",28600,28600,"Y","",99,1062722.625,40.873947115384617,3649.53979492188,null,"Office",12000,"Retail Store",11000,"Restaurant",3000]
[19858,"NonResidential","0939000300","TUOPT","Mixed Use Property","MARION 823","Marion 823","818 2ND AVE, SEATTLE, WA 98104",640685.375,26160,26160,24.49103115443425,83.599998474121094,"Medium High",55,"","",26160,26160,"Y","",262.39999389648398,2186018.5,83.563398318042815,null,null,"Retail Store",15549,"Parking",12379,"Office",10611]
[19860,"NonResidential","0939000300","TUOPT","Office","MARION 814 BUILDING","Marion 814","818 2ND AVE, SEATTLE, WA 98104",583026.6875,29040,26840,20.076676566804409,68.5,"Medium High",24,"","",26840,26840,"Y","",215.10000610351599,1989287,68.501618457300282,null,null,"Office",29040,"",null,""]
[19861,"NonResidential","0939000300","TUOPT","Retail Store","MARION BUILDING 804","Marion 804","818 2ND AVE, SEATTLE, WA 98104",364943.59375,46800,46800,7.797940037393162,26.600000381469702,"Lowest Use",86,"","",33878,46800,"Y","",83.5,1245187.5,26.606570512820515,null,null,"Retail Store",36019,"Office",10781,""]
[19862,"NonResidential","0939000310","TUOPT","Office","SEATTLE METROPOLITAN CREDIT UNION","Marion 801","801 3RD AVE, SEATTLE, WA 98104",604519.5,39000,37350,15.500500000000001,53,"Medium Low",51,"SEATTLE METROPOLITAN CREDIT UNION","801-11 3RD AVE",37350,37350,"Y","",166.19999694824199,2067352.5,53.009038461538459,47.320003509521499,null,"Office",39000,"Parking",26640,""]
[19864,"NonResidential","0654000330","TUOPT","Office","COMPTON BUILDING","S2315 - Belltown Worklofts","2315 WESTERN AVE, SEATTLE, WA 98121",270780.6875,35000,28800,7.7365910714285713,38.400001525878899,"Lowest Use",50,"","",28800,28800,"Y","",95.5,1345025.75,38.429307142857141,4211.22021484375,null,"Office",21600,"Other",7200,"Non-Refrigerated Warehouse",6200]
[19871,"NonResidential","0656000045","TUOPT","Office","GRANGE OFFICE PLAZA","2717 3rd Avenue Building","2717 3RD AVE, SEATTLE, WA 98121",188650,26556,28584,7.1038560024100015,63.900001525878899,"Medium High",75,"","",28584,28584,"Y","",117.800003051758,1696978.75,63.901895993372499,10533.0498046875,null,"Office",26556,"Parking",4968,""]
[19873,"NonResidential","0656000130","TUOPT","Retail Store","RITE AID STORE #5218_2603 THIRD AV","Store #5218_2603 Third Avenue","2603 3RD AVE, SEATTLE, WA 98121",311870,26270,26270,11.871716787209746,59.400001525878899,"Medium High",32,"","",25920,26270,"Y","",147,1560461.75,59.400904073087169,4963.61376953125,null,"Retail Store",26270,"",null,""]
[19874,"NonResidential","0656000160","TUOPT","Office","TRIANON BUILDING","Trianon Building","2505 3RD AVE, SEATTLE, WA 98121",699119.3125,49800,49800,14.038540411646586,47.900001525878899,"Medium Low",50,"JAMES KOH COHO REAL ESTATE","218 WALL ST",49800,49800,"Y","",150.39999389648401,2385395,47.89949799196787,null,null,"Office",49800,"Parking",7820,""]
[19876,"NonResidential","0656000215","TUOPT","Mixed Use Property","U.S. BANK","U.S. BANK","2401 3RD AVE, SEATTLE, WA 98121",122610.8984375,20720,22616,5.9175144033542475,20.200000762939499,"Lowest Use",null,"","",20720,22616,"Y","",63.400001525878899,418348.5,20.190564671814673,null,null,"Other",12960,"Bank Branch",7760,"Parking",6080]
[19894,"NonResidential","0659000380","TUOPT","Other","BANK OF AMERICA","WA3-124 (Fifth and Olive Retail)","500 OLIVE WAY, SEATTLE, WA 98101",544614.5,31160,31890,17.478000641848524,59.599998474121101,"Medium Low",2,"BANK OF AMERICA","510 OLIVE WAY",31890,31890,"Y","",187.30000305175801,1858224.625,59.63493661745828,null,null,"Financial Office",31160,"",null,""]
[19896,"NonResidential","0659000430","TUOPT","Restaurant","ICON GRILL","G4 Capital Sea Holdings LLC","1925 5TH AVE, SEATTLE, WA 98101",386589.90625,22381,22381,17.273129272597291,157.89999389648401,"Medium High",null,"","",22381,22381,"Y","",288.89999389648398,3532966.5,157.85561413699119,22139.220703125,null,"Restaurant",22381,"",null,""]
[19900,"NonResidential","0695000090","TUOPT","Other","3000/3018 Western","3000/3018 Western","3018 WESTERN AVE, SEATTLE, WA 98121",3181345,47749,49249,66.626421495738128,696.70001220703102,"Highest Use",null,"UNIVERSITY OF WASHINGTON","3018 WESTERN AVE",49249,49249,"Y","",1206.69995117188,33268410,696.73521958575054,224136.609375,null,"Laboratory",40584,"Office",7165,""]
[19902,"NonResidential","0695000125","TUOPT","Retail Store","SEMKKANN LLC","Semkkann LLC","3035 1ST AVE, SEATTLE, WA 98121",77526.1015625,24379,23562,3.1800361607325978,18,"Lowest Use",null,"","",23562,23562,"Y","",41.599998474121101,439521.09375,18.028676063415233,1750.02014160156,null,"Retail Store",13940,"Non-Refrigerated Warehouse",10439,""]
[19910,"NonResidential","0696000025","TUOPT","Medical Office","KING CO PUBLIC HEALTH","King Co Public Health","2124 4TH AVE, SEATTLE, WA 98121",455209.6875,26670,26670,17.068229752530932,58.200000762939503,"Lowest Use",51,"","",26400,26670,"Y","",182.89999389648401,1553208.375,58.238034308211475,0.32999995350837702,null,"Medical Office",26670,"",null,""]
[19917,"Nonresidential COS","0696000160","TUOPT","Other","FIRE STATION 02","Fire Station 02","2334 4TH AVE, SEATTLE, WA 98121",498054.5,38939,37740,12.790634068671512,79.5,"Medium High",null,"","",31620,37740,"Y","",174.69999694824199,3095882,79.505945196332732,13965.19921875,null,"Fire Station",38939,"",null,""]
[19926,"NonResidential","0697000400","TUOPT","Office","7TH & BELL","7th & Bell Building","2300 7TH AVE, SEATTLE, WA 98121",167367.5,23752,23752,7.0464592455372177,44.900001525878899,"Medium Low",null,"","",23662,23752,"Y","",97.400001525878906,1067153.75,44.929005978443918,4960.9599609375,null,"Office",14317,"Retail Store",9435,"Parking",0]
[19927,"NonResidential","0697000435","TUOPT","Hotel","BEST WESTERN LOYAL INN","Best Western Loyal Inn","2301 8TH AVE, SEATTLE, WA 98121",438318.6875,52668,44416,8.3222960336447187,50.700000762939503,"Lowest Use",61,"SEATTLE LOYAL INN","2301-23 8TH AVE",44416,44416,"Y","",112.59999847412099,2669564.25,50.686645591250851,11740.2099609375,null,"Hotel",52668,"",null,""]
[19967,"SPS-District K-12","0811000005","TUOPT","K-12 School","QUEEN ANNE GYM (SPS-DISTRICT)","Queen Anne Gym","1431 2ND AVE N, SEATTLE, WA 98109",76699.8984375,35805,35805,2.1421560798072896,8.8999996185302699,"Lowest Use",100,null,null,35805,35805,"Y","",24.600000381469702,317083.5,8.8558441558441565,553.83331298828102,null,"K-12 School",35805,"",null,""]
[20000,"NonResidential","0850000300","TUOPT","Worship Facility","EMMANUEL BIBLE CHURCH","EMMANUEL BIBLE CHURCH","503 N 50TH ST, SEATTLE, WA 98103",155049.5,45991,45991,3.3713009066991368,24.899999618530298,"Lowest Use",77,"","",45991,45991,"Y","",50.200000762939503,1145535.75,24.9078243569394,6165.0703125,null,"Worship Facility",45991,"",null,""]
[20033,"NonResidential","0925049118","TUOPT","Office","LISA LI BLDG","Lisa Li Building","4909 25TH AVE NE, SEATTLE, WA 98105",515861,25021,20384,20.617121617841015,71.599998474121094,"Highest Use",16,"","",20384,20384,"Y","",222.19999694824199,1791071.375,71.582725510571123,309.53515625,null,"Office",25021,"",null,""]
[20047,"NonResidential","0925049346","TUOPT","Retail Store","UNIVERSITY VILLAGE SHOPPING CENTER BLDG A","BLDG A","2623 NE UNIVERSITY VILLAGE ST, SEATTLE, WA 98105",1468084,39266,39265,37.388172974074266,null,"",null,"","",null,39265,"N","",null,null,0,null,null,"Retail Store",31905,"Office",4388,"Other",2679]
[20048,"NonResidential","0925049346","TU2021","Retail Store","UNIVERSITY VILLAGE SHOPPING CENTER NW BLDG","NW BLDG","2623 NE UNIVERSITY VILLAGE ST, SEATTLE, WA 98105",1882826,54684,54284,34.431021871114034,124,"Highest Use",18,"","",54284,54284,"Y","",375.70001220703102,6778694,123.96119523078049,3544.92993164063,null,"Retail Store",52784,"Other",1900,""]
[20050,"NonResidential","0925049346","TUOPT","Retail Store","UNIVERSITY VILLAGE SHOPPING CENTER BLDG C","BLDG C","2623 NE UNIVERSITY VILLAGE ST, SEATTLE, WA 98105",678243.3125,23409,23409,28.973613247041737,108.699996948242,"Highest Use",67,"","",null,23409,"Y","",320.79998779296898,2545405,108.73616984920329,2312.38989257813,null,"Retail Store",21909,"Other",1500,""]
[20052,"NonResidential","0925049346","TU2021","Retail Store","UNIVERSITY VILLAGE SHOPPING CENTER WEST BLDG","WEST BLDG","2623 NE UNIVERSITY VILLAGE ST, SEATTLE, WA 98105",1264045,63153,63153,20.015597042104098,73.5,"Medium High",null,"","",63153,63153,"Y","",219.89999389648401,4644178,73.538517568444888,3312.58032226563,null,"Retail Store",59396,"Non-Refrigerated Warehouse",2757,"Other",1000]
[20066,"NonResidential","0925049404","TUOPT","Hotel","UNIVERSITY TRAVELODGE","University Travelodge","4715 25TH AVE NE, SEATTLE, WA 98105",239738.203125,30910,24100,7.7560078655774829,51.400001525878899,"Lowest Use",91,"","",24100,24100,"Y","",109.199996948242,1587454.75,51.357319637657717,7694.6796875,null,"Hotel",30910,"",null,""]
[20067,"NonResidential","0659000710","TUOPT","Restaurant","FARE START","FareStart","2004 WESTLAKE AVE, SEATTLE, WA 98121",862050.125,33600,33600,25.656253720238094,133.19999694824199,"Medium Low",null,"FARESTART","2004 WESTLAKE AVE",33600,33600,"Y","",322.79998779296898,4475650,133.20386904761904,15343.349609375,null,"Restaurant",19200,"Office",14400,""]
[20073,"NonResidential","0659001020","TUOPT","Other","GRIFFIN BUILDING","Griffin Building","2005 5TH AVE, SEATTLE, WA 98121",285616.6875,32356,32356,8.8273175763382365,57.400001525878899,"Medium Low",81,"","",32356,32356,"Y","",127.40000152587901,1857154.75,57.3975383236494,null,882630.6875,"Financial Office",25876,"Bank Branch",6480,""]
[20082,"NonResidential","0660000435","TUOPT","Hotel","LA QUINTA INN & SUITES","La Quinta Inn & Suites","2224 8TH AVE, SEATTLE, WA 98121",545096.5,61180,48220,8.909717227852239,65.300003051757798,"Medium Low",24,"HAWTHORN INN & SUITES","2224 8TH AVE",48220,48220,"Y","",132.10000610351599,3993913.25,65.281354200719193,21340.439453125,null,"Hotel",61180,"",null,""]
[20087,"NonResidential","0660000625","TUOPT","Office","800 Stewart","800 Stewart","800 STEWART ST, SEATTLE, WA 98101",537543.5,32569,32256,16.504759126776996,106.199996948242,"Highest Use",51,"ACCRETIVE TECHNOLOGY GROUP INC","802 STEWART ST",32256,32256,"Y","",229.30000305175801,3460275.5,106.24445024409715,16261.7705078125,null,"Office",32569,"Parking",0,""]
[20130,"NonResidential","1257200735","TUOPT","Worship Facility","GREEN LAKE UNITED METHODIST","Green Lake United Methodist Church","2415 N 65TH ST, SEATTLE, WA 98103",48966.8984375,23931,23931,2.0461701741465044,20.700000762939499,"Lowest Use",88,"","",23931,23931,"Y","",36.400001525878899,496477.3125,20.74620001253604,3294.02172851563,null,"Worship Facility",23931,"",null,""]
[20132,"NonResidential","1257203120","TUOPT","Worship Facility","SEVENTH DAY ADVENTIST CHURCH","Green Lake Church of Seventh-day Adventists","6350 E GREEN LAKE WAY N, SEATTLE, WA 98103",78065.5,21393,21393,3.6491141962324125,39.5,"Medium High",57,"","",21393,21393,"Y","",67.5,845961.375,39.543840274856258,5796.02001953125,null,"Worship Facility",21393,"",null,""]
[20141,"NonResidential","1282301295","TUOPT","Mixed Use Property","WALDEN BUILDING","WALDEN BUILDING","3031 S WALDEN ST, SEATTLE, WA 98144",170954.203125,47125,47560,3.6276753978779839,24,"Lowest Use",80,"","",47560,47560,"Y","",51.099998474121101,1132489.625,24.031610079575596,5491.9384765625,null,"Distribution Center",23146,"Non-Refrigerated Warehouse",15724,"Office",8255]
[20166,"NonResidential","0660001305","TUOPT","College/University","Cornish (BEEBE)","Beebe","2014 9TH AVE, SEATTLE, WA 98121",188261,28800,28800,6.5368402777777774,24.899999618530298,"Lowest Use",null,"","",21600,28800,"Y","",72.800003051757798,717056.375,24.897790798611112,747.09997558593795,null,"College/University",28800,"",null,""]
[20167,"NonResidential","0660001310","TUOPT","K-12 School","SOCIAL SECURITY ADMINISTRATION","Ninth & Lenora Building","2030 9TH AVE, SEATTLE, WA 98121",178699.796875,21600,21600,8.2731387442129627,58.400001525878899,"Highest Use",72,"","",21600,21600,"Y","",120.300003051758,1261536.75,58.404479166666668,6518.13037109375,null,"K-12 School",21600,"",null,""]
[20168,"NonResidential","0660001365","TUOPT","K-12 School","SPRUCE STREET SCHOOL","Spruce Street School","914 VIRGINIA ST, SEATTLE, WA 98101",272904,22860,22860,11.938057742782153,40.700000762939503,"Medium Low",43,"","",22860,22860,"Y","",127.90000152587901,931148.625,40.732660761154854,null,null,"K-12 School",22860,"",null,""]
[20182,"NonResidential","1025049150","TUOPT","Worship Facility","ST BRIDGET CHURCH","St. Bridget Church","5000 NE 50TH ST, SEATTLE, WA 98105",94900.8984375,26386,26366,3.5966383096149475,33.700000762939503,"Medium Low",88,"","",26366,26366,"Y","",61,888031.875,33.65541859319336,5642.2998046875,null,"Worship Facility",26386,"Parking",0,""]
[20197,"NonResidential","1102000351","TUOPT","Worship Facility","SEPHARDIC BIKUR HOLIM","Sephardic Bikur Holim Congregation","6500 52ND AVE S, SEATTLE, WA 98118",140433.5,21732,21732,6.4620605558623225,39.599998474121101,"Medium High",2,"","",21732,21732,"Y","",87.699996948242202,860364.1875,39.589738059083381,3812.0498046875,null,"Worship Facility",21732,"",null,""]
[20211,"NonResidential","1125039009","TUOPT","Mixed Use Property","BALLARD TRANSFER & STORES","Miller-Barringham Building","2417 NW MARKET ST, SEATTLE, WA 98107",75667.5,24425,21060,3.0979529170931421,14.300000190734901,"Lowest Use",null,"","",21060,21060,"Y","",37.099998474121101,350264.59375,14.340413254861822,920.86999511718795,null,"Non-Refrigerated Warehouse",10495,"Retail Store",10240,"Office",1890]
[20212,"NonResidential","1125039011","TUOPT","Mixed Use Property","MARKET STREET HOLDINGS","Market Street Holdings","2401 NW MARKET ST, SEATTLE, WA 98107",329257.59375,20717,20539,15.893111635371916,81,"Medium High",null,"","",20539,20539,"Y","",198.39999389648401,1678458.75,81.018426895786064,5550.31982421875,null,"Retail Store",7387,"Multifamily Housing",5264,"Restaurant",3700]
[20217,"SPS-District K-12","1125049134","TUOPT","K-12 School","SAND POINT ELEMENTARY (SPS-DISTRICT)","Sand Point Elementary","6200 60TH AVE NE, SEATTLE, WA 98115",238300.296875,41408,38624,5.7549337537432379,34.5,"Lowest Use",82,null,null,38624,38624,"Y","",77.300003051757798,1430587.25,34.548571532071101,6175.06689453125,null,"K-12 School",41408,"",null,""]
[20237,"NonResidential","1142000160","TUOPT","Retail Store","RETAIL","(ID20237) Big 5 Corp","4315 UNIVERSITY WAY NE, SEATTLE, WA 98105",238464.5,32960,32960,7.2349666262135921,24.700000762939499,"Lowest Use",71,"","",24720,32960,"Y","",77.5,813641,24.68570995145631,null,null,"Retail Store",32960,"",null,""]
[20241,"NonResidential","1142000235","TUOPT","Other","NEPTUNE THEATER","neptune theatre bldg","1301 NE 45TH ST, SEATTLE, WA 98105",201829.40625,29636,29636,6.8102782511135107,23.200000762939499,"Lowest Use",null,"","",18623,29636,"Y","",73,688641.8125,23.236665288837901,null,null,"Other - Entertainment/Public Assembly",25096,"Multifamily Housing",4540,""]
[20266,"NonResidential","1142001145","TUOPT","Worship Facility","UNIVERSITY METHODIST TEMPLE","University Temple United Methodist Church","1415 NE 43RD ST, SEATTLE, WA 98105",273747.90625,48006,47992,5.702368584135316,63.299999237060497,"Highest Use",17,"","",47992,47992,"Y","",107.199996948242,3040195.5,63.329490063742035,21061.677734375,null,"Worship Facility",37800,"Other",10206,""]
[20325,"Campus","1513800010","TUOPT","K-12 School","UNIVERSITY PREPARATORY ACADEMY - CAMPUS","University Prep Academy","8000 25TH AVE NE, SEATTLE, WA 98115",969429.3125,96154,21500,10.082048718722049,69.599998474121094,"Highest Use",44,"","",21500,21500,"Y","",144.89999389648401,6689184,69.567402292156331,33814.91015625,null,"K-12 School",96154,"",null,""]
[20369,"NonResidential","4088801740","TU2020","Office","EMERALD LANDING I","Emerald Landing I","2157 N NORTHLAKE WAY, SEATTLE, WA 98103",763678.125,55000,84116,13.885056818181818,48,"Medium Low",68,"","",55000,84116,"Y","",149.39999389648401,2641681.75,48.030577272727271,360.11999511718801,null,"Office",55000,"",null,""]
[20372,"NonResidential","1604500000","TU2019","Hotel","HOTEL ANDRA","Hotel Andra","2000 4TH AVE, SEATTLE, WA 98121",1219174,104000,null,11.722826923076923,83.599998474121094,"Medium High",8,"CLARIDGE LLC","2000 4TH AVE",104000,null,"Y","",176.60000610351599,8690648,83.563923076923075,9522.76953125,3578548.25,"Hotel",96000,"Restaurant",8000,""]
[20376,"SPS-District K-12","1624049006","TU2021","K-12 School","KIMBALL ELEMENTARY SCHOOL (SPS-DISTRICT)","Kimball Elementary","3200 23RD AVE S, SEATTLE, WA 98144",393437.59375,55206,55206,7.1267179971379919,40.900001525878899,"Medium Low",77,null,null,55206,55206,"Y","",93.699996948242202,2255716,40.85997898779118,9133.06640625,null,"K-12 School",55206,"",null,""]
[20377,"Multifamily LR (1-4)","1624049040","TU2020","Senior Care Community","WASHINGTON CARE CENTER","Washington Care Center","2821 S WALDEN ST, SEATTLE, WA 98144",973339.875,58665,null,16.591491945793916,56.599998474121101,"Highest Use",98,"","",78374,null,"Y","",177.80000305175801,3321035.75,56.610172163981929,null,null,"Senior Care Community",58665,"Parking",0,""]
[20387,"NonResidential","1325039001","TUOPT","Mixed Use Property","MARINE BUSINESS CENTER","Marine Business Center","801 NW 42ND ST, SEATTLE, WA 98107",455279.6875,33652,38784,13.529052879472246,54.700000762939503,"Medium Low",null,"","",38784,38784,"Y","",153.89999389648401,1841154.25,54.711584749791989,2877.39990234375,null,"Non-Refrigerated Warehouse",16826,"Office",16826,""]
[20393,"NonResidential","1327300004","TUOPT","Other","D W CLOSE CO","D W Close Co","3317 3RD AVE S, SEATTLE, WA 98134",522491.1875,41790,41790,12.502780270399617,52.099998474121101,"Medium Low",null,"","",39938,41790,"Y","",143.89999389648401,2177075,52.095597032782962,3943.34985351563,null,"Social/Meeting Hall",21790,"Office",20000,""]
[20395,"NonResidential","0939000515","TUOPT","Office","HOLYOKE BUILDING","Holyoke","1018 1ST AVE, SEATTLE, WA 98104",417532.90625,39960,39960,10.448771427677677,54.5,"Medium High",77,"MARTIN SMITH INC","107 SPRING ST",39960,39960,"Y","",131.80000305175801,2178690.5,54.521784284284287,7540.6796875,null,"Office",37120,"Other",2840,""]
[20396,"NonResidential","0939000530","TUOPT","Non-Refrigerated Warehouse","MEAVES BUILDING","Meaves Building","1012 1ST AVE, SEATTLE, WA 98104",26541.19921875,30000,33300,{"$f":"I706/J706","v":0.88470664062500004},3,"Lowest Use",null,"","",33300,33300,"Y","",9.5,90558.703125,{"$f":"W706/J706","v":3.0186234375000001},null,null,"Non-Refrigerated Warehouse",24000,"Retail Store",6000,""]
[20397,"NonResidential","0942000120","TUOPT","Hotel","HOTEL SEATTLE","The Hotel Seattle","315 SENECA ST, SEATTLE, WA 98101",133748.5,36240,36240,3.6906318984547459,59.299999237060497,"Medium Low",98,"","",36240,36240,"Y","",93.400001525878906,2147968.25,59.270647075055187,5335,1158118.25,"Hotel",36240,"",null,""]
[20398,"NonResidential","0942000255","TUOPT","Other","WOMENS UNIVERSITY CLUB","Womens University Club","1105 6TH AVE, SEATTLE, WA 98101",280703.59375,39320,32360,7.1389520282299088,77.400001525878906,"Medium High",null,"","",31880,32360,"Y","",136.69999694824199,3042875.5,77.387474567650045,9197.7900390625,1165335.75,"Social/Meeting Hall",39320,"",null,""]
[20402,"NonResidential","0942000530","TUOPT","Other","FIRST UNITED METHODIST CHURCH","First United Methodist Church","811 5TH AVE, SEATTLE, WA 98104",801631.3125,41536,41536,19.29967528168336,65.900001525878906,"Medium Low",null,"","",41536,41536,"Y","",206.80000305175801,2735166,65.850491140215723,null,null,"Performing Arts",41536,"",null,""]
[20415,"NonResidential","0952002500","TUOPT","K-12 School","HOLY ROSARY SCHOOL","Holy Rosary School","4152 42ND AVE SW, SEATTLE, WA 98116",168505.203125,57896,33462,2.9104809162118279,68.900001525878906,"Highest Use",76,"","",33462,33462,"Y","",93.099998474121094,3987215.5,68.868583321818434,34122.7578125,null,"K-12 School",57896,"",null,""]
[20419,"NonResidential","0952002655","TUOPT","K-12 School","SEATTLE LUTHERAN HIGH SCHOOL","Seattle Lutheran High School","4100 SW GENESEE ST, SEATTLE, WA 98116",140196.203125,49744,49744,2.8183540351600191,42.200000762939503,"Medium Low",98,"","",47366,49744,"Y","",64.400001525878906,2096835.5,42.152530958507562,16184.8603515625,null,"K-12 School",49744,"",null,""]
[20425,"NonResidential","0952005960","TUOPT","Worship Facility","HOPE LUTHERAN CHURCH","Hope Lutheran Church & School","4456 42ND AVE SW, SEATTLE, WA 98116",200112.09375,38108,37816,5.2511833145271334,37,"Medium High",60,"","",36753,37816,"Y","",76.300003051757798,1411305.5,37.034362863440748,7285.22998046875,null,"Worship Facility",19407,"K-12 School",18701,""]
[20427,"NonResidential","0952006290","TUOPT","Mixed Use Property","LYON'S ANTIQUE MALL-WINDEREMERE-GARLIC JIMS","Lyon's Antique Mall - Windermere/Garlic Jims","4520 CALIFORNIA AVE SW, SEATTLE, WA 98116",234182.203125,16653,23315,14.062463407494144,81.300003051757798,"Medium High",null,"","",16653,23315,"Y","",185.69999694824199,1354000.625,81.306709001381137,5549.71044921875,null,"Office",7758,"Retail Store",6919,"Restaurant",1976]
[20428,"NonResidential","0952006350","TUOPT","Mixed Use Property","MATADOR/JAK'S GRILL/8 LIMBS YOGA/FITNESS TOGETHER","Matador/Jak's Grill/8 Limbs Yoga/Fitness","4546 CALIFORNIA AVE SW, SEATTLE, WA 98116",240683.203125,20700,20700,11.627207880434783,206.10000610351599,"Highest Use",null,"","",20700,20700,"Y","",299.29998779296898,4265815,206.0780193236715,34446.0390625,null,"Non-Refrigerated Warehouse",6900,"Restaurant",6900,"Other - Recreation",4323]
[20433,"NonResidential","0952007220","TUOPT","Other","West Seattle Bowl / Highstrike Grill","West Seattle Bowl","4505 39TH AVE SW, SEATTLE, WA 98116",491420.3125,28815,28397,17.054322835328822,116,"Medium High",null,"","",28397,28397,"Y","",243.5,3343550,116.03505118861705,16668.240234375,null,"Other - Recreation",26241,"Parking",13124,"Restaurant",2574]
[20435,"NonResidential","0952007370","TUOPT","Supermarket/Grocery Store","TRADER JOE'S","Trader Joe's","4545 FAUNTLEROY WAY SW, SEATTLE, WA 98126",558729.5,25762,25762,21.688125921900472,74,"Lowest Use",100,"","",24293,25762,"Y","",232.39999389648401,1906384.875,73.999878697306116,null,null,"Supermarket/Grocery Store",25762,"",null,""]
[20439,"NonResidential","0952007845","TUOPT","Other","WEST SEATTLE FAMILY YMCA","West Seattle Family YMCA","4515 36TH AVE SW, SEATTLE, WA 98126",728225.875,50000,33334,14.564517499999999,122.40000152587901,"Highest Use",null,"","",33334,33334,"Y","",232.30000305175801,6118300.5,122.36601,36335.9375,null,"Fitness Center/Health Club/Gym",50000,"Swimming Pool",0,""]
[20440,"NonResidential","0952007920","TUOPT","Office","SK FOOD GROUP/LSG SKY CHEF","SK Food Group","4600 37TH AVE SW, SEATTLE, WA 98126",689505.875,45000,43387,15.322352777777779,59.700000762939503,"Medium High",60,"","",37931,43387,"Y","",172,2686765,59.705888888888886,3341.7099609375,null,"Office",45000,"",null,""]
[20470,"NonResidential","1453600540","TUOPT","Mixed Use Property","LAKE CITY CENTER","Lake City Center - Main Building","12701 LAKE CITY WAY NE, SEATTLE, WA 98125",78292.796875,42265,39350,1.8524262835679641,6.3000001907348597,"Lowest Use",null,"","",39350,39350,"Y","",19.799999237060501,267135.09375,6.3204801549745655,null,null,"Supermarket/Grocery Store",19271,"Retail Store",19249,"Food Service",1945]
[20474,"NonResidential","1453600740","TUOPT","Other","CASCADE BUILDING","EBBC LCW","12535 LAKE CITY WAY NE, SEATTLE, WA 98125",325345.5,18500,22405,17.586243243243242,189.10000610351599,"Highest Use",null,"","",20000,22405,"Y","",324,3498214.75,189.0926891891892,23881.361328125,null,"Other",11000,"Retail Store",7500,""]
[20494,"SPS-District K-12","1454100350","TUOPT","Other","CEDAR PARK ELEMENTARY (SPS-DISTRICT)","Cedar Park Building","13224 37TH AVE NE, SEATTLE, WA 98125",192686.5,32590,32590,5.9124424670144213,41.599998474121101,"Medium Low",null,null,null,32590,32590,"Y","",85.800003051757798,1355559.75,41.594346425283831,6981.13330078125,null,"Other",32590,"",null,""]
[20494,"SPS-District K-12","1454100350","TUOPT","Other","CEDAR PARK ELEMENTARY (SPS-DISTRICT)","Cedar Park Building","13224 37TH AVE NE, SEATTLE, WA 98125",192686.5,32590,32590,5.9124424670144213,41.599998474121101,"Medium Low",null,null,null,32590,32590,"Y","",85.800003051757798,1355559.75,41.594346425283831,6981.13330078125,null,"Other",32590,"",null,""]
[20500,"NonResidential","1486300005","TUOPT","Non-Refrigerated Warehouse","CENTRAL PARK","Central Park","700 S HOMER ST, SEATTLE, WA 98108",527520,61419,37500,8.588873150002442,29.5,"Medium High",36,"","",37500,37500,"Y","",92.199996948242202,1811506.375,29.494234276038359,116.080001831055,null,"Non-Refrigerated Warehouse",61419,"",null,""]
[20503,"NonResidential","1493600000","TUOPT","Medical Office","SEATTLE CHILDREN'S HOSPITAL  (ODESSA BROWN CHILDREN'S CLINIC)","Seattle Children's Hospital Odessa Brown Children's Clinic","2101 E YESLER WAY, SEATTLE, WA 98122",666815.625,39000,null,17.097836538461539,67.099998474121094,"Medium Low",25,"","",39000,null,"Y","",192.30000305175801,2615247.75,67.057634615384615,3400.72998046875,null,"Medical Office",39000,"",null,""]
[20506,"NonResidential","1495300045","TUOPT","Other","NW ART AND FRAME/HUSKY ICE CREAM","NW ART AND FRAME/HUSKY ICE CREAM","4721 CALIFORNIA AVE SW, SEATTLE, WA 98116",783094.125,22180,22180,35.306317628494142,229.39999389648401,"Highest Use",null,"","",22180,22180,"Y","",492.70001220703102,5089083,229.44467989179441,24171.66015625,null,"Other - Mall",14000,"Restaurant",8180,""]
[20515,"SPS-District K-12","1498300850","TU2021","K-12 School","BEACON HILL SCHOOL (SPS-DISTRICT)","Beacon Hill International Elementary","2025 14TH AVE S, SEATTLE, WA 98144",336101.6875,51704,51704,6.5004968184279743,34,"Lowest Use",64,null,null,51704,51704,"Y","",82,1756239.125,33.967180972458614,6094.599609375,null,"K-12 School",51704,"",null,""]
[20519,"NonResidential","1498302035","TUOPT","Distribution Center","2001 Plum LLC","2001 Plum LLC","2001 S PLUM ST, SEATTLE, WA 98144",332204.1875,25920,25920,12.816519579475308,47.099998474121101,"Highest Use",null,"","",25920,25920,"Y","",140.80000305175801,1219744.75,47.058053626543213,862.64013671875,null,"Distribution Center",19277,"Refrigerated Warehouse",4051,"Office",2592]
[20520,"NonResidential","1498302080","TUOPT","Refrigerated Warehouse","ORIENTAL MEATS","oriental meats","2001 21ST AVE S, SEATTLE, WA 98144",217258.796875,25480,25480,8.5266403797095762,29.100000381469702,"Lowest Use",null,"","",25480,25480,"Y","",91.400001525878906,741287.1875,29.092903748037678,null,null,"Refrigerated Warehouse",25480,"",null,""]
[20522,"NonResidential","1498302235","TUOPT","Non-Refrigerated Warehouse","MB WAREHOUSE LLC","MB Warehouse LLC","2028 21ST AVE S, SEATTLE, WA 98144",649711.8125,31000,31000,20.958445564516129,74.199996948242202,"Highest Use",null,"","",31000,31000,"Y","",227.39999389648401,2301043.75,74.22721774193549,842.27008056640602,null,"Non-Refrigerated Warehouse",31000,"",null,""]
[20523,"NonResidential","1498302245","TUOPT","Office","IMPRESSIONS NORTHWEST","ABM/ Abodian","2001 22ND AVE S, SEATTLE, WA 98144",369049,30012,29740,12.296714647474344,48.900001525878899,"Medium Low",57,"","",29740,29740,"Y","",139,1467060.25,48.882455351192853,2078.65014648438,null,"Office",17804,"Non-Refrigerated Warehouse",12208,""]
[20525,"NonResidential","1498302345","TUOPT","Distribution Center","KUSAK CUT GLASS WORKS","Kusak Cut Glass Works, Inc.","1911 22ND AVE S, SEATTLE, WA 98144",63685.19921875,23236,23236,2.7407987269215872,18.700000762939499,"Lowest Use",null,"","",23236,23236,"Y","",39.200000762939503,433871,18.67236185229816,2165.77001953125,null,"Distribution Center",20736,"Office",1250,"Retail Store",1250]
[20526,"NonResidential","1498302455","TUOPT","Office","FAMILY SERVICES","Wellspring Family Services","1900 RAINIER AVE S, SEATTLE, WA 98144",527377.5,38073,38075,13.851745331337169,50.5,"Medium Low",null,"","",38075,38075,"Y","",151.80000305175801,1921801.25,50.47674861450372,1223.89001464844,null,"Office",29035,"K-12 School",6213,"Retail Store",2825]
[20531,"NonResidential","1498303300","TUOPT","Office","RED CROSS","American Red Cross","1900 25TH AVE S, SEATTLE, WA 98144",318240,35500,39170,8.9645070422535209,60,"Medium High",81,"","",39170,39170,"Y","",126.90000152587901,2130673.75,60.018978873239433,10448.3896484375,null,"Office",35500,"",null,""]
[20532,"Nonresidential COS","1498303565","TUOPT","Other","TENNIS CENTER","Amy Yee Tennis Center","2000 MARTIN LUTHER KING JR WAY S, SEATTLE, WA 98144",422528,66597,36070,6.3445500548072733,21.600000381469702,"Lowest Use",null,"","",33600,36070,"Y","",68,1441665.375,21.647602369476104,null,null,"Other - Recreation",66597,"",null,""]
[20541,"NonResidential","1624049229","TUOPT","Other","MYCON'S USED CARS","(ID20541) MYCON'S USED CARS","3711 RAINIER AVE S, SEATTLE, WA 98144",34419.19921875,20047,20047,1.7169251867486406,5.9000000953674299,"Lowest Use",null,"","",20047,20047,"Y","",18.399999618530298,117438.3984375,5.8581532617099814,null,null,"Other - Services",20047,"",null,""]
[20552,"NonResidential","1327300008","TUOPT","Retail Store","OLD WESTERN STEEL CASTING CO","OLD WESTERN STEEL CASTING CO","3300 1ST AVE S, SEATTLE, WA 98134",163500.5,20000,20000,8.1750249999999998,27.899999618530298,"Lowest Use",75,"","",20000,20000,"Y","",87.599998474121094,557863.6875,27.893184375000001,null,null,"Retail Store",20000,"",null,""]
[20556,"NonResidential","1327300012","TUOPT","Non-Refrigerated Warehouse","ALASKA COPPER WORKS","3300","3300 6TH AVE S, SEATTLE, WA 98134",72865.203125,32700,32400,2.2282936735474008,7.5999999046325701,"Lowest Use",61,"","",32400,32400,"Y","",23.899999618530298,248616,7.602935779816514,0,null,"Non-Refrigerated Warehouse",32700,"",null,""]
[20565,"NonResidential","1794500895","TUOPT","Supermarket/Grocery Store","SAFEWAY STORE # 368","Safeway 0368 - Queen Anne","2100 QUEEN ANNE AVE N, SEATTLE, WA 98109",1429920,25883,25159,55.245527952710276,344.10000610351602,"Highest Use",38,"","",25159,25159,"Y","",755.20001220703102,8905287,344.0593053355484,40264.00390625,null,"Supermarket/Grocery Store",25883,"Parking",0,""]
[20573,"Nonresidential COS","1794501150","TUOPT","Other","QUEEN ANNE COMMUNITY CENTER","Queen Anne Community Center","1901 1ST AVE W, SEATTLE, WA 98119",259177.40625,25809,27247,10.042132831570383,90.400001525878906,"Medium High",null,"","",27247,27247,"Y","",166.5,2332996.5,90.394687899569917,14486.8291015625,null,"Other - Recreation",14317,"Fitness Center/Health Club/Gym",7701,"Pre-school/Daycare",3045]
[20604,"NonResidential","1824049012","TUOPT","Distribution Center","WAREHOUSE","MCNIVEN","20 S IDAHO ST, SEATTLE, WA 98134",71371.1015625,33987,26680,2.0999529691499692,7.1999998092651403,"Lowest Use",92,"","",26180,26680,"Y","",22.5,243518.203125,7.1650396659016682,null,null,"Distribution Center",33987,"",null,""]
[20605,"NonResidential","1824049044","TUOPT","Non-Refrigerated Warehouse","VISKO BUILDING","VISKO BUILDING","4229 W MARGINAL WAY SW, SEATTLE, WA 98106",211296.796875,31521,31521,6.7033659108213568,56.700000762939503,"Highest Use",6,"","",31521,31521,"Y","",107.40000152587901,1788148,56.728783985279655,10672.0322265625,null,"Non-Refrigerated Warehouse",31521,"",null,""]
[20613,"NonResidential","1824049069","TUOPT","Non-Refrigerated Warehouse","QFC WAREHOUSE","QFC Warehouse","3663 1ST AVE S, SEATTLE, WA 98134",127841,24000,24000,5.3267083333333334,52.400001525878899,"Highest Use",null,"","",24000,24000,"Y","",93,1257033.5,52.376395833333333,8208.400390625,null,"Non-Refrigerated Warehouse",20400,"Office",3600,""]
[20614,"NonResidential","1824049070","TUOPT","Self-Storage Facility","J C WRIGHT SALES COMPANY","HGA Investment LLC","14 S IDAHO ST, SEATTLE, WA 98134",32880,21900,21900,1.5013698630136987,60.900001525878899,"Highest Use",null,"","",18000,21900,"Y","",74.599998474121094,1333637.625,60.896695205479453,12214.5107421875,null,"Self-Storage Facility",21900,"",null,""]
[20618,"NonResidential","1824049075","TUOPT","Non-Refrigerated Warehouse","COMPTON LUMBER CO","Compton Lumber Co., Inc","3847 1ST AVE S, SEATTLE, WA 98134",185436,38005,38005,4.8792527299039596,19.799999237060501,"Medium Low",null,"","",null,38005,"Y","",55.599998474121101,752093.625,19.789333640310485,1193.85998535156,null,"Non-Refrigerated Warehouse",21560,"Self-Storage Facility",10974,"Office",5471]
[20620,"NonResidential","1824049109","TUOPT","Distribution Center","C.C. FILSON","3851 Distribution Center","3851 1ST AVE S, SEATTLE, WA 98134",121936.5,35579,35579,3.4272042496978554,30.799999237060501,"Medium High",72,"","",35579,35579,"Y","",56.799999237060497,1096646.25,30.82285196323674,6805.98974609375,null,"Distribution Center",35579,"",null,""]
[20626,"NonResidential","1327300065","TUOPT","Distribution Center","ALASKAN COPPER AND BRASS CO","3317","3317 6TH AVE S, SEATTLE, WA 98134",70038,49950,49950,1.4021621621621621,4.8000001907348597,"Lowest Use",98,"","",49950,49950,"Y","",15,238969.703125,4.7841782407407409,null,null,"Distribution Center",49950,"",null,""]
[20645,"SPS-District K-12","1337801270","TU2021","K-12 School","STEVENS ELEMENTARY (SPS-DISTRICT)","Stevens Elementary","1242 18TH AVE E, SEATTLE, WA 98112",344639.90625,62078,62078,5.5517237386835916,32,"Lowest Use",96,null,null,62078,62078,"Y","",73.199996948242202,1988764.625,32.036544750153034,8128.533203125,null,"K-12 School",62078,"",null,""]
[20659,"NonResidential","1370802570","TUOPT","Worship Facility","MAGNOLIA UNITED CHURCH OF CHRIST","Magnolia United Church of Christ","3555 W MCGRAW ST, SEATTLE, WA 98199",45990.6015625,22612,22612,2.0339024218335395,32.299999237060497,"Medium Low",87,"","",22612,22612,"Y","2013",48.5,731321.8125,32.34219938528215,5744.02001953125,null,"Worship Facility",22612,"",null,""]
[20685,"NonResidential","1453600005","TUOPT","Other","TOYOTA OF LAKE CITY (2013)","Toyota of Lake City","13355 LAKE CITY WAY NE, SEATTLE, WA 98125",652234.375,38787,38787,16.815798463402686,82.599998474121094,"Medium High",null,"","",38787,38787,"Y","",206.69999694824199,3204685.5,82.622669966741441,9792.619140625,null,"Automobile Dealership",38787,"Parking",0,""]
[20686,"NonResidential","1453600301","TU2021","Self-Storage Facility","LAKE CITY MINI STORAGE","Lake City Mini Storage","3116 NE 130TH ST, SEATTLE, WA 98125",72594.3984375,50369,50368,1.4412515324405886,15,"Medium Low",null,"","",null,50368,"Y","",26,753275.1875,14.955134854771785,5055.82958984375,null,"Self-Storage Facility",50369,"",null,""]
[20707,"NonResidential","1722802630","TUOPT","Non-Refrigerated Warehouse","MALLORY SAFETY & SUPPLY LLC","Mallory Safety & Supply LLC","5510 E MARGINAL WAY S, SEATTLE, WA 98134",141201.90625,30545,30545,4.6227502455393683,51.599998474121101,"Highest Use",12,"","",30545,30545,"Y","",87.199996948242202,1577040.875,51.630082664920607,10952.6005859375,null,"Non-Refrigerated Warehouse",23545,"Office",7000,""]
[20735,"NonResidential","1731800825","TUOPT","K-12 School","ST ANNE SCHOOL","St. Anne School","101 W LEE ST, SEATTLE, WA 98119",138476.40625,33550,32691,4.1274636736214605,29,"Lowest Use",99,"","",32691,32691,"Y","",59.900001525878899,971990.3125,28.971395305514157,4995.09033203125,null,"K-12 School",33550,"",null,""]
[20743,"NonResidential","1731801135","TUOPT","Worship Facility","ST ANNE CHURCH & RECTORY","St. Anne Church & Rectory","100 W LEE ST, SEATTLE, WA 98119",64300.3984375,26210,24227,2.453277315433041,41.5,"Medium High",55,"","",24227,24227,"Y","",61,1086678.125,41.460439717665011,8672.8505859375,null,"Worship Facility",26210,"",null,""]
[20768,"NonResidential","1753700330","TUOPT","Distribution Center","AUDIO VISUAL FACTORY","Dekeriver LLC","1900 S CORGIAT DR, SEATTLE, WA 98108",99982.5,27000,27000,3.7030555555555558,24.100000381469702,"Medium Low",61,"","",21240,27000,"Y","",51.700000762939503,651293.3125,24.121974537037037,3101.52978515625,null,"Distribution Center",27000,"",null,""]
[20811,"SPS-District K-12","1959700005","TU2020","K-12 School","SEWARD (SPS-DISTRICT)","TOPS K-8","2515 BOYLSTON AVE E, SEATTLE, WA 98102",630539.625,95501,95501,6.6024400268060024,31.799999237060501,"Lowest Use",87,null,null,95501,95501,"Y","",80.5,3037731,31.808368498759176,8863.2998046875,null,"K-12 School",95501,"",null,""]
[20815,"NonResidential","1959700023","TUOPT","Office","OFFICE-SPRAG","SPRAG","2517 EASTLAKE AVE E, SEATTLE, WA 98102",105961.8984375,13945,21183,7.5985585111150948,25.899999618530298,"Lowest Use",99,"","",21183,21183,"Y","2015, 2012",81.400001525878906,361542.09375,25.926288544281103,null,null,"Office",13945,"Parking",7238,""]
[20818,"NonResidential","1959700075","TUOPT","Office","OFFICES & PRINTING","Eastlake Professional Center","2633 EASTLAKE AVE E, SEATTLE, WA 98102",215676.796875,29392,25558,7.3379421909022859,25.700000762939499,"Lowest Use",91,"","",29392,25558,"Y","",79.300003051757798,755618.1875,25.708294348802394,197.29000854492199,null,"Office",29392,"Parking",3834,""]
[20836,"NonResidential","1959701300","TU2020","Office","EASTLAKE CENTER (North & South)","Eastlake Center (North & South)","2825 EASTLAKE AVE E, SEATTLE, WA 98102",1378938,82234,82234,16.768465598171073,57.200000762939503,"Medium High",62,"","",82234,82234,"Y","",179.69999694824199,4704936.5,57.214005156018189,null,null,"Office",77796,"Parking",55504,"Other",4438]
[20868,"NonResidential","1825049072","TU2018","Office","STONE 34","Stone 34","3400 STONE WAY N, SEATTLE, WA 98103",1017176,113044,206126,8.9980538551360532,38.599998474121101,"Lowest Use",98,"","",null,206126,"Y","2016, 2015",104.59999847412099,4358433.5,38.555195322175436,8878.283203125,null,"Office",100425,"Parking",73177,"Other",8324]
[20871,"NonResidential","1825049143","TUOPT","Office","OFFICES - PRODUCTION NETWORK","The Production Network","1000 N NORTHLAKE WAY, SEATTLE, WA 98103",375830.3125,20500,20500,18.333185975609755,64.699996948242202,"Medium High",48,"","",20500,20500,"Y","",198.69999694824199,1326178.125,64.691615853658533,438.45001220703102,null,"Office",20500,"",null,""]
[20885,"NonResidential","1865400030","TUOPT","Senior Care Community","BALLARD CARE & REHAB","Ballard Center","820 NW 95TH ST, SEATTLE, WA 98117",1043779,36000,3636,28.993861111111112,337.5,"Highest Use",3,"","",34636,3636,"Y","",561.09997558593795,12148720,337.46444444444444,85873.4375,null,"Senior Care Community",36000,"Parking",0,""]
[20888,"NonResidential","1868903240","TUOPT","Worship Facility","ASSUMPTION CHURCH","Assumption Church","6210 32ND AVE NE, SEATTLE, WA 98115",105915.703125,25521,25521,4.150139223580581,23.700000762939499,"Lowest Use",82,"","",25521,25521,"Y","",54.5,605186.3125,23.713267994984523,2438.02001953125,null,"Worship Facility",25521,"",null,""]
[20890,"NonResidential","1868903240","TUOPT","K-12 School","ASB SCHOOL","ASB School","6210 32ND AVE NE, SEATTLE, WA 98115",142531.09375,23190,23190,6.1462308645968093,73.5,"Highest Use",79,"","",23190,23190,"Y","",121.09999847412099,1705515.25,73.54528891763691,12191.990234375,null,"K-12 School",23190,"",null,""]
[20916,"NonResidential","1646500985","TUOPT","Office","ST JOHN EGAN HALL","St. John Egan Hall","123 N 79TH ST, SEATTLE, WA 98103",52613.3984375,23100,20678,2.2776362959956709,33.299999237060497,"Lowest Use",98,"","",20678,20678,"Y","",51.299999237060497,770333,33.347748917748916,5908.16015625,null,"Office",23100,"",null,""]
[20917,"NonResidential","1646501150","TUOPT","K-12 School","ST JOHN SCHOOL","St. John School","7900 1ST AVE NW, SEATTLE, WA 98117",199518.703125,33780,28820,5.9064151309946711,76.800003051757798,"Highest Use",43,"","",28820,28820,"Y","",122.800003051758,2595783.5,76.843798105387805,19150.259765625,null,"K-12 School",33780,"",null,""]
[20928,"NonResidential","1686400005","TUOPT","Worship Facility","ST PAUL CHURCH & SCHOOL","St. Paul Church & School","5600 S RYAN ST, SEATTLE, WA 98178",179244.296875,44816,27876,3.9995603551187076,40.799999237060497,"Medium High",69,"","",27876,27876,"Y","",71.400001525878906,1829981.375,40.833215257943593,12184,null,"Worship Facility",44816,"",null,""]
[20930,"SPS-District K-12","1689400145","TUOPT","K-12 School","QUEEN ANNE ELEMENTARY (SPS-DISTRICT)","Queen Anne Elementary","411 BOSTON ST, SEATTLE, WA 98109",251347.59375,48789,48789,5.1517266955666239,24.200000762939499,"Lowest Use",95,null,null,48789,48789,"Y","2016",62.099998474121101,1179111.375,24.167565947242206,3215.13330078125,null,"K-12 School",48789,"",null,""]
[20967,"SPS-District K-12","1703400755","TUOPT","K-12 School","COLUMBIA SCHOOL(SPS-DISTRICT)","Columbia Building","3528 S FERDINAND ST, SEATTLE, WA 98118",135619.40625,33105,33105,4.0966442002718626,55,"Highest Use",76,null,null,33105,33105,"Y","",87,1820956.625,55.00548633136988,13582.2333984375,null,"K-12 School",33105,"",null,""]
[20970,"NonResidential","1704900435","TUOPT","Senior Care Community","KIN ON HEALTH CARE CENTER","Kin On Health Care Center","4416 S BRANDON ST, SEATTLE, WA 98118",793744.1875,41922,41649,18.933833965459662,161.80000305175801,"Highest Use",51,"","",41649,41649,"Y","",304.89999389648398,6782435,161.78700920757598,40741.80078125,null,"Senior Care Community",41922,"Parking",9079,""]
[20976,"NonResidential","1722800145","TUOPT","Non-Refrigerated Warehouse","NWCP BLDG E","NWCP-SEA Bldg E","650 S LUCILE ST, SEATTLE, WA 98108",128682.8984375,22320,22320,{"$f":"I770/J770","v":5.7653628332213263},19.700000762939499,"Medium Low",62,"","",22320,22320,"Y","",61.799999237060497,439065.90625,{"$f":"W770/J770","v":19.671411570340503},null,null,"Non-Refrigerated Warehouse",22320,"",null,""]
[20978,"NonResidential","1722800223","TUOPT","Other","Terreno Lucile","Terreno Lucile","637 S LUCILE ST, SEATTLE, WA 98108",1240871,45320,47105,27.380207413945278,225.80000305175801,"Highest Use",null,"","",45320,47105,"Y","",432.39999389648398,10234721,225.83232568402471,60008.70703125,null,"Manufacturing/Industrial Plant",45320,"",null,""]
[20979,"NonResidential","1722800285","TUOPT","Office","HATHAWAY BLDG","The Hathaway Building","5506 6TH AVE S, SEATTLE, WA 98108",431393.40625,40000,40029,10.784835156250001,36.799999237060497,"Lowest Use",69,"","",40029,40029,"Y","",115.5,1471914.25,36.797856250000002,null,null,"Office",31800,"Non-Refrigerated Warehouse",8200,""]
[20984,"NonResidential","1722800585","TUOPT","Office","BUILDING R","Building R","650 S ORCAS ST, SEATTLE, WA 98108",372030.3125,27185,28304,13.685131966157808,46.700000762939503,"Medium Low",67,"","",28304,28304,"Y","",146.60000610351599,1269367.5,46.693672981423582,null,null,"Office",27185,"",null,""]
[20985,"NonResidential","1722800620","TUOPT","Other","BUILDING Q","Building Q","670 S ORCAS ST, SEATTLE, WA 98108",132653.09375,27760,26400,4.778569659582133,16.299999237060501,"Lowest Use",null,"","",26400,26400,"Y","",51.200000762939503,452612.5,16.304484870317001,null,null,"Other - Recreation",20560,"Non-Refrigerated Warehouse",7200,""]
[20986,"NonResidential","1722800985","TUOPT","Non-Refrigerated Warehouse","ORCAS BUILDING - KING COUNTY","Orcas Maintenance Shop","707 S ORCAS ST, SEATTLE, WA 98108",188282.40625,27680,27680,6.8021100523843927,64.199996948242202,"Highest Use",null,"","",27680,27680,"Y","",116,1778431.75,64.249701950867049,11360.1201171875,null,"Non-Refrigerated Warehouse",25000,"Office",2680,""]
[20987,"NonResidential","1722801079","TUOPT","Office","BUILDING P","Building P","5700 6TH AVE S, SEATTLE, WA 98108",312053,25872,25872,12.06141774891775,69.099998474121094,"Medium High",null,"","",25872,25872,"Y","",158.5,1787119,69.075409709338274,7223.9404296875,null,"Office",23272,"Non-Refrigerated Warehouse",2600,""]
[20988,"NonResidential","1722801080","TUOPT","Office","BUILDING O","Building O","655 S ORCAS ST, SEATTLE, WA 98108",288821.09375,24988,25872,11.558391778053466,96,"Highest Use",41,"","",25872,25872,"Y","",183.19999694824199,2399353.5,96.020229710260921,14138.9599609375,null,"Office",24988,"",null,""]
[20989,"NonResidential","1722801081","TUOPT","Non-Refrigerated Warehouse","BUILDING N","Building N","661 S ORCAS ST, SEATTLE, WA 98108",65240.3984375,21386,20500,3.0506124772047132,10.3999996185303,"Lowest Use",65,"","",20236,20500,"Y","",32.700000762939503,222600.09375,10.408682958477508,null,null,"Non-Refrigerated Warehouse",21386,"",null,""]
[21005,"NonResidential","1931300585","TUOPT","Office","4000 AURORA BUILDING","4000 aurora building","4000 AURORA AVE N, SEATTLE, WA 98103",156712.703125,21436,21436,7.3107250944672515,24.899999618530298,"Lowest Use",95,"","",21436,21436,"Y","",78.300003051757798,534703.6875,24.944191430304162,null,null,"Office",21436,"",null,""]
[21023,"NonResidential","1959703275","TUOPT","Mixed Use Property","GEORGE POCOCK MEMORIAL ROWING CENTER","George Pocock Memorial Rowing Center","3316 FUHRMAN AVE E, SEATTLE, WA 98102",97294.1015625,20233,20233,4.8086839105668959,31.100000381469702,"Lowest Use",null,"","",20233,20233,"Y","",67,630250.125,31.149613255572579,2982.8271484375,null,"Office",7245,"Non-Refrigerated Warehouse",6644,"Other",6344]
[21057,"NonResidential","1972201005","TUOPT","Office","CUSTOM CRAFT STUDIOS,RETAIL, OFFICE APT","Fremont Space","600 N 36TH ST, SEATTLE, WA 98103",249019.296875,27526,27526,9.0466939212017721,36.700000762939503,"Lowest Use",null,"","",26407,27526,"Y","",103.09999847412099,1010967.6875,36.727736957785368,1613.14001464844,null,"Office",24335,"Parking",12400,"Retail Store",2575]
[21088,"NonResidential","1972202635","TUOPT","Office","NORTHLAKE PLAZA","Northlake Plaza","936 N 34TH ST, SEATTLE, WA 98103",201486.59375,26295,23307,7.6625439722380682,42.799999237060497,"Medium Low",94,"","",23307,23307,"Y","",99.599998474121094,1126157.25,42.82780946948089,4386.85009765625,null,"Office",26295,"Parking",12890,""]
[21095,"NonResidential","1977201055","TUOPT","Self-Storage Facility","DOWNTOWN SELF STORAGE","Belltown Self Storage","1915 3RD AVE, SEATTLE, WA 98101",208169.796875,46580,46580,4.4690810836195789,15.199999809265099,"Medium Low",null,"","",46580,46580,"Y","",47.900001525878899,710275.375,15.248505259768141,null,null,"Self-Storage Facility",46580,"",null,""]
[21097,"NonResidential","1977201070","TUOPT","Retail Store","BERGMAN'S LUGGAGE","BERGMAN'S LUGGAGE","1907 3RD AVE, SEATTLE, WA 98101",140296,25920,25920,5.4126543209876541,18.5,"Lowest Use",37,"","",25920,25920,"Y","",58,478690.09375,18.467982011959876,null,null,"Retail Store",25920,"",null,""]
[21102,"NonResidential","1977201135","TUOPT","Retail Store","SWIFTY PRINTING","SWIFTY PRINTING & DIGITAL IMAGING, INC.","212 VIRGINIA ST, SEATTLE, WA 98101",254234.59375,38880,25920,6.5389556005658438,26,"Lowest Use",93,"","",25920,25920,"Y","",74,1011667.5,26.02025462962963,1442.18981933594,null,"Retail Store",38880,"",null,""]
[21108,"NonResidential","1977201181","TUOPT","Office","BELLTOWN CENTER","DSHS Belltown Center","2106 2ND AVE, SEATTLE, WA 98121",309948,23995,25920,12.917191081475307,74.800003051757798,"Highest Use",75,"","",25920,25920,"Y","",170.60000610351599,1793851.375,74.759382162950615,7363.08935546875,null,"Office",23995,"",null,""]
[21115,"NonResidential","1978200285","TUOPT","Office","VIRGINIA MASON - CASSEL CRAIG OFFICES","Administration - Cassel Crag","1218 TERRY AVE, SEATTLE, WA 98101",150124.703125,39760,39760,3.7757722113933601,62.299999237060497,"Medium High",92,"","",null,39760,"Y","",99.099998474121094,2478960,62.348088531187123,2271.13989257813,1739620.75,"Office",39760,"",null,""]
[21116,"NonResidential","1978200290","TUOPT","Other","SUNSET CLUB","Sunset Club","1021 UNIVERSITY ST, SEATTLE, WA 98101",385279.1875,30971,30971,12.439998304865842,91.199996948242202,"Medium High",null,"","",30971,30971,"Y","",185.60000610351599,2823184,91.155726324626258,12776.2197265625,230989.296875,"Other",30971,"",null,""]
[21117,"NonResidential","1978200305","TUOPT","Office","VIRGINIA MASON- BLACKFORD HALL","Administration - Blackford Hall","1204 TERRY AVE, SEATTLE, WA 98101",578045.875,22667,22667,25.501648872810694,166.19999694824199,"Highest Use",1,"","",22667,22667,"Y","",367.39999389648398,3767135,166.19468831340717,1555.01013183594,1639341.375,"Office",22667,"",null,""]
[21119,"NonResidential","1972202680","TUOPT","Non-Refrigerated Warehouse","OFFICE RETAIL -CANAL BUILDING","Canal Building","712 N 34TH ST, SEATTLE, WA 98103",364798.09375,33840,33840,10.780085512706856,65.800003051757798,"Highest Use",null,"","",33840,33840,"Y","",146,2227638.25,65.828553486997635,9829.470703125,null,"Non-Refrigerated Warehouse",18740,"Office",13660,"Retail Store",1440]
[21125,"NonResidential","1972202940","TUOPT","Office","THE PECK BUILDING","The Peck Building","701 N 36TH ST, SEATTLE, WA 98103",378489.1875,24670,27730,15.342082995541142,52.299999237060497,"Medium Low",74,"","",25222,27730,"Y","",164.39999389648401,1291405.25,52.347192946899071,null,null,"Office",15908,"Retail Store",8762,"Parking",1500]
[21133,"NonResidential","1972203160","TUOPT","Retail Store","FREMONT BLDG","The Fremont Building","3417 FREMONT AVE N, SEATTLE, WA 98103",356141.90625,30886,27480,11.530852368386972,39.299999237060497,"Medium Low",88,"","",27095,27480,"Y","",123.5,1215156.25,39.343270413779706,null,null,"Retail Store",22218,"Office",8668,""]
[21138,"NonResidential","1972203435","TUOPT","Mixed Use Property","SATURN BUILDING","Saturn Building","3417 EVANSTON AVE N, SEATTLE, WA 98103",421028.09375,46958,null,8.9660567688146848,38.700000762939503,"Medium Low",95,"","",0,null,"Y","",104.59999847412099,1818867.875,38.733929788321475,3823.19995117188,null,"Office",40313,"Parking",33976,"Bar/Nightclub",4579]
[21140,"NonResidential","1972203870","TUOPT","Distribution Center","124 N 35TH ST BUILDING","124N35","124 N 35TH ST, SEATTLE, WA 98103",229948.796875,26532,26532,8.6668474624981151,72.900001525878906,"Highest Use",5,"","",26532,26532,"Y","",138.39999389648401,1934224.25,72.901562264435398,11496.3916015625,null,"Distribution Center",26532,"",null,""]
[21142,"NonResidential","1972204025","TUOPT","Other","WAREHOUSE-STUDIO","155N35","155 N 35TH ST, SEATTLE, WA 98103",562134.375,30730,30730,18.292690367718841,99.300003051757798,"Medium High",null,"","",28216,30730,"Y","",234.69999694824199,3050455.25,99.26636023429873,11324.5283203125,null,"Other",30730,"",null,""]
[21145,"NonResidential","1972204350","TUOPT","Office","FREMONT WEST BUSINESS CENTER","Fremont West Building","123 NW 36TH ST, SEATTLE, WA 98107",616677.5,36839,35600,16.739800211732131,59,"Medium High",47,"","",35600,35600,"Y","",181.30000305175801,2173143.75,58.990302396916313,690.40002441406295,null,"Office",36839,"Parking",0,""]
[21150,"NonResidential","1972204965","TU2021","Worship Facility","FIRST FREE METHODIST CHURCH","First Free Methodist Church","58 W DRAVUS ST, SEATTLE, WA 98119",84104.703125,62200,62000,1.352165645096463,28.899999618530298,"Medium Low",81,"","",0,62000,"Y","",40,1799664.125,28.933506832797427,15126.9873046875,null,"Worship Facility",57200,"Other",5000,""]
[21172,"NonResidential","1972205940","TUOPT","Office","LEDGER MARINE CHARTERS","101 Nickerson","60 ETRURIA ST, SEATTLE, WA 98109",227505.5,23600,23600,9.6400635593220336,32.900001525878899,"Lowest Use",82,"","",23600,23600,"Y","",103.300003051758,776248.6875,32.891893538135591,null,null,"Office",23600,"",null,""]
[21177,"NonResidential","1972206360","TUOPT","Office","4 NICK - OFFICE","4 Nick","4 NICKERSON ST, SEATTLE, WA 98109",675185.375,40067,40067,16.851408266154191,57.5,"Medium High",43,"","",40067,40067,"Y","",180.5,2303732.75,57.497011256145953,null,null,"Office",40067,"",null,""]
[21179,"NonResidential","1972206435","TUOPT","Office","2 NICK OFFICE BLDG","2 Nick","2 NICKERSON ST, SEATTLE, WA 98109",344277.3125,25262,25262,13.628268248753068,58.200000762939503,"Medium High",54,"","",25262,25262,"Y","",158.30000305175801,1469556.25,58.172601140052251,2948.82006835938,null,"Office",25262,"",null,""]
[21180,"NonResidential","1972206512","TU2021","Other","TABLEAU","Seventeen Meters, LLC","437 N 34TH ST, SEATTLE, WA 98103",1403540,38723,53103,36.245642124835371,126,"Highest Use",null,"","",53103,53103,"Y","",390.70001220703102,4877959,125.97058595666658,890.79998779296898,null,"Other",38723,"",null,""]
[21181,"NonResidential","1972206650","TUOPT","Office","CANAL PL OFFICE PARK","Canal Place - 150 Building","150 NICKERSON ST, SEATTLE, WA 98109",474553.6875,32739,34106,14.495057500229084,49.5,"Medium Low",57,"","",34106,34106,"Y","",155.30000305175801,1619177.125,49.457134457374998,null,null,"Office",32739,"",null,""]
[21182,"NonResidential","1972206650","TUOPT","Office","CANAL PL OFFICE PARK","Canal Place - 130 Building","130 NICKERSON ST, SEATTLE, WA 98109",678188.375,34545,34545,19.632027066145607,67,"Medium High",29,"","",31118,34545,"Y","",210.30000305175801,2313978.75,66.984476769431183,null,null,"Office",34545,"",null,""]
[21183,"NonResidential","1972206670","TU2020","Office","CANAL PL OFFICE PARK","Canal Place Office Park","180 NICKERSON ST, SEATTLE, WA 98109",815377.125,70296,70296,11.599196611471491,39.599998474121101,"Lowest Use",86,"","",70296,70296,"Y","",124.300003051758,2782066.5,39.576455274837826,null,null,"Office",70296,"",null,""]
[21192,"NonResidential","1924049081","TUOPT","Distribution Center","ALASKA MARINE LINES","Alaska Marine Lines","5615 W MARGINAL WAY SW, SEATTLE, WA 98106",435560,44708,28368,9.7423279949897115,41.5,"Medium High",null,"","",28368,28368,"Y","",113.09999847412099,1856230.625,41.518981502191998,3700.99951171875,null,"Distribution Center",35300,"Office",9408,""]
[21208,"NonResidential","1926049122","TU2020","Other","STONE AVENUE BUILDING","Stone Avenue Building","13100 STONE AVE N, SEATTLE, WA 98133",931812.8125,92129,92080,10.114218242898545,56,"Medium Low",null,"","",92080,92080,"Y","",130.89999389648401,5155090.5,55.955133562721834,19757.451171875,null,"Other",92129,"",null,""]
[21212,"NonResidential","1926049180","TUOPT","Other","GRANITE CURLING CLUB","Granite Curling Club","1440 N 128TH ST, SEATTLE, WA 98133",348014.09375,20236,20236,17.197770989820121,97.099998474121094,"Medium High",null,"","",20236,20236,"Y","",224.60000610351599,1965182.25,97.113177011267055,7777.580078125,null,"Other - Recreation",20236,"",null,""]
[21213,"NonResidential","1926049190","TUOPT","Office","COCHRAN INC","Cochran, Inc","12500 AURORA AVE N, SEATTLE, WA 98133",436345.5,39815,39815,10.959324375235465,51.5,"Medium Low",62,"","",39815,39815,"Y","",132.19999694824199,2050600.75,51.503221147808617,5617.89892578125,null,"Office",27118,"Non-Refrigerated Warehouse",12697,""]
[21218,"Nonresidential COS","1926049286","TUOPT","Other","HLF Vehicle Maintenance (A)","HLF FFD VMG (A)","12645 ASHWORTH AVE N, SEATTLE, WA 98133",258400.296875,26994,26994,9.5725085898718234,114,"Medium High",null,"","",26994,26994,"Y","",187.89999389648401,3076813.25,113.98137549084981,21951.513671875,null,"Other - Services",16243,"Office",10751,""]
[21219,"NonResidential","1926049290","TUOPT","Non-Refrigerated Warehouse","HANSEN BROS MOVING & STORAGE","Comcast","12645 STONE AVE N, SEATTLE, WA 98133",435505.8125,48112,48112,9.0519166216328575,30.899999618530298,"Medium High",73,"","",48112,48112,"Y","",97,1485945.875,30.885140401563021,null,null,"Non-Refrigerated Warehouse",48112,"",null,""]
[21221,"NonResidential","1926049293","TUOPT","Other","KING COUNTY METRO NORTH FACILITIES MAINTENANCE","(ID#21221) KC Metro Transit North Facilities Maintenance","12525 STONE AVE N, SEATTLE, WA 98133",198830.90625,19050,20909,10.437317913385828,63.400001525878899,"Medium Low",null,"","",null,20909,"Y","",141,1208029.25,63.413608923884517,5296.18017578125,null,"Other - Public Services",19050,"Parking",0,""]
[21226,"NonResidential","1926049335","TUOPT","Office","OFFICE BUILDING","Laurel Building","911 N 145TH ST, SEATTLE, WA 98133",519398.6875,26275,26275,19.767790199809706,67.400001525878906,"Medium High",27,"","",26275,26275,"Y","",211.80000305175801,1772188.5,67.447706945765944,null,null,"Office",26275,"Parking",16518,""]
[21233,"NonResidential","1926049370","TUOPT","Other","LA FITNESS CENTER","Fitness International North Seattle","13244 AURORA AVE N, SEATTLE, WA 98133",871532.5,45000,45000,19.36738888888889,131.39999389648401,"Highest Use",null,"","",45000,45000,"Y","",276.10000610351602,5912066,131.37924444444445,29383.96875,null,"Other - Recreation",45000,"",null,""]
[21236,"NonResidential","1926049423","TUOPT","Retail Store","PETSMART","PETSMART 0375 (ID21236)","13000 AURORA AVE N, SEATTLE, WA 98133",336562,26115,26115,12.887689067585679,64.699996948242202,"Medium High",43,"","",26115,26115,"Y","",159.80000305175801,1689372.625,64.689742485161787,5410.23046875,null,"Retail Store",26115,"",null,""]
[21237,"NonResidential","1926049431","TUOPT","Retail Store","STAPLES","Staples","13240 AURORA AVE N, SEATTLE, WA 98133",133182.203125,23829,23696,5.5890806632674472,null,"",null,"","",23696,23696,"N","",null,null,0,null,null,"Retail Store",23829,"Parking",0,""]
[21239,"NonResidential","1928300405","TUOPT","Worship Facility","LATTER DAY SAINTS CHURCH","Seattle North","5701 8TH AVE NE, SEATTLE, WA 98105",99743,30044,26033,3.3198974836905872,38.200000762939503,"Medium High",78,"","",26033,26033,"Y","",63.799999237060497,1149140.25,38.248577086939157,8088.169921875,null,"Worship Facility",30044,"Parking",0,""]
[21243,"NonResidential","1929300110","TUOPT","K-12 School","SEATTLE COUNTRY DAY SCHOOL","Seattle Country Day School Bldgs 1,2 & 4","2619 4TH AVE N, SEATTLE, WA 98109",241063.59375,49468,48660,4.8731218919301362,38,"Medium Low",82,"","",48658,48660,"Y","",74.699996948242202,1881516.125,38.035015060240966,10590.0703125,null,"K-12 School",49468,"",null,""]
[21244,"NonResidential","1929300390","TUOPT","Senior Care Community","QUEEN ANNE HEALTHCARE","Queen Anne Healthcare","2717 DEXTER AVE N, SEATTLE, WA 98109",676013,46539,null,14.525731107243388,116,"Highest Use",73,"","",46539,null,"Y","",225.39999389648401,5400049.5,116.03277895958229,30934.931640625,null,"Senior Care Community",46539,"",null,""]
[21265,"NonResidential","1977200735","TUOPT","Retail Store","PATAGONIA RETAIL STORE","N0030 - Patagonia/DKA","106 LENORA ST, SEATTLE, WA 98121",223084.09375,21628,26400,10.314596529961161,45.5,"Medium Low",36,"","",24416,26400,"Y","",121.300003051758,983595.875,45.477893240244128,2224.330078125,null,"Retail Store",14428,"Office",7200,"Parking",2788]
[21266,"NonResidential","1977200855","TUOPT","Office","1ST & LENORA BUILDING","First & Lenora","2030 1ST AVE, SEATTLE, WA 98121",369946,50348,38148,7.3477794549932467,25.100000381469702,"Lowest Use",98,"","",38148,38148,"Y","",78.699996948242202,1262255.75,25.070623460713435,null,null,"Office",37853,"Retail Store",12495,""]
[21270,"NonResidential","1988201370","TUOPT","Mixed Use Property","WAREHOUSE/OFFICE","Rex Land Building (Block 56SE) - SEDO","401 8TH AVE N, SEATTLE, WA 98109",73068.8984375,28800,28800,2.5371145290798611,15.8999996185303,"Lowest Use",null,"","",28800,28800,"Y","",34.799999237060497,456953,15.866423611111111,2076.41967773438,null,"Non-Refrigerated Warehouse",14400,"Office",14400,""]
[21278,"NonResidential","1989200520","TUOPT","Worship Facility","CHURCH OF SCIENTOLOGY OF WASHINGTON STATE","Church of Scientology Washington State","300 W HARRISON ST, SEATTLE, WA 98119",529445.5,31945,31945,16.573657849428706,56.5,"Highest Use",4,"","",31945,31945,"Y","",177.60000610351599,1806468,56.549319142275785,null,null,"Worship Facility",31945,"Parking",0,""]
[21290,"NonResidential","1989200945","TU2021","Office","SALVATION ARMY NW DIV HEADQUARTERS","Salvation Army NW Div. HQ","111 QUEEN ANNE AVE N, SEATTLE, WA 98109",1313295,52908,52908,24.822238602857791,84.699996948242202,"Highest Use",43,"","",52908,52908,"Y","",265.89999389648398,4480961,84.693449005821421,null,null,"Office",52908,"Parking",33055,""]
[21315,"NonResidential","1975700135","TU2021","Office","1518 5TH AVE OFFICE","1518 Fifith Ave","1520 5TH AVE, SEATTLE, WA 98101",7064.89990234375,25000,57720,0.28259599609375002,1,"Low Outlier",null,"","",0,57720,"Y","",3,24105.5,0.96421999999999997,null,null,"Office",25000,"",null,""]
[21317,"NonResidential","1975700155","TUOPT","Retail Store","COLISEUM BUILDING","Coliseum","1506 5TH AVE, SEATTLE, WA 98101",576932.5,16200,36504,35.613117283950615,129.69999694824199,"Highest Use",2,"","",23239,36504,"Y","",390.10000610351602,2100982.75,129.69029320987653,1324.88977050781,null,"Retail Store",16200,"",null,""]
[21318,"NonResidential","1975700195","TUOPT","Office","WESTLAKE PLACE","Westlake Place","1514 4TH AVE, SEATTLE, WA 98101",878724.625,35200,35200,24.963767755681818,85.199996948242202,"Highest Use",8,"","",29200,35200,"Y","",267.5,2998208.25,85.176370738636365,null,null,"Office",35200,"",null,""]
[21319,"NonResidential","1975700275","TUOPT","Office","IMPERIAL HOTEL BUILDING","4th Avenue Building","1408 4TH AVE, SEATTLE, WA 98101",211969.40625,35840,35840,5.9143249511718752,42.900001525878899,"Medium Low",83,"4TH AVENUE BLDG LLC","1408 4TH AVE",35840,35840,"Y","",87.300003051757798,1538750.625,42.933890206473215,8155.1103515625,null,"Office",35840,"",null,""]
[21321,"NonResidential","1975700281","TUOPT","Other","Fifth and Union","5265050802 - WM1084 Fifth and Union","1401 5TH AVE, SEATTLE, WA 98101",390806.59375,23230,25920,16.823357458028411,57.400001525878899,"Medium Low",60,"","",17280,25920,"Y","",180.19999694824199,1333432.125,57.401296814464054,null,null,"Bank Branch",23230,"",null,""]
[21322,"NonResidential","1975700290","TUOPT","Office","FOURTH & UNION BUILDING/MEN'S WAREHOUSE","Fourth and Union","1404 4TH AVE, SEATTLE, WA 98101",621660.6875,21713,30525,28.630805853636069,132.80000305175801,"Highest Use",17,"","",30525,30525,"Y","",349,2883139,132.78400036844286,null,762032.8125,"Office",15609,"Retail Store",6104,""]
[21328,"NonResidential","1978200320","TUOPT","Other","FIRST HILL CONVALESCENT HOME","Seattle First Hill","1318 TERRY AVE, SEATTLE, WA 98101",2215882,52284,49243,42.381646392777903,162.10000610351599,"Highest Use",null,"","",49243,49243,"Y","",472.5,8476183,162.11810496519013,9155.9423828125,null,"Other/Specialty Hospital",52284,"",null,""]
[21336,"NonResidential","1978200605","TUOPT","Other","UNIVERSITY CLUB","University Club","1004 BOREN AVE, SEATTLE, WA 98104",227122.796875,20411,20411,11.127470328499339,98.699996948242202,"Medium High",null,"","",20411,20411,"Y","",183,2014475.875,98.695599186713054,12395.330078125,null,"Social/Meeting Hall",20411,"",null,""]
[21351,"NonResidential","1978201116","TUOPT","Medical Office","SWEDISH HOSPITAL MEDICAL CENTER (ALCOA BUILDING)","Swedish Alcoa Building","1401 MADISON ST, SEATTLE, WA 98104",450699.8125,21571,20570,20.893783899680127,136.60000610351599,"Highest Use",2,"","",20570,20570,"Y","",292.39999389648398,2946756.25,136.60730842334615,14089.6845703125,null,"Medical Office",21571,"",null,""]
[21364,"NonResidential","1978201421","TUOPT","Other","PACIFIC NORTHWEST RESEARCH LAB","Pacific Northwest Research","720 BROADWAY, SEATTLE, WA 98122",1554940,45780,34380,33.965487112276101,236.69999694824199,"Highest Use",null,"","",34380,34380,"Y","",509,10834087,236.65546089995632,552.62219238281295,5473370.5,"Other - Education",45780,"Parking",4500,""]
[21365,"NonResidential","1978201435","TUOPT","Medical Office","NORTHWEST KIDNEY CENTER","Northwest Kidney Center (21365)","700 BROADWAY, SEATTLE, WA 98122",878757.375,50000,39115,{"$f":"I834/J834","v":17.5751475},74.699996948242202,"Medium Low",42,"","",39115,39115,"Y","",203.80000305175801,3735308.5,{"$f":"W834/J834","v":74.70617},7369.880859375,null,"Medical Office",50000,"",null,""]
[21366,"NonResidential","1979200050","TUOPT","Other","CHURCH BUILDING USED AS MEETING HALL","Town Hall Seattle","1119 8TH AVE, SEATTLE, WA 98101",124631.6015625,37506,38038,3.3229776985682289,29.5,"Lowest Use",null,"","",38038,38038,"Y","",57.5,1107290.625,29.523026315789473,null,682047.625,"Other - Entertainment/Public Assembly",35886,"Office",1184,"Food Service",436]
[21367,"NonResidential","1979200090","TUOPT","Worship Facility","FIRST PRESBYTERIAN CHURCH","First Presbyterian Church of Seattle","709 SPRING ST, SEATTLE, WA 98104",259038,53000,37796,4.887509433962264,46.5,"Highest Use",55,"","",37796,37796,"Y","",87.699996948242202,2465983.5,46.527990566037737,2026.28002929688,1379517.75,"Worship Facility",53000,"Parking",17600,""]
[21380,"Nonresidential COS","1982201065","TUOPT","Office","SYSTEM CONTROL CENTER","System Operations Center","614 NW 46TH ST, SEATTLE, WA 98107",1569681,27744,27744,56.577314013840834,193,"High Outlier",null,"","",27744,27744,"Y","",606.20001220703102,5355753,193.04184688581316,null,null,"Office",18380,"Other",6060,"Data Center",3304]
[21382,"NonResidential","1982201700","TUOPT","Non-Refrigerated Warehouse","SUPERIOR SELF STORAGE MINI WHSE","Superior Self Storage","832 NW 48TH ST, SEATTLE, WA 98107",47277.6015625,36444,36444,1.2972670827159478,4.4000000953674299,"Lowest Use",80,"","",36444,36444,"Y","",13.8999996185303,161311.09375,4.4262730147623754,null,null,"Non-Refrigerated Warehouse",36444,"",null,""]
[21388,"NonResidential","1982203275","TUOPT","Non-Refrigerated Warehouse","WAREHOUSE/ MANUFACTURING","lee warehouse","4259 8TH AVE NW, SEATTLE, WA 98107",125320,27553,27553,4.5483250462744529,35.099998474121101,"Medium High",63,"","",26730,27553,"Y","",69.300003051757798,966677.125,35.084278481472069,5390.85107421875,null,"Non-Refrigerated Warehouse",27553,"",null,""]
[21389,"NonResidential","1982203385","TU2021","Distribution Center","WAREHOUSE","Double Y Investment Co.","4222 8TH AVE NW, SEATTLE, WA 98107",201467.90625,57310,57310,3.5154057974175537,21.899999618530298,"Medium Low",null,"","",57310,57310,"Y","",48,1253745.5,21.87655731983947,5663.3701171875,null,"Distribution Center",57310,"",null,""]
[21391,"NonResidential","1983200005","TUOPT","Mixed Use Property","TESLA MOTORS INC","On Ballard- 425 Westlake","425 WESTLAKE AVE N, SEATTLE, WA 98109",228407.203125,25920,25920,8.8120062934027779,38.200000762939503,"Medium Low",null,"","",25920,25920,"Y","",102.90000152587901,989079.5,38.158931327160495,2097.5400390625,null,"Office",10109,"Other - Services",7016,"Restaurant",3609]
[21396,"NonResidential","1983200170","TUOPT","Restaurant","UPTOWN EXPRESSO/BLUE MOON BURGERS","Uptown Espresso Building (Block 38W) - SEDO","500 WESTLAKE AVE N, SEATTLE, WA 98109",246785.59375,40686,40686,6.0656145541463893,51.799999237060497,"Lowest Use",null,"","",40686,40686,"Y","",97.599998474121094,2106073.5,51.764083468514968,12640.41015625,null,"Restaurant",40686,"",null,""]
[21397,"NonResidential","1983200180","TUOPT","Retail Store","GUITAR SHOP/FORMERLY BEST","Guitar Center (Block 38W) - SEDO","520 WESTLAKE AVE N, SEATTLE, WA 98109",336123.5,45271,45271,7.4246979302423188,56.400001525878899,"Medium High",57,"","",45271,45271,"Y","",112.199996948242,2553763.5,56.410582933887035,14069.1005859375,null,"Retail Store",45271,"",null,""]
[21399,"NonResidential","1983200290","TU2018","Office","Interurban Exchange IV/V & Van Vorst - SEDO","Interurban Exchange IV/V & Van Vorst - SEDO","440 TERRY AVE N, SEATTLE, WA 98109",6367310,341696,508160,18.634429434351002,82.099998474121094,"Highest Use",77,"","",0,508160,"Y","",219.10000610351599,28053172,82.099796310170447,63279.09765625,null,"Office",329850,"Parking",162894,"Food Service",11846]
[21401,"NonResidential","1983200350","TUOPT","Office","511 BOREN BUILDING","511 Boren","511 BOREN AVE N, SEATTLE, WA 98109",122371.796875,23730,26176,5.1568393120522549,40.700000762939503,"Lowest Use",95,"","",26176,26176,"Y","",79.599998474121094,966907.375,40.746202064896757,5493.74951171875,null,"Office",23730,"",null,""]
[21413,"NonResidential","1984200105","TUOPT","Office","FHCRC - FAIRVIEW BLDG.","Fairview","1000 FAIRVIEW AVE N, SEATTLE, WA 98109",2044020,37481,37740,54.534830981030389,198.60000610351599,"High Outlier",1,"","",37740,37740,"Y","",597.40002441406295,7442314.5,198.56232491128839,4681.1689453125,null,"Office",37481,"Parking",0,""]
[21418,"Nonresidential COS","1985200003","TUOPT","Other","NORTHWEST ROOMS - SEATTLE CENTER","Northwest Rooms","305 HARRISON ST, SEATTLE, WA 98109",931914.6875,49847,26000,18.695501986077396,105.90000152587901,"Medium High",null,"","",26000,26000,"Y","",250.89999389648401,5277482.5,105.87362328725901,null,2097789.75,"Other",49847,"",null,""]
[21424,"NonResidential","1985200090","TUOPT","Worship Facility","METHODIST CHURCH","First Church Seattle","180 DENNY WAY, SEATTLE, WA 98109",118247.203125,23241,23241,5.0878707080160064,31.799999237060501,"Medium Low",66,"","",23241,23241,"Y","",69.699996948242202,739210.5,31.806312120820962,3357.51000976563,null,"Worship Facility",23241,"",null,""]
[21425,"NonResidential","1985200140","TU2019","Other","PACIFIC SCIENCE CENTER","Pacific Science Center","200 2ND AVE N, SEATTLE, WA 98109",4337208,155795,155795,27.839198947334637,113.40000152587901,"Medium High",null,"","",15450,155795,"Y","",317.60000610351602,17673018,113.43764562405725,28744.646484375,null,"Other",155795,"",null,""]
[21432,"Nonresidential COS","1985200245","TUOPT","Other","FISHER PAVILION - SEATTLE CENTER","Fisher Pavilion","305 HARRISON ST, SEATTLE, WA 98109",464641.6875,21018,21018,22.106845917784756,83.800003051757798,"Medium High",null,"","",21018,21018,"Y","",246.89999389648401,1761137.5,83.791868874298217,null,175780,"Other",21018,"",null,""]
[21433,"Nonresidential COS","1985200305","TUOPT","Other","CHIHULY GARDEN & GLASS PAVILLION","Chihuly Garden and Glass","305 HARRISON ST, SEATTLE, WA 98109",771077.625,28631,30533,26.931564562886383,206.19999694824199,"Highest Use",null,"","",30533,30533,"Y","",408.5,5903015,206.17564877230973,32720.982421875,null,"Museum",28631,"",null,""]
[21435,"NonResidential","1985200495","TUOPT","Other","SPACE NEEDLE","space needle","400 BROAD ST, SEATTLE, WA 98109",2638551,50000,33971,52.77102,353.70001220703102,"Highest Use",null,"","",29670,33971,"Y","",747.70001220703102,17686444,353.72888,86837.0859375,null,"Other - Recreation",50000,"",null,""]
[21436,"Nonresidential COS","1985200550","TUOPT","Other","SEATTLE CHILDREN'S THEATER - SEATTLE CENTER","Seattle Children's Theatre","201 THOMAS ST, SEATTLE, WA 98109",442413.3125,33000,40600,13.406464015151515,75.300003051757798,"Medium High",null,"","",40600,40600,"Y","",174.60000610351599,2485521,75.318818181818187,3745.36962890625,137900,"Other",33000,"",null,""]
[21438,"NonResidential","1986200070","TUOPT","Office","SELLEN OFFICE BLDG WITH EC LAND PARCELS","Sellen Construction Headquarters","227 WESTLAKE AVE N, SEATTLE, WA 98109",587282.375,38038,null,15.43935998212314,52.700000762939503,"Medium Low",84,"","",null,null,"Y","",165.39999389648401,2003807.75,52.679103790945895,null,null,"Office",38038,"Parking",19600,""]
[21442,"NonResidential","1986200245","TUOPT","Office","WEBER BLAINE BLDG","Terry Ave Building","225 TERRY AVE N, SEATTLE, WA 98109",357411,41591,40000,8.5934697410497467,60.700000762939503,"Medium High",92,"","",39998,40000,"Y","",125,2524228.25,60.691694116515592,13047.419921875,null,"Office",41591,"Parking",21350,""]
[21443,"NonResidential","1986200255","TUOPT","Office","TERRY BLDG","219 Terry Building","219 TERRY AVE N, SEATTLE, WA 98109",1613918,40404,35404,39.944510444510442,227.5,"High Outlier",1,"","",35404,35404,"Y","",523.70001220703102,9190442,227.46366696366695,36837.5234375,null,"Office",35404,"Laboratory",5000,"Parking",1250]
[21445,"NonResidential","1986200275","TUOPT","Office","202 WESTLAKE","202 Westlake","202 WESTLAKE AVE N, SEATTLE, WA 98109",1956935,130862,29910,14.954188381653957,56.799999237060497,"Medium High",92,"","",null,29910,"Y","2016, 2015",166.30000305175801,7429423,56.772959300637311,7523.58984375,null,"Office",120548,"Parking",88960,"Bank Branch",5436]
[21464,"Nonresidential COS","1988200250","TUOPT","Other","PHELPS CENTER - SEATTLE CENTER","Phelps Center","515 2ND AVE, SEATTLE, WA 98104",383969.8125,49680,49680,7.7288609601449272,57.299999237060497,"Medium Low",null,"","",null,49680,"Y","",119.5,2844685,57.260165056360705,null,1427730,"Other",49680,"",null,""]
[21465,"Nonresidential COS","1988200440","TUOPT","Other","PLAYHOUSE - SEATTLE CENTER","Playhouse","501 3RD AVE, SEATTLE, WA 98104",325448.59375,36314,36314,8.9620695530649339,50.5,"Medium Low",null,"","",0,36314,"Y","",117.59999847412099,1832808.75,50.471133722531256,3915.77978515625,204650,"Other",36314,"",null,""]
[21468,"NonResidential","1975700560","TUOPT","Other","SHOWBOX BUILDING","Showbox Building","1412 1ST AVE, SEATTLE, WA 98101",368632.6875,20246,25920,18.207679912081399,62.099998474121101,"Medium Low",null,"","",25920,25920,"Y","",195.10000610351599,1257774.625,62.124598686160226,null,null,"Other - Entertainment/Public Assembly",11888,"Restaurant",4329,"Retail Store",4029]
[21469,"NonResidential","1975700605","TUOPT","Office","DOYLE BUILDING","Doyle Building","117 PINE ST, SEATTLE, WA 98101",344072.6875,34000,47686,10.119784926470588,60.900001525878899,"Medium High",72,"FANA DOYLE, LLC","119 PINE ST",47686,47686,"Y","",140.19999694824199,2071670.25,60.931477941176468,null,897694,"Office",25500,"Retail Store",8500,""]
[21471,"NonResidential","1975700645","TUOPT","Other","EITEL BUILDING (2ND AND PIKE BUILDING)","Eitel Building","1501 2ND AVE, SEATTLE, WA 98101",79353.6015625,44928,44928,1.766239351017183,null,"",null,"","",44928,44928,"N","",null,null,0,null,null,"Other",38706,"Retail Store",2660,"Personal Services (Health/Beauty, Dry Cleaning, etc)",2600]
[21474,"NonResidential","1976200060","TUOPT","Other","SULTAN HOTEL/LUSTY LADY","The Lusty Lady","1315 1ST AVE, SEATTLE, WA 98101",12981.7001953125,24019,49760,0.54047629773564676,1.79999995231628,"Lowest Use",null,"","",49760,49760,"Y","",5.8000001907348597,44293.5,1.844102585453183,null,null,"Other",24019,"",null,""]
[21478,"Campus","1976200105","TUOPT","Mixed Use Property","PIKE PLACE - ECONOMY MARKET","Economy Market","1401 1ST AVE, SEATTLE, WA 98101",1209993,49280,49280,24.553429383116882,110.300003051758,"Highest Use",null,"","",49280,49280,"Y","",290.89999389648398,5437110.5,110.33097605519481,13086.140625,null,"Retail Store",15614,"Restaurant",9240,"Social/Meeting Hall",8199]
[21481,"Campus","1976200210","TUOPT","Multifamily Housing","SANITARY MARKET - MASTER CAMPUS FOR PIKE PLACE MARKET","Sanitary Market","1513 1ST AVE, SEATTLE, WA 98101",1107372,44349,null,24.969491984035717,85.199996948242202,"High Outlier",null,"","",32620,null,"Y","",267.5,3778355,85.195945793591733,null,null,"Multifamily Housing",22669,"Retail Store",10455,"Restaurant",3668]
[21482,"Campus","1976200230","TUOPT","Restaurant","PIKE PLACE - CORNER MARKET","Corner Market","1505 1ST AVE, SEATTLE, WA 98101",938533.875,25380,25380,36.979270094562651,271.89999389648398,"Highest Use",null,"","",25380,25380,"Y","",549.20001220703102,6901554,271.928841607565,36992.765625,null,"Restaurant",17114,"Food Sales",6426,"Office",1840]
[21483,"NonResidential","1976200300","TUOPT","Office","MADORE BUILDING","(ID21483) Madore Building","1501 WESTERN AVE, SEATTLE, WA 98101",668858.625,40715,40715,16.427818371607515,69.5,"Medium High",null,"","",40715,40715,"Y","",190.10000610351599,2827772.75,69.452849072823284,5456.27001953125,null,"Office",20895,"Retail Store",16260,"Non-Refrigerated Warehouse",3560]
[21488,"NonResidential","1977200245","TUOPT","Mixed Use Property","ELLIOTT COURT","E0010 - Elliott Court","2107 ELLIOTT AVE, SEATTLE, WA 98121",503262.3125,41539,47265,12.115417138111173,41.299999237060497,"Medium Low",92,"","",47265,47265,"Y","",129.80000305175801,1717130.875,41.337800019259006,null,null,"Parking",36036,"Office",26528,"Retail Store",15011]
[21495,"NonResidential","1977200420","TUOPT","Office","ALASKA TRADE BUILDING","Alaska Trade Building","1917 1ST AVE, SEATTLE, WA 98101",545772.8125,36160,36160,15.093274681969026,51.5,"Medium Low",47,"","",24760,36160,"Y","",161.69999694824199,1862176.875,51.498254286504427,null,null,"Office",36160,"",null,""]
[21496,"NonResidential","1977200425","TUOPT","Mixed Use Property","DUNN BLDG/STARBUCKS","Soames Dunn Building","1912 PIKE PL, SEATTLE, WA 98101",822388.5,34617,34617,23.756781350203656,148.39999389648401,"Highest Use",null,"","",34617,34617,"Y","",325.20001220703102,5136604.5,148.38387208596933,23306.150390625,null,"Other - Restaurant/Bar",6455,"Office",5813,"Manufacturing/Industrial Plant",5581]
[21505,"NonResidential","1977200605","TUOPT","Office","UNION STABLES","U0010 - Union Stables","2200 WESTERN AVE, SEATTLE, WA 98121",461583,68048,48600,6.7831971549494474,24,"Lowest Use",100,"","",48600,48600,"Y","",73.599998474121094,1634178.25,24.015081266165058,592.57000732421898,null,"Office",68048,"",null,""]
[21508,"NonResidential","1977200625","TUOPT","Other","WHITE & HITCHCOCK BUILDING/FLYING FISH","White and Hitchcock","2228 1ST AVE, SEATTLE, WA 98121",84338.703125,22710,22710,3.7137253687802732,12.699999809265099,"Lowest Use",null,"","",22710,22710,"Y","",39.799999237060497,287763.5,12.671224130339057,null,null,"Food Service",22710,"",null,""]
[21515,"NonResidential","2025049030","TUOPT","Office","R.D. MERRILL BUILDING","RDM Building","1938 FAIRVIEW AVE E, SEATTLE, WA 98102",938676.625,36959,36959,25.397782001677534,86.699996948242202,"Highest Use",13,"","",36959,36959,"Y","",272.20001220703102,3205182.5,86.722652128033772,24.180000305175799,null,"Office",36959,"Parking",13540,""]
[21520,"NonResidential","2025049040","TUOPT","Office","DESIGN SERVICE BLDG","1910 Fairview - new","1910 FAIRVIEW AVE E, SEATTLE, WA 98102",952872.3125,57972,44860,16.436767965569587,62.099998474121101,"Medium High",68,"","",44860,44860,"Y","",182.39999389648401,3600571.25,62.108798212930381,3493.7099609375,null,"Office",57972,"Parking",0,""]
[21521,"NonResidential","2025049052","TUOPT","K-12 School","SAINT NICHOLAS BUILDING","ST NICHOLAS SCHOOL","1501 10TH AVE E, SEATTLE, WA 98102",244618.40625,45960,45960,5.3224196312010443,90.699996948242202,"Highest Use",56,"","",45960,45960,"Y","",133.19999694824199,4167253.75,90.67131744995649,33326.16015625,null,"K-12 School",45960,"",null,""]
[21530,"NonResidential","1991200520","TUOPT","Office","SPACE NEEDLE CORPORATE OFFICE","Space Needle Building","203 6TH AVE N, SEATTLE, WA 98109",127961.296875,21128,21128,6.0564794052915563,20.700000762939499,"Lowest Use",97,"","",21128,21128,"Y","",64.900001525878906,436604.09375,20.664714774233246,null,null,"Office",21128,"",null,""]
[21533,"NonResidential","1991200695","TU2019","Mixed Use Property","HYATT PLACE","Hyatt Place","110 6TH AVE N, SEATTLE, WA 98109",1689622,168943,null,10.001136477983698,54.200000762939503,"Medium Low",null,"","",110791,null,"Y","",128.19999694824199,9155568,54.193236772165761,33905.7890625,null,"Hotel",108763,"Parking",105499,"Multifamily Housing",58152]
[21534,"NonResidential","1991200705","TU2021","Office","EMP ADMINISTRATIVE OFFICE","Little Wing","120 6TH AVE N, SEATTLE, WA 98109",451074.59375,54800,51552,8.2312882071167888,28.100000381469702,"Lowest Use",null,"","",51552,51552,"Y","",88.199996948242202,1539066.375,28.085152828467152,null,null,"Office",54150,"Data Center",650,""]
[21535,"NonResidential","1991200765","TUOPT","Hotel","TRAVELODGE BY THE SPACE NEEDLE","Travelodge - WA - Seattle - 07033","200 6TH AVE N, SEATTLE, WA 98109",468135.6875,38500,38520,12.159368506493507,72.800003051757798,"Medium Low",37,"","",38520,38520,"Y","",163.19999694824199,2804534,72.845038961038966,12072.5498046875,null,"Hotel",38500,"",null,""]
[21537,"NonResidential","1991200800","TUOPT","Hotel","SEATTLE PACIFIC HOTEL","Seattle Pacific Hotel","325 AURORA AVE N, SEATTLE, WA 98109",100596,19000,24930,5.294526315789474,45.599998474121101,"Lowest Use",95,"","",24930,24930,"Y","",85.699996948242202,867184.375,45.64128289473684,5239.509765625,null,"Hotel",19000,"",null,""]
[21546,"NonResidential","1991201375","TUOPT","Worship Facility","UNITY CHURCH","Seattle Unity Church","200 8TH AVE N, SEATTLE, WA 98109",170366.09375,27338,27338,6.2318418958958226,21.299999237060501,"Lowest Use",56,"","",22954,27338,"Y","",66.800003051757798,581289,21.263040456507426,null,null,"Worship Facility",27338,"",null,""]
[21549,"NonResidential","1992200045","TUOPT","Other","ALEXANDRIA BIOTECH","410 W. Harrison","410 W HARRISON ST, SEATTLE, WA 98119",1370281,34416,34416,39.81523128777313,349.10000610351602,"Highest Use",null,"","",21632,34416,"Y","",650.5,12015936,349.13807531380752,73405.3515625,null,"Laboratory",20649,"Office",13767,"Parking",2000]
[21550,"NonResidential","1992200400","TUOPT","Office","BAYVIEW  BUILDING","Bayview Building","129 1ST AVE W, SEATTLE, WA 98119",140782.5,45864,45864,3.0695643642072215,56.5,"Medium High",94,"","",45864,45864,"Y","",81.199996948242202,2590622,56.484868306296875,21102.720703125,null,"Office",45864,"",null,""]
[21557,"NonResidential","2026049022","TUOPT","K-12 School","LAKESIDE MIDDLE SCHOOL","Lakeside Middle School","13510 1ST AVE NE, SEATTLE, WA 98125",509598.40625,61099,49252,8.3405359539436006,57.099998474121101,"Highest Use",23,"","",49252,49252,"Y","",119.40000152587901,3485865.5,57.052742270740929,17471.16015625,null,"K-12 School",61099,"",null,""]
[21570,"SPS-District K-12","2044500390","TUOPT","K-12 School","PINEHURST ELEMENTARY (SPS-DISTRICT)","Hazel Wolf K-8 at Pinehurst","11530 12TH AVE NE, SEATTLE, WA 98125",0,34005,34005,0,0,"Low Outlier",100,null,null,34005,34005,"N","",0,0,0,0,null,"K-12 School",34005,"",null,""]
[21578,"SPS-District K-12","2095200005","TUOPT","K-12 School","GENESEE SCHOOL (SPS-DISTRICT)","Genesee Hill Elementary","5012 SW GENESEE ST, SEATTLE, WA 98116",298599,41221,41221,7.2438562868440846,31.899999618530298,"Lowest Use",92,null,null,41221,41221,"Y","",85.199996948242202,1315619.75,31.916250212270445,2968.00024414063,null,"K-12 School",41221,"",null,""]
[21580,"NonResidential","2107700160","TUOPT","Office","EAST LAKE TOWERS","Galer","214 E GALER ST, SEATTLE, WA 98102",252767.09375,33176,33176,7.6189743715336391,43,"Medium Low",89,"","",19570,33176,"Y","",99.5,1426279.5,42.991303954666023,5638.3798828125,null,"Office",33176,"Parking",15000,""]
[21582,"NonResidential","2107700260","TUOPT","Retail Store","WASH STATE CREDIT UNION","WSECU - 4","1500 FAIRVIEW AVE E, SEATTLE, WA 98102",278437.5,21430,21430,12.99288380774615,87.699996948242202,"Highest Use",null,"","",21430,21430,"Y","",184.69999694824199,1878742.875,87.668822911805876,9287.1396484375,null,"Retail Store",10751,"Medical Office",8044,"Office",2635]
[21601,"SPS-District K-12","2123700235","TU2020","K-12 School","DUNLAP ELEMENTARY SCHOOL (SPS-DISTRICT)","Dunlap Elementary","4525 S CLOVERDALE ST, SEATTLE, WA 98118",466020.09375,75605,75605,6.163879290390847,31.200000762939499,"Lowest Use",80,null,null,75605,75605,"Y","",76.699996948242202,2356727,31.171575953971299,7666.6669921875,null,"K-12 School",75605,"",null,""]
[21604,"SPS-District K-12","2123700250","TUOPT","K-12 School","SOUTH LAKE HIGH SCHOOL (SPS-DISTRICT)","South Lake High","8601 RAINIER AVE S, SEATTLE, WA 98118",327972.40625,29525,29525,11.108294877222693,53.799999237060497,"Highest Use",61,null,null,29525,29525,"Y","",135.69999694824199,1588921.875,53.816151566469095,4698.80029296875,null,"K-12 School",29525,"",null,""]
[21611,"NonResidential","2124049098","TUOPT","Worship Facility","CHINESE BAPTIST CHURCH","Seattle Chinese Baptist Church","5801 BEACON AVE S, SEATTLE, WA 98108",95545.5,21948,21948,4.3532668124658285,14.8999996185303,"Lowest Use",52,"","",21948,21948,"Y","",46.599998474121101,326001.1875,14.853343698742481,null,null,"Worship Facility",21948,"",null,""]
[21613,"NonResidential","2125049032","TUOPT","Other","BROADMOOR GOLF COURSE","Broadmoor Golf Club","2340 BROADMOOR DR E, SEATTLE, WA 98112",915490.625,31191,31191,29.351114904940527,188.39999389648401,"Highest Use",null,"","",31191,31191,"Y","",407.10000610351602,5876439,188.40175050495336,27527.849609375,null,"Other - Recreation",30095,"Self-Storage Facility",1096,""]
[21616,"SPS-District K-12","2126049041","TUOPT","K-12 School","OLYMPIC HILLS (SPS-DISTRICT)","Olympic Hills Elementary","13018 20TH AVE NE, SEATTLE, WA 98125",0,43188,42292,0,0,"Low Outlier",100,null,null,42292,42292,"N","",0,0,0,0,null,"K-12 School",43188,"",null,""]
[21617,"NonResidential","2126049136","TUOPT","Other","BILL PIERRE FORD","Bill Pierre Ford Service and Parts","12531 30TH AVE NE, SEATTLE, WA 98125",316191.40625,35611,37377,8.8790375515992253,85.400001525878906,"Medium High",null,"","",36537,37377,"Y","",153,3040978,85.394344444132429,19621.330078125,null,"Repair Services (Vehicle, Shoe, Locksmith, etc)",31303,"Retail Store",3468,"Office",840]
[21622,"NonResidential","2136200605","TUOPT","Non-Refrigerated Warehouse","WHSE MULTI TENANT","1001 S Myrtle St","1001 S MYRTLE ST, SEATTLE, WA 98108",250905.203125,29380,29380,8.5400001063648734,29.100000381469702,"Medium High",33,"","",24380,29380,"Y","",91.5,856088.625,29.138482811436351,null,null,"Non-Refrigerated Warehouse",16768,"Office",6837,"Other",5775]
[21656,"NonResidential","2197600015","TUOPT","Worship Facility","JAPANESE BAPTIST CHURCH","Japanese Baptist Church","160 BROADWAY, SEATTLE, WA 98122",67007,22688,22688,2.9534114950634698,14.6000003814697,"Lowest Use",87,"","",11391,22688,"Y","",36.400001525878899,331675,14.618961565585332,1030.46997070313,null,"Worship Facility",22688,"",null,""]
[21687,"NonResidential","2224049003","TUOPT","Other","SERVICES FOR THE BLIND-ALASKA ST","DES Seattle Alaska St. Building","3411 S ALASKA ST, SEATTLE, WA 98118",149141.203125,22364,22364,6.6688071510016096,65.599998474121094,"Medium Low",null,"","",22364,22364,"Y","",116.40000152587901,1467029.75,65.597824628867826,9581.599609375,null,"Adult Education",22364,"Parking",0,""]
[21689,"NonResidential","2224049035","TUOPT","Office","DEPT SOCIAL & HEALTH SERVICES","Dept of Social & Health Services (WSDSHS) - COPY FOR MAKENSAY","3600 S GRAHAM ST, SEATTLE, WA 98118",557871,40738,41262,{"$f":"I898/J898","v":13.694118513427266},46.700000762939503,"Medium Low",84,"","",41262,41262,"Y","",146.69999694824199,1903455.875,{"$f":"W898/J898","v":46.724332932397267},null,null,"Office",40738,"",null,""]
[21716,"NonResidential","1991200270","TUOPT","Office","223 TAYLOR (TIME WARNER TELECOM)","223 Taylor Avenue North","223 TAYLOR AVE N, SEATTLE, WA 98109",1912038,38077,43183,50.215037949418281,194.60000610351599,"High Outlier",null,"Multiple Customers","223 TAYLOR AVE",43183,43183,"N","",562.40002441406295,7408342,194.56212411692098,8844.6796875,null,"Office",26580,"Data Center",11497,""]
[21723,"NonResidential","2464400730","TUOPT","Worship Facility","FAIRVIEW CHURCH","FAIRVIEW CHURCH (ID21723)","7801 ROOSEVELT WAY NE, SEATTLE, WA 98115",149282.40625,45680,45680,3.2680036394483363,45.5,"Medium High",79,"","",45680,45680,"Y","",71,2077039.375,45.469338331873907,15676.87890625,null,"Worship Facility",45680,"",null,""]
[21768,"NonResidential","2492200485","TUOPT","Worship Facility","MARS HILL CHURCH WEST SEATTLE","Mars Hill Church West Seattle","7551 35TH AVE SW, SEATTLE, WA 98126",155843.203125,33490,23562,4.6534249962675425,15.8999996185303,"Lowest Use",96,"","",22142,23562,"Y","",49.900001525878899,531737.1875,15.877491415347865,null,null,"Worship Facility",18278,"Office",15212,""]
[21772,"NonResidential","2516000050","TUOPT","Office","ARTISTS LOFTS","Workshops Seattle Ballard LLC","700 NW 42ND ST, SEATTLE, WA 98107",266916.40625,20492,28844,13.025395581202421,44.400001525878899,"Medium Low",null,"","",28044,28844,"Y","",139.5,910718.6875,44.442645300605115,null,null,"Office",10292,"Other",10200,""]
[21774,"SPS-District K-12","2524039050","TU2021","K-12 School","W SEATTLE ELEM (HIGH POINT) (SPS-DISTRICT)","West Seattle Elementary","6760 34TH AVE SW, SEATTLE, WA 98126",576304.5,54285,50701,10.616275214147555,36.200000762939503,"Medium Low",75,null,null,50701,50701,"Y","",113.699996948242,1966351,36.222731878051029,null,null,"K-12 School",54285,"",null,""]
[21783,"NonResidential","2024049004","TUOPT","Non-Refrigerated Warehouse","601 S Alaska Building","(ID21783) 601 SOUTH ALASKA","601 S ALASKA ST, SEATTLE, WA 98108",50327.1015625,21101,21101,2.3850576542580919,32,"Medium High",null,"","",19782,21101,"Y","",50.599998474121101,675772.875,32.025632671437371,5040.56982421875,null,"Non-Refrigerated Warehouse",18373,"Office",2728,""]
[21784,"NonResidential","2024049006","TUOPT","Refrigerated Warehouse","GOLDEN GRAIN MACARONI","Sun Food Trading Co","4715 6TH AVE S, SEATTLE, WA 98108",396034,45594,45594,8.6860990481203668,29.600000381469702,"Lowest Use",75,"","",45594,45594,"Y","",93.099998474121094,1351267.875,29.636967035136202,null,null,"Refrigerated Warehouse",45594,"",null,""]
[21785,"NonResidential","2024049009","TUOPT","Other","AM Building","AM Building","5907 4TH AVE S, SEATTLE, WA 98108",656881.6875,26660,26660,24.639223087021755,84.099998474121094,"Medium High",null,"","",26660,26660,"Y","",264,2241280.5,84.069036009002247,null,null,"Manufacturing/Industrial Plant",26660,"",null,""]
[21786,"NonResidential","2024049035","TUOPT","Non-Refrigerated Warehouse","615 S ALASKA BUILDING","(ID21786) 615 S ALASKA","615 S ALASKA ST, SEATTLE, WA 98108",175372.09375,28126,28126,6.2352305251368838,31,"Medium High",44,"","",28126,28126,"Y","",77,870625.8125,30.954483840574557,2722.56005859375,null,"Non-Refrigerated Warehouse",21780,"Office",6346,""]
[21787,"NonResidential","2024049036","TUOPT","Non-Refrigerated Warehouse","NWCP BLDG OC","NWCP-SEA OC Bldg","6020 6TH AVE S, SEATTLE, WA 98108",110994.8984375,35000,35000,3.1712828124999999,10.800000190734901,"Lowest Use",53,"","",35000,35000,"Y","",34,378714.40625,10.820411607142857,null,null,"Non-Refrigerated Warehouse",35000,"",null,""]
[21794,"NonResidential","2025049007","TUOPT","K-12 School","SEATTLE PREP - PEYTON","Peyton","2400 11TH AVE E, SEATTLE, WA 98102",370671.8125,40809,40809,9.0830898208728463,60.700000762939503,"Highest Use",38,"","",40809,40809,"Y","",128.5,2478045.5,60.723014531108333,12133.1298828125,null,"K-12 School",40809,"",null,""]
[21795,"NonResidential","2025049007","TUOPT","Other","IGNATIUS HALL AND PARKING GARAGE","Ignatius Hall","2400 11TH AVE E, SEATTLE, WA 98102",196193.703125,20000,20110,9.8096851562499996,102.300003051758,"Medium High",null,"","",27000,20110,"Y","",177.30000305175801,2045592,102.2796,13761.7900390625,null,"Parking",65000,"K-12 School",20000,""]
[21796,"NonResidential","2025049007","TU2020","K-12 School","SEATTLE PREP - ADELPHIA","Adelphia Hall","2400 11TH AVE E, SEATTLE, WA 98102",389793.6875,83882,83882,4.6469288703178275,30.5,"Lowest Use",78,"","",83882,83882,"Y","",65.099998474121094,2556543,30.477849836675329,12265.6689453125,null,"K-12 School",83882,"",null,""]
[21822,"NonResidential","2293900185","TUOPT","Distribution Center","CARE MEDICAL BUILDING","Care Medical Equipment","4133 STONE WAY N, SEATTLE, WA 98103",150355.09375,28080,28080,5.3545261306980061,28.299999237060501,"Medium Low",null,"","",28080,28080,"Y","",67.900001525878906,794724.625,28.302159009971511,2817.13012695313,null,"Distribution Center",25580,"Office",2500,""]
[21879,"NonResidential","2426039037","TU2021","Senior Care Community","HEALTH AND REHAB OF NORTH SEATTLE","HEALTH AND REHAB OF NORTH SEATTLE","13333 GREENWOOD AVE N, SEATTLE, WA 98133",613894.1875,51298,51298,11.967214852430894,110.199996948242,"Highest Use",85,"","",51298,51298,"Y","",201.10000610351599,5655578,110.24948341065928,35609.70703125,null,"Senior Care Community",51298,"",null,""]
[21883,"NonResidential","2426039065","TUOPT","Worship Facility","JESUS CHRIST CHURCH OF LATTER DAY SAINTS","Shoreline","102 N 132ND ST, SEATTLE, WA 98133",77894.203125,22898,22047,3.4017906858677613,11.6000003814697,"Lowest Use",100,"","",22047,22047,"Y","",36.400001525878899,265774.90625,11.606904806096603,null,null,"Worship Facility",22898,"Parking",0,""]
[21893,"NonResidential","2433700015","TUOPT","Non-Refrigerated Warehouse","GARY MERLINO CONSTRUCTION CO","South Park","9125 10TH AVE S, SEATTLE, WA 98108",478694.6875,31600,31600,15.148566060126582,106.40000152587901,"Highest Use",3,"","",31600,31600,"Y","",219.80000305175801,3363535.5,106.44099683544304,17302.291015625,null,"Non-Refrigerated Warehouse",31600,"",null,""]
[21894,"NonResidential","2433700068","TUOPT","Non-Refrigerated Warehouse","KING MANUFACTURING","821 WEARHOUSE","821 S BARTON ST, SEATTLE, WA 98108",143852,35289,35289,4.0763977443395962,24.799999237060501,"Medium Low",63,"","",32480,35289,"Y","",55.099998474121101,876425,24.835642834877724,3856.01977539063,null,"Non-Refrigerated Warehouse",35289,"",null,""]
[21896,"NonResidential","2433700074","TUOPT","Non-Refrigerated Warehouse","PNP PROPERTIES BUILDING","PNP Properties Building","860 S CAMBRIDGE ST, SEATTLE, WA 98108",81783.1015625,30000,28920,2.7261033854166667,58.299999237060497,"Highest Use",50,"","",28920,28920,"Y","",80.699996948242202,1750419,58.347299999999997,14713.7509765625,null,"Non-Refrigerated Warehouse",30000,"",null,""]
[21897,"NonResidential","2433700075","TUOPT","Non-Refrigerated Warehouse","JACK HOZACK INC","9243 10TH AVE S (ID21897)","9243 10TH AVE S, SEATTLE, WA 98108",40290,22176,22176,1.8168290043290043,33.200000762939503,"Medium High",60,"","",22176,22176,"Y","",47.799999237060497,736428.625,33.208361516955264,5989.5908203125,null,"Non-Refrigerated Warehouse",22176,"",null,""]
[21898,"NonResidential","2433700076","TUOPT","Non-Refrigerated Warehouse","HALFON CANDY CO.","Halfon Candy Company","9229 10TH AVE S, SEATTLE, WA 98108",64745.8984375,31300,31300,2.0685590555111819,11.6000003814697,"Lowest Use",89,"","",31300,31300,"Y","",26.899999618530298,362874,11.593418530351437,1419.61010742188,null,"Non-Refrigerated Warehouse",31300,"",null,""]
[21902,"NonResidential","2433700165","TUOPT","Non-Refrigerated Warehouse","MACMILLAN-PIPER/SOUTH PARK","Samson","9228 10TH AVE S, SEATTLE, WA 98108",205342.203125,22000,22000,9.3337365056818182,31.799999237060501,"Medium High",14,"","",22000,22000,"Y","",100,700627.625,31.846710227272727,null,null,"Non-Refrigerated Warehouse",22000,"Parking",0,""]
[21904,"NonResidential","2434900010","TUOPT","Office","NORTHGATE EXECUTIVE CENTER A","Northgate Exec Center A","115 NE 100TH ST, SEATTLE, WA 98125",1045844,39541,39927,26.449609266331152,90.199996948242202,"Highest Use",38,"","",39927,39927,"Y","",283.39999389648398,3568419.5,90.246061050555113,null,null,"Office",39541,"Parking",0,""]
[21905,"NonResidential","2434900060","TUOPT","Other","SEATTLE ATHLETIC CLUB","Seattle Athletic Club","333 NE 97TH ST, SEATTLE, WA 98115",586162.8125,30610,30610,19.14938949689644,140.30000305175801,"Highest Use",null,"","",23320,30610,"Y","",283.89999389648398,4294550,140.29892192094087,22945.62890625,null,"Other - Recreation",23320,"Office",7290,""]
[21907,"NonResidential","2434900090","TUOPT","Medical Office","NORTH SEATTLE PROFESSIONAL CENTE","North Seattle Professional Center","9730 3RD AVE NE, SEATTLE, WA 98115",293961,26930,20580,10.915744522836984,37.200000762939503,"Lowest Use",64,"","",20580,20580,"Y","",116.90000152587901,1002995,37.244522836984778,null,null,"Medical Office",26930,"",null,""]
[21909,"NonResidential","2434900130","TUOPT","Medical Office","GROUP HEALTH NORTHGATE","311 NGT Northgate Med","9827 5TH AVE NE, SEATTLE, WA 98115",659900,43403,38745,15.204018155427045,66.599998474121094,"Lowest Use",55,"","",38745,38745,"Y","",178.30000305175801,2890379,66.593991198765067,6388,null,"Medical Office",43403,"Parking",0,""]
[21913,"NonResidential","2436200935","TUOPT","Self-Storage Facility","CORRY'S DRYCLEANING","CORRY'S DRYCLEANING (ID21913)","4640 UNION BAY PL NE, SEATTLE, WA 98105",250781.09375,20296,20296,12.356183176487978,42.200000762939503,"Highest Use",null,"","",20296,20296,"Y","",132.39999389648401,855665.125,42.159298630271977,null,null,"Self-Storage Facility",20296,"",null,""]
[21916,"NonResidential","2436201005","TUOPT","Mixed Use Property","Union Bay Plaza","Union Bay Plaza","4540 UNION BAY PL NE, SEATTLE, WA 98105",251494.59375,22954,22135,10.956460475298423,55,"Medium Low",null,"","",22135,22135,"Y","",135.80000305175801,1261634.5,54.963601115274024,4035.35009765625,null,"Medical Office",10388,"Office",8116,"Retail Store",3200]
[21917,"NonResidential","2436201055","TUOPT","Medical Office","LAKEVIEW MED BLDG","Lakeview Medical Building","3216 NE 45TH PL, SEATTLE, WA 98105",213839.40625,35066,38378,6.0981978626019506,46.900001525878899,"Lowest Use",86,"","",38378,38378,"Y","",92.800003051757798,1645605.125,46.928794986596706,9159.849609375,null,"Medical Office",35066,"Parking",3312,""]
[21920,"NonResidential","2437200015","TUOPT","Non-Refrigerated Warehouse","BOWMAN BUILDING","Bowman Building 9742","4625 UNION BAY PL NE, SEATTLE, WA 98105",114338.703125,33576,33576,3.405370000148916,38,"Medium High",64,"","",31056,33576,"Y","",64.199996948242202,1275231.75,37.980454789135095,8851.080078125,null,"Non-Refrigerated Warehouse",33576,"",null,""]
[21921,"NonResidential","2437200030","TUOPT","Supermarket/Grocery Store","SAFEWAY STORE # 488","Safeway 0488 - 45th St","3020 NE 45TH ST, SEATTLE, WA 98105",2157000,34982,33005,61.660282430964493,304.20001220703102,"Highest Use",21,"","",31927,33005,"Y","",759.20001220703102,10642754,304.23514950545996,32830.69921875,null,"Supermarket/Grocery Store",34982,"Parking",0,""]
[21945,"NonResidential","2560350000","TUOPT","Other","FIRST HILL PLAZA RETAIL BUILDING","First Hill Plaza Retail Building","1314 MADISON ST, SEATTLE, WA 98104",213774.09375,21925,null,9.7502437286202959,33.299999237060497,"Lowest Use",null,"","",20971,null,"Y","",104.5,729397.1875,33.267830672748005,null,null,"Parking",23483,"Retail Store",10360,"Medical Office",8509]
[21951,"Multifamily MR (5-9)","2569830000","TU2018","Mixed Use Property","507 NORTHGATE","507 Northgate","507 NE NORTHGATE WAY, SEATTLE, WA 98125",2608085,171349,null,15.22089419839042,64.199996948242202,"Highest Use",null,"","",54555,null,"Y","",175.89999389648401,10992344,64.151783786307476,20935.591796875,null,"Parking",124061,"Multifamily Housing",116794,"Retail Store",54555]
[21955,"NonResidential","2225039036","TUOPT","Office","OFC/RETAIL","Magnolia Center","3214 W MCGRAW ST, SEATTLE, WA 98199",198759.5,23910,23910,8.3128189042241747,36.5,"Lowest Use",null,"","",23910,23910,"Y","",97.599998474121094,873577.3125,36.536064930991216,1954.09997558594,null,"Office",20000,"Retail Store",3910,""]
[21964,"NonResidential","2767601245","TUOPT","Worship Facility","BALLARD BAPTIST CHURCH","(ID21964) BALLARD BAPTIST CHURCH","2004 NW 63RD ST, SEATTLE, WA 98107",35147.1015625,21765,21765,1.6148450063174822,19.799999237060501,"Lowest Use",80,"","",21765,21765,"Y","",32.299999237060497,431390.40625,19.820372444291294,3114.68334960938,null,"Worship Facility",21765,"",null,""]
[22062,"Campus","2254500880","TU2018","College/University","SEATTLE UNIVERSITY (MAIN CAMPUS)","Entire Campus","901 12TH AVE, SEATTLE, WA 98122",18075270,1719643,2200000,10.511059562944169,66.699996948242202,"Medium Low",null,"","",null,2200000,"Y","",145,114648520,66.669954170720317,529756.9375,null,"College/University",1719643,"Parking",318960,""]
[22078,"NonResidential","2254502165","TUOPT","Worship Facility","IMMACULATE CONCEPTION CHURCH","Immaculate Conception Church","800 18TH AVE, SEATTLE, WA 98122",178775.796875,26560,26560,6.7310164486069279,65.900001525878906,"Highest Use",1,"","",26560,26560,"Y","",117.199996948242,1751483.875,65.944423004518072,11415.009765625,null,"Worship Facility",26560,"",null,""]
[22095,"NonResidential","2264501050","TUOPT","Non-Refrigerated Warehouse","CULBERTSON WAREHOUSE","Culbertson Warehouse","3535 INTERLAKE AVE N, SEATTLE, WA 98103",34140.30078125,20140,20140,1.6951489960898709,5.8000001907348597,"Lowest Use",49,"","",20140,20140,"Y","",18.200000762939499,116486.6015625,5.7838431758937441,null,null,"Non-Refrigerated Warehouse",20140,"",null,""]
[22139,"NonResidential","2724049105","TUOPT","Retail Store","KING PLAZA","King Plaza 7101","7101 MARTIN LUTHER KING JR WAY S, SEATTLE, WA 98118",964398.1875,38845,38845,24.826829386021366,178.10000610351599,"Highest Use",82,"","",38845,38845,"Y","",364,6917280,178.07388338267472,36267.53125,null,"Retail Store",38845,"Parking",6000,""]
[22142,"NonResidential","2724049127","TUOPT","Supermarket/Grocery Store","SAFEWAY #219","Safeway 0219 - Othello St","3900 S OTHELLO ST, SEATTLE, WA 98118",1466880,25946,26092,56.53588221691205,293.70001220703102,"Medium High",40,"","",26092,26092,"Y","",711.5,7619445,293.66549757188005,26144.5,null,"Supermarket/Grocery Store",25946,"Parking",0,""]
[22149,"SPS-District K-12","2726049114","TUOPT","K-12 School","ROGERS ELEMENTARY (SPS-DISTRICT)","John Rogers Elementary","4030 NE 109TH ST, SEATTLE, WA 98125",223248.09375,40374,38582,5.5295015046812308,46.799999237060497,"Medium High",83,null,null,38582,38582,"Y","",88.599998474121094,1890125.75,46.815419576955463,11284.033203125,null,"K-12 School",40374,"",null,""]
[22163,"NonResidential","2738100380","TUOPT","Office","THE CHAPMAN BLDG","THE CHAPMAN BLDG","5811 6TH AVE S, SEATTLE, WA 98108",58249.6015625,25500,25500,2.2842981004901959,47.599998474121101,"Medium Low",98,"","",25500,25500,"Y","",66.300003051757798,1213869.75,47.60273529411765,10151.2197265625,null,"Office",25500,"",null,""]
[22165,"NonResidential","2738100500","TUOPT","Non-Refrigerated Warehouse","MICHIGAN STREET BUILDINGS","(ID22165) MICHIGAN STREET BUILDINGS","790 S MICHIGAN ST, SEATTLE, WA 98108",259737,40120,41895,6.4740029910269197,31,"Medium High",null,"","",null,41895,"Y","",78.699996948242202,1242311.5,30.964892821535393,3560.89013671875,null,"Non-Refrigerated Warehouse",37524,"Office",2596,""]
[22166,"NonResidential","2738100610","TU2021","Retail Store","GEORGETOWN CENTER - BLDG A","Georgetown Center Bldg A","5959 CORSON AVE S, SEATTLE, WA 98108",544827.3125,56193,56193,9.6956438079476097,44.5,"Medium Low",null,"","",0,56193,"Y","",115.800003051758,2497942.75,44.452916733400954,6389.919921875,null,"Retail Store",56193,"",null,""]
[22223,"NonResidential","2767900390","TUOPT","K-12 School","ST. ALPHONSUS SCHOOL","St. Alphonsus School","5800 15TH AVE NW, SEATTLE, WA 98107",82224.296875,35448,35448,2.3195750641785149,38.900001525878899,"Medium Low",97,"","",35448,35448,"Y","",57.400001525878899,1379932.5,38.928359851049422,10993.830078125,null,"K-12 School",35448,"",null,""]
[22230,"NonResidential","2768100235","TUOPT","Supermarket/Grocery Store","THE BALLARD MARKET","BALLARD MARKET (ID22230)","1400 NW 56TH ST, SEATTLE, WA 98107",1825112,29214,29214,62.4738823851578,319.60000610351602,"Highest Use",8,"","",27719,29214,"Y","",781.09997558593795,9336239,319.58098856712536,31089.578125,null,"Supermarket/Grocery Store",29214,"",null,""]
[22240,"NonResidential","2768300240","TUOPT","Supermarket/Grocery Store","SAFEWAY STORE # 1477","Safeway 1477 - Market St","1423 NW MARKET ST, SEATTLE, WA 98107",2288400,47034,46068,48.654165072075521,298.29998779296898,"Medium High",34,"","",42861,46068,"Y","",660.20001220703102,14029480,298.28379470170518,62214.59375,null,"Supermarket/Grocery Store",47034,"Parking",0,""]
[22252,"NonResidential","2768300955","TUOPT","Other","N F CORPORATION-1415 NW 52ND","1415 NW 52nd","1415 NW 52ND ST, SEATTLE, WA 98107",160794.59375,34580,32000,4.6499304149797567,38.5,"Lowest Use",null,"","",28200,32000,"Y","",73.599998474121094,1331122.125,38.493988577212264,7824.91015625,null,"Other - Recreation",29880,"Office",4700,""]
[22259,"NonResidential","2768301991","TUOPT","Mixed Use Property","RUDD COMPANY","Building C","1148 NW LEARY WAY, SEATTLE, WA 98107",68761.203125,31140,31140,2.2081311215478485,30,"Lowest Use",null,"","",31140,31140,"Y","",47.299999237060497,935580.3125,30.044326027617213,7009.66943359375,null,"Other",14840,"Retail Store",9400,"Non-Refrigerated Warehouse",6900]
[22261,"NonResidential","2768301991","TUOPT","Non-Refrigerated Warehouse","RUDD COMPANY","Building B","1141 NW 50TH ST, SEATTLE, WA 98107",527369.125,41478,41478,12.714429938762718,73.199996948242202,"Highest Use",3,"","",null,41478,"Y","",167.5,3035962.25,73.194518781040557,12365.7890625,null,"Non-Refrigerated Warehouse",31932,"Office",9546,""]
[22264,"NonResidential","2768302361","TUOPT","Non-Refrigerated Warehouse","RUDD COMPANY","Building A","1118 NW LEARY WAY, SEATTLE, WA 98107",220429.09375,39840,39840,5.532858778865462,18.899999618530298,"Medium Low",2,"","",39840,39840,"Y","",59.299999237060497,752104,18.878112449799197,null,null,"Non-Refrigerated Warehouse",39840,"",null,""]
[22327,"NonResidential","2767700935","TUOPT","Other","BALLARD MASONIC TEMPLE","Ballard Masonic Center","2006 NW MARKET ST, SEATTLE, WA 98107",61522.30078125,21528,21528,2.8577806011357301,14.300000190734901,"Lowest Use",null,"","",21528,21528,"Y","",35.299999237060497,306911.09375,14.256368160070606,969.969970703125,null,"Social/Meeting Hall",21528,"",null,""]
[22332,"NonResidential","2767701080","TUOPT","Other","BALLARD SQUARE","Ballard Square","2228 NW MARKET ST, SEATTLE, WA 98107",285920.5,25828,30000,11.070175778225183,42.400001525878899,"Medium Low",null,"","",30000,30000,"Y","",123.5,1094940.75,42.393555443704507,1193.80017089844,null,"Strip Mall",25828,"Parking",0,""]
[22420,"NonResidential","2767704040","TUOPT","Other","CENTURYLINK: SUNSET CO","SUNSET","1138 NW 63RD ST, SEATTLE, WA 98107",1545909,30554,30087,50.595961248936312,172.60000610351599,"Highest Use",null,"","",30087,30087,"Y","",542.09997558593795,5274642,172.63343588400863,null,null,"Other",30554,"",null,""]
[22438,"NonResidential","2768302590","TUOPT","Worship Facility","QUEST CHURCH","Quest Church","1401 NW LEARY WAY, SEATTLE, WA 98107",79489.703125,40445,40445,1.9653777506490295,19.399999618530298,"Lowest Use",92,"","",40445,40445,"Y","",34.400001525878899,786253.6875,19.440071393250093,5150.35009765625,null,"Worship Facility",40445,"",null,""]
[22440,"NonResidential","2768302800","TUOPT","Retail Store","OFFICE MAX","Office Max #560","1135 NW LEARY WAY, SEATTLE, WA 98107",299496.90625,23500,23500,12.74454920212766,48.400001525878899,"Medium Low",53,"","",23500,23500,"Y","",141.69999694824199,1137967.5,48.424148936170212,1160.83996582031,null,"Retail Store",23500,"",null,""]
[22441,"NonResidential","2768302930","TUOPT","Office","DEPT OF SOCIAL & HEALTH SERVICES","907 NW Ballard Way","907 NW BALLARD WAY, SEATTLE, WA 98107",504956.09375,37448,37448,13.484193915562914,null,"",null,"","",37448,37448,"N","",null,null,0,null,null,"Office",37448,"",null,""]
[22446,"NonResidential","2768303115","TUOPT","Office","SALTY DOG POTTERY & THE BOATWRIGHT","4602 14th Ave","4602 14TH AVE NW, SEATTLE, WA 98107",62459.69921875,24913,24913,2.5071127210191468,10.5,"Low Outlier",100,"","",17329,24913,"N","",28.899999618530298,261811.5,10.509031429374222,486.98995971679699,null,"Office",24913,"",null,""]
[22454,"NonResidential","2769601465","TUOPT","Retail Store","GOODWILL BALLARD","Ballard Goodwill","6400 8TH AVE NW, SEATTLE, WA 98107",271811.8125,23067,22420,11.783578813889973,60.900001525878899,"Medium High",82,"","",22420,22420,"Y","",148,1404253.75,60.877173017730961,4768.31982421875,null,"Retail Store",23067,"",null,""]
[22479,"NonResidential","2770602660","TUOPT","Supermarket/Grocery Store","QFC MARKET","70500811 -- Interbay","3225 16TH AVE W, SEATTLE, WA 98119",1364888,25987,25842,52.521953284334472,327.79998779296898,"Highest Use",35,"","",24808,25842,"Y","",718.70001220703102,8518313,327.7913187362912,38613.15625,null,"Supermarket/Grocery Store",25987,"",null,""]
[22480,"NonResidential","2770602690","TUOPT","Office","OFFICE & SPORTS CLUB","3257 16TH AVE W","3257 16TH AVE W, SEATTLE, WA 98119",354054.90625,26389,26389,13.416761008374701,45.799999237060497,"Medium Low",null,"","",26389,26389,"Y","",143.69999694824199,1208035.375,45.777989882147864,null,null,"Office",16766,"Fitness Center/Health Club/Gym",9623,""]
[22486,"NonResidential","2770603315","TUOPT","Office","CANAL BUILDING","Canal Building","3600 15TH AVE W, SEATTLE, WA 98119",195107.59375,25859,25859,7.5450556382690745,33.200000762939503,"Lowest Use",88,"","",25859,25859,"Y","",88.699996948242202,858780.625,33.210125101512048,1930.73327636719,null,"Office",25859,"Parking",4000,""]
[22502,"NonResidential","2771605265","TUOPT","Non-Refrigerated Warehouse","COMMODORE","Commodore","2440 W COMMODORE WAY, SEATTLE, WA 98199",366239.3125,25600,25600,14.30622314453125,67.599998474121094,"Highest Use",1,"","",25600,25600,"Y","",173,1730600.625,67.601586914062494,4809.92041015625,null,"Non-Refrigerated Warehouse",20600,"Office",5000,""]
[22504,"NonResidential","2771605305","TUOPT","Other","MER EQUIPEMENT INC","MER Equipment,Inc.","2400 W COMMODORE WAY, SEATTLE, WA 98199",65139.5,10200,23169,{"$f":"I962/J962","v":6.386225490196078},21.799999237060501,"Lowest Use",null,"","",19725,23169,"Y","",68.400001525878906,222255.90625,{"$f":"W962/J962","v":21.789794730392156},null,null,"Manufacturing/Industrial Plant",10200,"",null,""]
[22509,"NonResidential","2771605313","TUOPT","Office","SALMON BAY LANDING","Salmon Bay Landing","2320 W COMMODORE WAY, SEATTLE, WA 98199",379430.09375,33385,33385,11.365286618241726,38.799999237060497,"Lowest Use",89,"","",33385,33385,"Y","",121.800003051758,1294615.25,38.778351055863411,null,null,"Office",33385,"Parking",8399,""]
[22511,"NonResidential","2771605365","TUOPT","Non-Refrigerated Warehouse","W COMMODORE (combined with 22510)","West Commodore","2500 W COMMODORE WAY, SEATTLE, WA 98199",230206.40625,56884,56884,4.0469447691793823,24.399999618530298,"Medium Low",71,"","",25560,56884,"Y","",54.5,1388345.125,24.406601592714999,6028.81005859375,null,"Non-Refrigerated Warehouse",56884,"",null,""]
[22519,"NonResidential","2776600135","TUOPT","Retail Store","VALUE VILLAGE","1023-Crown Hill (Relo)","8532 15TH AVE NW, SEATTLE, WA 98117",385776,32810,32810,11.757878695519659,61.5,"Medium High",66,"","",32810,32810,"Y","",148.39999389648401,2017967.75,61.504655592807069,7017,null,"Retail Store",32810,"",null,""]
[22547,"NonResidential","2770603945","TUOPT","Self-Storage Facility","MINI-WAREHOUSE","Mahoney Warehouse","2656 15TH AVE W, SEATTLE, WA 98119",28631.400390625,30989,30989,0.92392140406676559,3.2000000476837198,"Lowest Use",null,"","",30359,30989,"Y","",9.8999996185302699,97690.3984375,3.1524217766788216,null,null,"Self-Storage Facility",30989,"",null,""]
[22548,"NonResidential","2770603955","TUOPT","Self-Storage Facility","SELF STORAGE MINI WAREHOUSE","A1 Self Storage, LLC","2648 15TH AVE W, SEATTLE, WA 98119",16744.80078125,39952,39952,0.41912296709176011,1.3999999761581401,"Lowest Use",null,"","",39952,39952,"Y","",4.5,57133.19921875,1.4300460357116038,null,null,"Self-Storage Facility",39952,"",null,""]
[22574,"NonResidential","2770604870","TUOPT","Office","NICKERSON BUSINESS CENTER","Nickerson Business Center","3837 13TH AVE W, SEATTLE, WA 98119",192668.796875,20784,20022,9.2700537372498069,31.600000381469702,"Lowest Use",80,"","",20022,20022,"Y","",99.300003051757798,657385.8125,31.629417460546573,null,null,"Office",20784,"",null,""]
[22577,"NonResidential","2770605690","TUOPT","Distribution Center","WAREHOUSE","property #50","1200 W NICKERSON ST, SEATTLE, WA 98119",81368,35429,36498,2.2966496373027745,14.699999809265099,"Lowest Use",89,"","",34672,36498,"Y","",31.799999237060501,520011.8125,14.677575220864263,2423.8427734375,null,"Distribution Center",18229,"Non-Refrigerated Warehouse",17200,""]
[22579,"NonResidential","2770606119","TUOPT","Distribution Center","WHSE","Century 21 Promotions Inc","2601 W COMMODORE WAY, SEATTLE, WA 98199",88001,35946,35946,2.4481444388805431,13.1000003814697,"Lowest Use",null,"","",35946,35946,"Y","",31.200000762939499,469499.8125,13.061253338340844,1692.40246582031,null,"Distribution Center",31845,"Office",4101,""]
[22585,"NonResidential","2770606573","TUOPT","Office","OFFICE BUILDING WITH CARETAKER UNIT","Commodore Way","2303 W COMMODORE WAY, SEATTLE, WA 98199",247382.203125,25184,24472,9.8229909118885015,33.599998474121101,"Lowest Use",96,"","",23513,24472,"Y","",105.300003051758,845044.125,33.55480165978399,9.7600002288818395,null,"Office",25184,"Parking",4968,""]
[22607,"NonResidential","2771100445","TUOPT","Office","SALMON BAY FISHERIES BLDG","Fisheries Building","4241 21ST AVE W, SEATTLE, WA 98199",213184.59375,21617,22365,9.8618954410880324,33.599998474121101,"Lowest Use",71,"","",22365,22365,"Y","",105.699996948242,727385.8125,33.648786256187257,null,null,"Office",21617,"",null,""]
[22609,"NonResidential","2771100510","TUOPT","Office","OFFICE BLDG","The Wharf Building","4209 21ST AVE W, SEATTLE, WA 98199",264964.8125,30172,30172,8.781811364841575,30,"Lowest Use",82,"","",30172,30172,"Y","",94.099998474121094,904059.875,29.963538214238365,null,null,"Office",30172,"",null,""]
[22650,"NonResidential","2767702360","TUOPT","Non-Refrigerated Warehouse","BALLARD HARDWARE","Ballard Hardware & Supply Co Inc","4749 BALLARD AVE NW, SEATTLE, WA 98107",70773.296875,47591,42500,1.4871151451955202,5.0999999046325701,"Lowest Use",100,"","",42500,42500,"Y","",15.8999996185303,241478.59375,5.0740390777668045,null,null,"Non-Refrigerated Warehouse",42500,"Retail Store",5091,""]
[22654,"NonResidential","2767702515","TUOPT","Office","SANBORN BUILDING","Sanborn Building","5325 BALLARD AVE NW, SEATTLE, WA 98107",328703.90625,21208,null,15.499052539136175,52.900001525878899,"Medium Low",null,"","",23032,null,"Y","",166.10000610351599,1121537.75,52.882768294983023,null,null,"Office",14448,"Restaurant",5300,"Retail Store",1460]
[22672,"NonResidential","2767702960","TUOPT","Other","OLYMPIC HEALTH  CLUB","Olympic Athletic Club","5301 LEARY AVE NW, SEATTLE, WA 98107",512781.3125,42850,40836,11.966891773628937,169,"Highest Use",null,"","",40836,40836,"Y","",262.79998779296898,7240274,168.96788798133022,54906.64453125,null,"Other",42850,"Parking",2900,""]
[22676,"NonResidential","2767703120","TUOPT","Office","WAREHOUSE/OFFICE","5105 Leary Ave","5105 LEARY AVE NW, SEATTLE, WA 98107",349643.59375,23500,23500,14.87845079787234,71.800003051757798,"Highest Use",26,"","",23500,23500,"Y","",181.39999389648401,1686405,71.761914893617018,4934.2099609375,null,"Office",23500,"",null,""]
[22678,"NonResidential","2767703190","TUOPT","Office","HATCH & KIRK","4925 Leary","4925 LEARY AVE NW, SEATTLE, WA 98107",89770.8984375,22282,22282,4.0288528156134999,26,"Lowest Use",93,"","",17760,22282,"Y","",56.099998474121101,579888.3125,26.024966901534871,2735.89990234375,null,"Office",22282,"",null,""]
[22679,"NonResidential","2767703240","TUOPT","Self-Storage Facility","BALLARD MINI STG","Ballard Mini Storage","4714 BALLARD AVE NW, SEATTLE, WA 98107",59202.3984375,24000,24000,2.4667666015625,21,"Medium High",null,"","",24000,24000,"Y","",39.599998474121101,502898.6875,20.954111979166665,3009.00024414063,null,"Self-Storage Facility",24000,"",null,""]
[22684,"NonResidential","2767703630","TUOPT","Mixed Use Property","PAC MED AND APTS","Murphy Ballard Building","1903 NW MARKET ST, SEATTLE, WA 98107",287701.59375,27085,27085,10.622174404652021,73.699996948242202,"Medium High",null,"","",19230,27085,"Y","",153.10000610351599,1995131.75,73.66187003876685,10134.939453125,null,"Strip Mall",9500,"Office",8196,"Multifamily Housing",6700]
[22801,"Nonresidential COS","2826049024","TUOPT","Other","COMMUNITY CLUB","Meadowbrook Community Center/Pool","10700 30TH AVE NE, SEATTLE, WA 98125",764531.8125,34639,29258,22.071416972198968,233.5,"Highest Use",null,"","",29258,29258,"Y","",402.5,8086943.5,233.46353820837783,54783.60546875,null,"Other - Recreation",31991,"Fitness Center/Health Club/Gym",2648,"Swimming Pool",0]
[22804,"NonResidential","2826049043","TUOPT","Office","LAKE CITY PROFESSIONAL CENTER","Lake City Professional Center","2611 NE 125TH ST, SEATTLE, WA 98125",473111.5,37500,37500,12.616306666666667,59.599998474121101,"Medium High",58,"","",37500,37500,"Y","",152.60000610351599,2235765.5,59.620413333333332,6215.08984375,null,"Office",37500,"",null,""]
[22810,"NonResidential","2832100190","TUOPT","K-12 School","LAKESIDE SCHOOL","Bliss Hall","14050 1ST AVE NE, SEATTLE, WA 98125",181417.796875,23983,23983,7.5644330098403039,48.5,"Medium High",61,"","",23983,23983,"Y","",104.90000152587901,1164364.75,48.549587207605384,5453.67041015625,null,"K-12 School",23983,"",null,""]
[22818,"NonResidential","2840201475","TUOPT","Distribution Center","WAREHOUSE","Jack Warehouse","4835 W MARGINAL WAY SW, SEATTLE, WA 98106",79574.703125,23600,24100,3.3718094544491524,34.299999237060497,"Medium High",22,"","",22000,24100,"Y","",60.099998474121101,809870.8125,34.316559851694912,5383.61962890625,null,"Distribution Center",20100,"Non-Refrigerated Warehouse",3500,""]
[22830,"NonResidential","2858600090","TUOPT","Worship Facility","FREEDOM CHURCH OF SEATTLE","Freedom Church","9601 35TH AVE SW, SEATTLE, WA 98126",29555,23772,23772,1.2432693925626788,4.1999998092651403,"Lowest Use",100,"","",23772,23772,"Y","",13.300000190734901,100841.703125,4.2420369815328955,null,null,"Worship Facility",23772,"",null,""]
[22834,"NonResidential","2862100610","TUOPT","K-12 School","UCDS SCHOOL","University Child Development School","5040 9TH AVE NE, SEATTLE, WA 98105",480403,51515,31343,9.3254974279336107,74.699996948242202,"Highest Use",5,"","",31343,31343,"Y","",144.89999389648401,3846501.25,74.667596816461227,22073.66015625,null,"K-12 School",51515,"",null,""]
[22863,"NonResidential","2771100555","TUOPT","Other","MAX PERFORMANCE","Max Performance","4220 22ND AVE W, SEATTLE, WA 98199",157212.09375,20294,20294,7.7467277890016755,85.5,"Medium High",null,"","",20294,20294,"Y","",145.10000610351599,1735995.75,85.54231546269834,11995.8798828125,null,"Other",18000,"Office",2294,""]
[22866,"NonResidential","2771100895","TUOPT","Office","FISHERMAN'S COMMERCE BLDG","Fishermen's Commerce Building","4037 21ST AVE W, SEATTLE, WA 98199",377144.59375,24008,29722,15.709121699016995,53.599998474121101,"Medium Low",64,"","",29722,29722,"Y","",168.30000305175801,1286817.375,53.599524116961014,null,null,"Office",24008,"",null,""]
[22867,"NonResidential","2771100925","TUOPT","Office","ICICLE COURT OFFICE BLDG","Icicle Seafoods","4019 21ST AVE W, SEATTLE, WA 98199",514592.1875,41707,26048,12.338269055554223,42.099998474121101,"Lowest Use",78,"","",26048,26048,"Y","",132.19999694824199,1755788.5,42.098172968566431,null,null,"Office",41707,"Parking",12000,""]
[22881,"NonResidential","2771102250","TU2021","Mixed Use Property","INTERBAY BUILDING (OFFICE & WAREHOUSE)","(ID22881) INTERBAY BUILDING","3401 THORNDYKE AVE W, SEATTLE, WA 98119",466444.90625,55106,57644,8.4645030713533913,39.700000762939503,"Medium Low",null,"","",57644,57644,"Y","",102.09999847412099,2189735,39.736780023953834,5982.25,null,"Office",20176,"Other - Services",19440,"Non-Refrigerated Warehouse",15490]
[22883,"NonResidential","2771102515","TUOPT","Non-Refrigerated Warehouse","KELLER SUPPLY","Keller Supply","3209 17TH AVE W, SEATTLE, WA 98119",393924.8125,39497,39497,9.9735375471554804,43,"Medium High",9,"","",39497,39497,"Y","",116.300003051758,1700057.375,43.042696280730183,3559.85961914063,null,"Non-Refrigerated Warehouse",25547,"Office",13950,""]
[22936,"Nonresidential COS","2925049087","TUOPT","Other","SEATTLE ASIAN ART MUSEUM (VOLUNTEER PARK)","Seattle Asian Art Museum","1400 E PROSPECT ST, SEATTLE, WA 98112",422960.40625,53776,33087,7.8652262394004762,66,"Medium Low",null,"","",22087,33087,"Y","",125.40000152587901,3548858.25,65.993347404046418,21057.173828125,null,"Other - Entertainment/Public Assembly",53776,"",null,""]
[22940,"NonResidential","2926049018","TUOPT","Office","MERIDIAN NORTH OFFICE BUILDING","MERIDIAN NORTH OFFICE BUILDING","10740 MERIDIAN AVE N, SEATTLE, WA 98133",355026.1875,27574,27574,12.875396659897005,43.900001525878899,"Medium Low",73,"","",27574,27574,"Y","",137.89999389648401,1211349.25,43.930849713498226,null,null,"Office",27574,"",null,""]
[22953,"NonResidential","2926049039","TUOPT","Retail Store","LINE RETAIL","Tux Shop","10716 5TH AVE NE, SEATTLE, WA 98125",98254.703125,24982,24982,3.9330198993275158,13.3999996185303,"Lowest Use",99,"","",24982,24982,"Y","",42.099998474121101,335245,13.419462012649108,null,null,"Retail Store",24982,"",null,""]
[22962,"NonResidential","2926049094","TUOPT","Office","OFFICE BUILDING","Northgate Meridian Bldg","2111 N NORTHGATE WAY, SEATTLE, WA 98133",724604.375,76105,48798,9.5211139215557452,32.5,"Lowest Use",91,"","",48798,48798,"Y","",102,2472350.25,32.486042309966493,null,null,"Office",76105,"",null,""]
[23008,"NonResidential","2926049163","TUOPT","Mixed Use Property","DISPLAY COSTUMES","Display Supply Inc","11201 ROOSEVELT WAY NE, SEATTLE, WA 98125",393022.59375,37270,32009,10.545280218674538,53.599998474121101,"Medium Low",null,"","",32009,32009,"Y","",131.5,1998725.25,53.628259994633751,6577.3203125,null,"Non-Refrigerated Warehouse",17500,"Retail Store",15770,"Office",4000]
[23011,"NonResidential","2926049223","TUOPT","Retail Store","RETAIL STORES","Bevmo","10700 5TH AVE NE, SEATTLE, WA 98125",556860,41615,41615,13.381232728583443,45.700000762939503,"Medium Low",69,"","",41615,41615,"Y","",143.39999389648401,1900006.25,45.656764387840923,null,null,"Retail Store",41615,"",null,""]
[23017,"NonResidential","2926049266","TUOPT","Medical Office","FIFTH AVENUE MEDICAL CENTER","5th Ave Professional Center","10564 5TH AVE NE, SEATTLE, WA 98125",279989.6875,28841,28841,9.7080436704691238,50.599998474121101,"Lowest Use",55,"","",28841,28841,"Y","",122.40000152587901,1459199.75,50.59463090738879,5038.75,null,"Medical Office",28841,"",null,""]
[23020,"NonResidential","2926049287","TUOPT","Self-Storage Facility","NORTHGATE SELF STORAGE","Northgate Self Storage","10805 ROOSEVELT WAY NE, SEATTLE, WA 98125",36274.1015625,32344,33344,1.1215094472699727,3.7999999523162802,"Lowest Use",null,"","",33344,33344,"Y","",12,123767.203125,3.8265892630781599,null,null,"Self-Storage Facility",31360,"Office",984,"Parking",0]
[23022,"Nonresidential COS","2926049431","TUOPT","Other","NORTHGATE COMMUNITY CENTER & PARK","Northgate Campus","10510 5TH AVE NE, SEATTLE, WA 98125",312492.90625,30498,30498,10.246340948586793,79.900001525878906,"Medium High",null,"","",0,30498,"Y","",156.89999389648401,2436063,79.87615581349597,13698.3701171875,null,"Other - Recreation",30498,"",null,""]
[23040,"NonResidential","3004800005","TUOPT","K-12 School","HOLY FAMILY SCHOOL","Holy Family School","9643 20TH AVE SW, SEATTLE, WA 98106",50751.80078125,21405,42975,2.3710254978392897,44.799999237060497,"Medium High",92,"","",42975,42975,"Y","",64,959352,44.81906096706377,7861.8701171875,null,"K-12 School",21405,"",null,""]
[23049,"NonResidential","3024049018","TUOPT","Other","LAIDLAW","Laidlaw","7739 1ST AVE S, SEATTLE, WA 98108",210955.09375,23260,23260,9.0694365326741195,69.300003051757798,"Medium Low",null,"","",23260,23260,"Y","",137.39999389648401,1612105.75,69.308071797076522,8923.26953125,null,"Repair Services (Vehicle, Shoe, Locksmith, etc)",13075,"Office",10185,""]
[23051,"NonResidential","3024049026","TUOPT","Office","MACDONALD MILLER","MMFS Upper Bldg","7717 DETROIT AVE SW, SEATTLE, WA 98106",707679.125,36058,30659,19.626133590326695,103.90000152587901,"Highest Use",43,"","",30659,30659,"Y","",249,3745731.25,103.88072688446393,13311.2998046875,null,"Office",27405,"Non-Refrigerated Warehouse",8653,""]
[23056,"NonResidential","3025049004","TUOPT","Other","NATIONAL SIGN CO","NATIONAL SIGN","1255 WESTLAKE AVE N, SEATTLE, WA 98109",134465.5,27144,27144,4.9537835249042148,37.299999237060497,"Lowest Use",null,"","",27144,27144,"Y","",74.5,1012024.3125,37.283536416887713,5532.27978515625,null,"Other",27144,"",null,""]
[23065,"NonResidential","3026049025","TUOPT","Medical Office","NORTH DISTRICT MULTI-SERVICE CENTER - KING COUNTY","Meridian Center for Health","10501 MERIDIAN AVE N, SEATTLE, WA 98133",478635.8125,44667,34759,10.715647178006135,36.599998474121101,"Lowest Use",81,"","",34759,34759,"Y","",114.800003051758,1633105.375,36.561787785165784,null,null,"Medical Office",44667,"Parking",0,""]
[23071,"NonResidential","3026049130","TU2018","Hospital","NORTHWEST HOSPITAL & MEDICAL CENTER","Main Hospital - All Wings","1550 N 115TH ST, SEATTLE, WA 98133",12562770,483520,415632,25.981903540701524,204.69999694824199,"Medium Low",85,"","",null,415632,"Y","",400.20001220703102,98960776,204.66738914626075,560966.125,null,"Hospital (General Medical & Surgical)",483520,"Parking",266833,""]
[23076,"NonResidential","3034200285","TUOPT","Worship Facility","NORTH SEATTLE ALLIANCE CHURCH","North Seattle Alliance Church","2150 N 122ND ST, SEATTLE, WA 98133",206530.296875,47906,44719,4.3111572010812838,33.700000762939503,"Medium Low",null,"","",44719,44719,"Y","",66.099998474121094,1614026.25,33.691526113639213,9093.4501953125,null,"Worship Facility",45909,"Medical Office",1025,"Office",972]
[23098,"NonResidential","3086003145","TUOPT","Supermarket/Grocery Store","HILLTOP RED APPLE MARKET","Red Apple Market","2701 BEACON AVE S, SEATTLE, WA 98144",1143042,21603,21603,52.911262324677125,270,"Medium Low",16,"","",21603,21603,"Y","",660.90002441406295,5833800,270.0458269684766,19337.419921875,null,"Supermarket/Grocery Store",21603,"",null,""]
[23113,"NonResidential","3117000005","TU2018","Medical Office","GROUP HEALTH HOSPITAL-SEATTLE","Central Campus","201 16TH AVE E, SEATTLE, WA 98112",14068670,591981,591981,23.765408011405771,173.39999389648401,"Highest Use",60,"","",null,591981,"Y","",351.60000610351602,102673696,173.44086381150746,546713.9375,null,"Medical Office",520187,"Parking",282392,"Other/Specialty Hospital",54159]
[23115,"NonResidential","3124049001","TUOPT","Distribution Center","INTERMOUNTAIN SUPPLY, INC.","Intermountain Supply","7901 1ST AVE S, SEATTLE, WA 98108",127858.296875,43050,42900,2.9699952816492452,10.1000003814697,"Lowest Use",53,"","",42900,42900,"Y","",31.799999237060501,436252.5,10.133623693379791,null,null,"Distribution Center",43050,"",null,""]
[23117,"Campus","3124049024","TUOPT","Other","Joint Training Facilities CAMPUS combined with #23118","Joint Training Facilities Campus","9401 MYERS WAY S, SEATTLE, WA 98108",432136.6875,57952,57952,7.4568036909856437,53.299999237060497,"Medium Low",null,"","",22624,57952,"Y","",109.199996948242,3091387.5,53.343931184428492,16169.3701171875,null,"Adult Education",57952,"",null,""]
[23120,"NonResidential","3124049151","TUOPT","Other","WASTE MANAGEMENT MAINTENANCE SHED, BLDG A","(ID23120) WASTE MANAGEMENT","8111 1ST AVE S, SEATTLE, WA 98108",264384.90625,26232,26232,10.078717072659348,118,"Medium High",null,"","",23684,26232,"Y","",195.69999694824199,3094090,117.95097590728881,21920.08984375,null,"Other - Services",18262,"Office",7970,""]
[23158,"NonResidential","8170100350","TUOPT","Non-Refrigerated Warehouse","BRIGGS TECHNOLOGIES INC","KOF Associates","1239 S KING ST, SEATTLE, WA 98144",91889.796875,25840,25840,3.5561066902089782,12.1000003814697,"Lowest Use",92,"","",25840,25840,"Y","",38.099998474121101,313528.09375,12.133440160603715,null,null,"Non-Refrigerated Warehouse",25840,"",null,""]
[23161,"NonResidential","8170100415","TUOPT","Office","PEARL WARREN BUILDING","Pearl Warren Building","611 12TH AVE S, SEATTLE, WA 98144",150788.703125,43813,45145,3.4416429627051333,29,"Lowest Use",null,"","",30160,45145,"Y","",54.900001525878899,1268459,28.951658183644124,7539.68017578125,null,"Office",43813,"",null,""]
[23164,"NonResidential","8170100455","TUOPT","Office","THE WELLER BUILDING","The Weller Building","1225 S WELLER ST, SEATTLE, WA 98144",546923.8125,44417,48237,12.313389299142221,44.599998474121101,"Medium Low",89,"","",48237,48237,"Y","",134.60000610351599,1981115.25,44.602635252268279,1150.10998535156,null,"Office",44417,"Parking",25915,""]
[23204,"SPS-District K-12","3869400560","TU2021","K-12 School","MAPLE ELEMENTARY SCHOOL(SPS-DISTRICT)","Maple Elementary","4925 CORSON AVE S, SEATTLE, WA 98108",298979.8125,53234,50546,5.6163319025434877,20.899999618530298,"Lowest Use",95,null,null,50546,50546,"Y","",62,1112719.25,20.902416688582484,926,null,"K-12 School",53234,"",null,""]
[23228,"NonResidential","7589200051","TUOPT","Supermarket/Grocery Store","SAFEWAY STORE # 1143","Safeway 1143 - 15th Ave","8332 15TH AVE NW, SEATTLE, WA 98117",2057360,45522,45522,45.194850841351432,269.10000610351602,"Medium Low",22,"","",42270,45522,"Y","",604.90002441406295,12250422,269.1099248714907,52307.09375,null,"Supermarket/Grocery Store",45522,"Parking",0,""]
[23231,"NonResidential","7608700007","TUOPT","Retail Store","BITTER LAKE PLAZA","Bitter Lake Plaza","929 N 130TH ST, SEATTLE, WA 98133",95773.3984375,19580,20088,4.8913890928243102,16.700000762939499,"Lowest Use",null,"","",20088,20088,"Y","",52.400001525878899,326778.6875,16.689412027579163,null,null,"Retail Store",16080,"Office",3500,"Parking",508]
[23265,"Campus","7666701220","TU2019","Other","TERMINAL 102 PORT OF SEATTLE - CAMPUS","T102 1011 B/C","1021 SW KLICKITAT WAY, SEATTLE, WA 98134",1503606,139557,138907,10.77413529955502,56.200000762939503,"Medium Low",null,"","",138907,138907,"Y","",135.80000305175801,7837692.5,56.161228028690786,27073.888671875,null,"Other",139557,"",null,""]
[23268,"NonResidential","7666701250","TUOPT","Office","HARBOR MARINA BLDGS E & F","Building F","1131 SW KLICKITAT WAY, SEATTLE, WA 98134",803752.625,40657,40657,19.769108025678236,69.5,"Medium High",57,"","",40657,40657,"Y","",214,2826828,69.528691246279848,844.24005126953102,null,"Office",40657,"Parking",0,""]
[23277,"NonResidential","7666702210","TUOPT","Non-Refrigerated Warehouse","HARDWARE SPECIALTY CO","23277 HSC HarbIsl","3419 11TH AVE SW, SEATTLE, WA 98134",76438.3984375,20200,20200,3.7840791305693071,13.300000190734901,"Lowest Use",null,"","",20200,20200,"Y","",41,269016.6875,13.317657797029703,82.089988708496094,null,"Non-Refrigerated Warehouse",18700,"Office",1500,""]
[23292,"Multifamily HR (10+)","8590400905","TU2021","Multifamily Housing","M STREET APTS, RETAIL, & OFFICE","M-Street","910 8TH AVE, SEATTLE, WA 98104",3056686,173204,null,17.647894967783653,77.900001525878906,"Highest Use",1,"","",59837,null,"Y","",207.60000610351599,13491170,77.891792337359419,30617.560546875,null,"Multifamily Housing",173204,"",null,""]
[23297,"NonResidential","8590900085","TUOPT","Residence Hall/Dormitory","ST JAMES CATHEDRAL & RECTORY","St. James Cathedral & Rectory","804 9TH AVE, SEATTLE, WA 98104",357251.90625,44091,44086,8.1026038477240245,82.800003051757798,"Highest Use",29,"","",23364,44086,"Y","",151.39999389648401,3652708.75,82.844769907690917,5132.90966796875,1920474.25,"Residence Hall/Dormitory",44091,"",null,""]
[23310,"NonResidential","8590900585","TUOPT","Other","FRYE ART MUSEUM","Charles & Emma Frye Free Public Art Museum","704 TERRY AVE, SEATTLE, WA 98104",1694799,47000,47699,36.059553191489364,309,"Highest Use",null,"","",47699,47699,"Y","",609.70001220703102,14524386,309.02948936170213,1113.5,8630381,"Museum",47000,"Parking",0,""]
[23311,"NonResidential","8590900646","TU2018","Medical Office","FIRST HILL MEDICAL PAVILLION","HART First Hill LLC","1124 COLUMBIA ST, SEATTLE, WA 98104",3521476,228133,274568,15.43606580371976,111,"Medium High",52,"","",206450,274568,"Y","",235.5,25311526,110.95074364515436,null,13296249,"Medical Office",228133,"Parking",135954,""]
[23313,"NonResidential","8590900690","TUOPT","Office","SWEDISH HOSPITAL MEDICAL CENTER Invex","Swedish Invex Building","1115 COLUMBIA ST, SEATTLE, WA 98104",141671,19658,21282,{"$f":"I1026/J1026","v":7.206786041306338},63.400001525878899,"Medium High",69,"","",21282,21282,"Y","",123.90000152587901,1245923.75,{"$f":"W1026/J1026","v":63.379985247736293},null,762542.3125,"Office",19658,"",null,""]
[23320,"NonResidential","3812400023","TUOPT","Other","CENTURYLINK: PARKWAY CO","PARKWAY","6315 RAINIER AVE S, SEATTLE, WA 98118",1110096,41022,41022,27.060991663010093,92.300003051757798,"Medium High",null,"","",null,41022,"Y","",289.89999389648398,3787648.25,92.332120569450538,null,null,"Other",41022,"",null,""]
[23331,"NonResidential","3821700140","TUOPT","Office","GATEWAY PLAZA OFFICE BLDG","Gateway Plaza","13751 LAKE CITY WAY NE, SEATTLE, WA 98125",120040.6015625,20590,20590,5.8300437864254491,19.899999618530298,"Low Outlier",100,"","",20590,20590,"N","",62.5,409578.40625,19.892103266148617,null,null,"Office",20590,"Parking",12990,""]
[23342,"NonResidential","3834500415","TUOPT","Non-Refrigerated Warehouse","DAILY RACING FORM/WAREHOUSE","Daily Racing Form","12547 26TH AVE NE, SEATTLE, WA 98125",21051.30078125,21936,21936,0.95966907281409553,null,"",null,"","",21936,21936,"N","",null,null,0,null,null,"Non-Refrigerated Warehouse",21936,"",null,""]
[23343,"NonResidential","3834500515","TUOPT","Other","CENTURYLINK: LAKE CITY GARAGE","LAKE CITY","12550 26TH AVE NE, SEATTLE, WA 98125",71687.296875,30139,30160,2.3785559200703408,34.700000762939503,"Lowest Use",null,"","",30160,30160,"Y","",53.400001525878899,1045838.5,34.700504329937957,8012.4140625,null,"Other",30139,"",null,""]
[23368,"NonResidential","7628750000","TU2021","Mixed Use Property","SEABOARD BUILDING CONDOMINIUM","Seaboard Building","1500 4TH AVE, SEATTLE, WA 98101",1348903,99048,111137,13.618679832000646,96.400001525878906,"Medium High",null,"SEABOARD BLDG CONDO HOA","1500 4TH AVE",53826,111137,"Y","",198.30000305175801,9546165,96.379179791616181,49437.09375,null,"Office",42939,"Multifamily Housing",40878,"Bank Branch",10887]
[23396,"NonResidential","7666703680","TUOPT","Other","4500 W MARGINAL WAY SW","DWW-SOC 4500 W. Marginal Way SW","4500 W MARGINAL WAY SW, SEATTLE, WA 98106",269998.5,37460,40189,7.2076481580352372,40.299999237060497,"Medium Low",null,"","",40189,40189,"Y","",93.699996948242202,1509292,40.290763481046447,5880.56982421875,null,"Other - Utility",28347,"Office",9113,"Parking",0]
[23397,"NonResidential","7666703920","TUOPT","Other","FRASER BOILER SERVICE","Fraser Marine Building","3601 W MARGINAL WAY SW, SEATTLE, WA 98106",974877.375,28109,28109,34.682036892098616,128.5,"Highest Use",null,"","",25833,28109,"Y","",382.29998779296898,3612526.75,128.51850830694795,2862.45043945313,null,"Other",28109,"",null,""]
[23400,"NonResidential","7666704005","TU2021","Office","SEATTLE COMMERCE CENTER","Frye Commerce Center","2414 SW ANDOVER ST, SEATTLE, WA 98106",892890.6875,76334,66484,11.697155756281605,39.900001525878899,"Lowest Use",69,"","",66484,66484,"Y","",125.300003051758,3046543,39.910695103099535,null,null,"Office",49334,"Non-Refrigerated Warehouse",18000,"Retail Store",9000]
[23404,"NonResidential","8590900710","TUOPT","Office","SWEDISH HOSPITAL MEDICAL CENTER Cherry Bldg","Swedish Cherry Building","1120 CHERRY ST, SEATTLE, WA 98104",178162.40625,24155,25151,7.3757982301800871,56.200000762939503,"Medium High",85,"","",25151,25151,"Y","",116.300003051758,1356874.75,56.173659697785141,null,748984.6875,"Office",24155,"",null,""]
[23408,"NonResidential","8590901030","TUOPT","Hotel","VIRGINIA MASON- BARONESS HOTEL","Hotel - The Baroness Hotel","1005 SPRING ST, SEATTLE, WA 98104",177358.59375,35770,null,4.9583056681576743,73.800003051757798,"Medium Low",56,"","",35770,null,"Y","",112.90000152587901,2640980.25,73.832268660889014,20358.328125,null,"Hotel",35770,"",null,""]
[23410,"NonResidential","8590901105","TUOPT","Hotel","VIRGINIA MASON- INN AT VIRGINIA MASON","Hotel - Inn at Virginia Mason","1006 SPRING ST, SEATTLE, WA 98104",449424.90625,48006,48006,9.3618486491271931,67.5,"Medium Low",85,"","",48006,48006,"Y","",137.60000610351599,3239754,67.486439195100616,17063.16015625,null,"Hotel",48006,"",null,""]
[23416,"NonResidential","8591900145","TUOPT","Mixed Use Property","VIET WAH SUPERMARKET AND SAIGON BISTRO RESTAURANT","Asian Plaza 1","1032 S JACKSON ST, SEATTLE, WA 98104",802243.5,34000,29631,23.595397058823529,151.30000305175801,"Highest Use",null,"","",29631,29631,"Y","",327.10000610351602,5144392,151.30564705882352,24071.37109375,null,"Supermarket/Grocery Store",16000,"Office",13000,"Restaurant",5000]
[23418,"NonResidential","8592900065","TUOPT","Office","ENG SUEY SUN PLAZA","Eng Suey Sun Plaza","815 S WELLER ST, SEATTLE, WA 98104",253254.296875,22705,23472,11.154120100198194,71.599998474121094,"Highest Use",null,"","",23472,23472,"Y","",154.69999694824199,1625308.625,71.583731556925784,7612.0498046875,null,"Office",20695,"Other",1065,"Retail Store",945]
[23419,"Nonresidential COS","8592900285","TUOPT","Office","CSC Engineering (A)","CSC Engineering (A)","714 S CHARLES ST, SEATTLE, WA 98134",240484.5,20424,21315,11.774603407755581,136.89999389648401,"Highest Use",34,"","",14210,21315,"Y","",227.69999694824199,2796425,136.91857618488052,19758.919921875,null,"Office",20424,"",null,""]
[23459,"NonResidential","3879900465","TUOPT","Office","18 WEST MERCER BUILDING","18 West Mercer","18 W MERCER ST, SEATTLE, WA 98119",584552.6875,37055,41298,15.77527155579544,59.099998474121101,"Medium High",69,"","",41298,41298,"Y","",174.60000610351599,2190460,59.113749831331802,1959.66186523438,null,"Office",37055,"Parking",28202,""]
[23503,"NonResidential","7666706590","TUOPT","Restaurant","SALTYS RESTAURANT","Salty's Waterfront Seafood Grill","1936 HARBOR AVE SW, SEATTLE, WA 98126",1019506,20398,20398,49.98068438082165,456.60000610351602,"Highest Use",null,"","",20398,20398,"Y","",835.79998779296898,9313513,456.58951858025296,58349.59375,null,"Restaurant",19232,"Office",1166,""]
[23504,"NonResidential","7674800055","TUOPT","Distribution Center","ALASKA COPPER CO WHSE","3223","3223 6TH AVE S, SEATTLE, WA 98134",309134.6875,41308,41308,7.4836517744746782,39.799999237060497,"Medium High",21,"","",41308,41308,"Y","",95.099998474121094,1642471.5,39.761583712598046,5877.03955078125,null,"Distribution Center",41308,"",null,""]
[23562,"NonResidential","8670450000","TUOPT","Mixed Use Property","THE TRAVELERS HOTEL","The Travelers Hotel","80 YESLER WAY, SEATTLE, WA 98104",225607.09375,32866,null,6.8644524356477818,23.399999618530298,"Lowest Use",null,"","",22816,null,"Y","",73.5,769771.3125,23.421508930201423,null,null,"Multifamily Housing",12000,"Office",8262,"Retail Store",6312]
[23566,"NonResidential","3879900640","TUOPT","Other","ON THE BOARDS","ON THE BOARDS","100 W ROY ST, SEATTLE, WA 98119",195038.703125,34976,34976,5.5763581634549402,25,"Lowest Use",null,"","",34976,34976,"Y","",66,873711.125,24.980304351555354,2082.38989257813,null,"Performing Arts",34976,"",null,""]
[23618,"NonResidential","7666200070","TUOPT","Non-Refrigerated Warehouse","OCEAN BEAUTY ALASKA BLDG, LLC","Ocean Beauty Alaska Bldg, LLC","1120 W EWING ST, SEATTLE, WA 98119",117768.1015625,38255,38255,3.0785021974251734,25.799999237060501,"Medium Low",12,"","",38255,38255,"Y","",49,985401.8125,25.758771729185728,5835.77001953125,null,"Non-Refrigerated Warehouse",38255,"",null,""]
[23622,"Campus","7666200105","TU2018","Other","FISHERMAN'S TERMINAL - CAMPUS","FT C15 Fishermen's Center","2000 W EMERSON PL, SEATTLE, WA 98119",7882362,260241,260241,30.288701626569217,130.69999694824199,"Highest Use",null,"","",null,260241,"Y","",353.20001220703102,34012980,130.69800684749904,71183.6171875,null,"Other",260241,"",null,""]
[23653,"NonResidential","7759900000","TUOPT","Office","SHIP CANAL OFFICE CENTER","Ship Canal","146 N CANAL ST, SEATTLE, WA 98103",393720.09375,31325,null,12.568877693535514,72.900001525878906,"Highest Use",71,"","",24460,null,"Y","",166.10000610351599,2282551.25,72.866759776536313,9391.7802734375,null,"Office",31325,"Parking",13143,""]
[23671,"NonResidential","2902200925","TUOPT","Office","AREIS BUILDING","Areis Building","2358 EASTLAKE AVE E, SEATTLE, WA 98102",469544.09375,50333,32297,9.3287523841217492,31.799999237060501,"Lowest Use",88,"","",32297,32297,"Y","",99.900001525878906,1602084.375,31.829701686766139,null,null,"Office",50333,"",null,""]
[23672,"NonResidential","2902200965","TUOPT","Office","2324 EASTLAKE","2324 Eastlake","2324 EASTLAKE AVE E, SEATTLE, WA 98102",738711.375,34160,35526,21.625040251756442,73.800003051757798,"Highest Use",null,"","",35526,35526,"Y","",231.69999694824199,2520483.25,73.784638466042153,null,null,"Office",34160,"Parking",19650,""]
[23674,"NonResidential","2902201025","TUOPT","Office","2345 EASTLAKE","2345 Eastlake","2345 EASTLAKE AVE E, SEATTLE, WA 98102",584691.625,33705,35224,17.347326064382138,59.200000762939503,"Medium High",73,"","",35224,35224,"Y","",185.89999389648401,1994967.75,59.189074321317314,null,null,"Office",33705,"Parking",21908,""]
[23689,"NonResidential","3298700490","TUOPT","Worship Facility","SALVATION ARMY","The Salvation Army","9050 16TH AVE SW, SEATTLE, WA 98106",156780.59375,24224,24224,6.472118302097094,40,"Medium High",52,"","",24224,24224,"Y","",88.099998474121094,968026.3125,39.961456097258917,4330.9091796875,null,"Worship Facility",24224,"Parking",0,""]
[23691,"NonResidential","3298700615","TUOPT","Worship Facility","WESTWOOD CHRISTIAN COMMUNITY","Westood Christian Community","9252 16TH AVE SW, SEATTLE, WA 98106",51837.30078125,23706,23706,2.1866742926368854,null,"",null,"","",23706,23706,"N","",null,null,0,null,null,"Worship Facility",23706,"",null,""]
[23701,"NonResidential","3467800005","TUOPT","Non-Refrigerated Warehouse","RUNG WAREHOUSE","Rung Building","1136 S ALBRO PL, SEATTLE, WA 98108",575815.1875,32000,31900,17.994224609374999,61.400001525878899,"Highest Use",null,"","",29500,31900,"Y","",192.80000305175801,1964681.25,61.396289062500003,null,null,"Non-Refrigerated Warehouse",28000,"Office",4000,""]
[23711,"NonResidential","3524039040","TUOPT","Other","OLD FAUNTLEROY SCHOOLHOUSE","Fauntleroy School House","9131 CALIFORNIA AVE SW, SEATTLE, WA 98136",157680.203125,49000,49066,3.2179633290816327,78.300003051757798,"Medium High",null,"","",49066,49066,"Y","",105.09999847412099,3835202,78.269428571428577,32971.96875,null,"Social/Meeting Hall",49000,"",null,""]
[23712,"NonResidential","3524039078","TUOPT","Worship Facility","FAUNTLEROY COMMUNITY CHURCH","Fauntleroy Church UCC","9140 CALIFORNIA AVE SW, SEATTLE, WA 98136",179493.90625,39923,30740,4.496002460987401,42.200000762939503,"Medium High",null,"","",30740,30740,"Y","",76.400001525878906,1686262.25,42.237864138466549,10738.2900390625,null,"Worship Facility",28293,"Other - Recreation",11630,""]
[23716,"NonResidential","3524049132","TU2021","Supermarket/Grocery Store","SAARS MARKET (2012)","Saars Marketplace Foods","9000 RAINIER AVE S, SEATTLE, WA 98118",604265.6875,42760,67450,14.131564253975679,66.5,"Lowest Use",97,"","",0,67450,"Y","",170.60000610351599,2842819.5,66.48315014031806,7810.64990234375,null,"Supermarket/Grocery Store",42760,"",null,""]
[23722,"SPS-District K-12","3526039024","TUOPT","K-12 School","NORTH BEACH (SPS-DISTRICT)","North Beach Elementary","9018 24TH AVE NW, SEATTLE, WA 98117",191292.90625,40867,39971,4.6808649093400545,39.5,"Medium Low",91,null,null,39971,39971,"Y","",74.800003051757798,1613858.125,39.490496610957493,9611.6669921875,null,"K-12 School",40867,"",null,""]
[23730,"NonResidential","7666200120","TUOPT","Non-Refrigerated Warehouse","SALMON BAY TERMINALS - RSVP BLDG","RSVP West Bldg","4021 13TH AVE W, SEATTLE, WA 98119",258762.203125,46970,46970,5.5090952336597825,18.799999237060501,"Medium Low",null,"","",46790,46970,"Y","",59,882896.5,18.797030019161166,null,null,"Non-Refrigerated Warehouse",46970,"",null,""]
[23736,"NonResidential","7666201665","TUOPT","Non-Refrigerated Warehouse","BUILDERS HARDWARE STORE","Builders Hardware & Supply","1516 15TH AVE W, SEATTLE, WA 98119",247503.40625,31108,47554,7.9562622556898548,33.299999237060497,"Medium High",null,"","",47554,47554,"Y","",91.699996948242202,1035554.6875,33.289015285457118,1910.72985839844,null,"Non-Refrigerated Warehouse",18133,"Office",8679,"Retail Store",2388]
[23742,"NonResidential","7666201760","TUOPT","Office","1419 ELLIOTT AVE","1419 Elliott Ave","1415 ELLIOTT AVE W, SEATTLE, WA 98119",31601,43016,37616,0.73463362469778692,28.700000762939499,"Lowest Use",100,"","",37616,37616,"Y","",35.400001525878899,1234095.5,28.689220290124606,11262.73046875,null,"Office",43016,"",null,""]
[23743,"NonResidential","7666201770","TUOPT","Mixed Use Property","HARLAN FAIRBANKS CO/DOGLOUNGE/URBAN VET","Elliott Commons","1405 ELLIOTT AVE W, SEATTLE, WA 98119",214325.703125,24196,24196,8.8578981288229457,43.599998474121101,"Medium Low",null,"","",24196,24196,"Y","",109,1055033,43.603612167300383,3237.53759765625,null,"Other",8711,"Non-Refrigerated Warehouse",6792,"Office",5306]
[23744,"NonResidential","7666201815","TUOPT","Office","1430-1448 Elliott Ave W","1430-1448 Elliott Ave W","1436 ELLIOTT AVE W, SEATTLE, WA 98119",58124.6015625,20671,20671,2.8118911306903391,30.899999618530298,"Lowest Use",98,"","",20671,20671,"Y","",52.5,638507.125,30.88902931643365,4401.85986328125,null,"Office",20671,"",null,""]
[23757,"NonResidential","7666206090","TUOPT","Non-Refrigerated Warehouse","TILE FOR LESS","Tile for Less","2440 1ST AVE S, SEATTLE, WA 98134",77419,21600,21600,3.5842129629629631,23.100000381469702,"Medium Low",57,"","",21600,21600,"Y","",49.900001525878899,499828.59375,23.14021267361111,2356.75024414063,null,"Non-Refrigerated Warehouse",21600,"",null,""]
[23762,"NonResidential","7804400110","TUOPT","Worship Facility","HILLCREST PRESBYTERIAN CHURCH","Hillcrest Presbyterian Church","10400 34TH AVE SW, SEATTLE, WA 98146",253847.09375,35844,35844,7.0819968125767216,24.200000762939499,"Lowest Use",14,"","",35844,35844,"Y","",75.900001525878906,866126.375,24.16377566677826,null,null,"Worship Facility",35844,"",null,""]
[23768,"NonResidential","7821200160","TUOPT","Office","WALLINGFORD RETAIL AND OFFICE BUILDING","Wallingford Plaza","1307 N 45TH ST, SEATTLE, WA 98103",433126.40625,33837,31774,12.800378468835889,48.400001525878899,"Medium Low",85,"","",31774,31774,"Y","2016, 2015, 2014",142.10000610351599,1639136.25,48.442126961610072,1613.08996582031,null,"Office",19896,"Retail Store",13941,"Parking",0]
[23834,"NonResidential","3573200250","TUOPT","Non-Refrigerated Warehouse","SOUTH SEATTLE INDUSTRIAL PARK - BLDG A","South Seattle Business Park- Bldg A","4634 E MARGINAL WAY S, SEATTLE, WA 98134",208086.40625,26094,26094,7.9744924599524794,27.200000762939499,"Medium High",19,"","",26094,26094,"Y","",85.400001525878906,709990.8125,27.208968057791061,0,null,"Non-Refrigerated Warehouse",26094,"",null,""]
[23835,"NonResidential","3573200250","TUOPT","Office","SOUTH SEATTLE INDUSTRIAL PARK - BLDG B (2014)","South Seattle Business Park - Bldg B","4634 E MARGINAL WAY S, SEATTLE, WA 98134",317864.5,23687,23687,13.419365052560476,45.799999237060497,"Medium Low",68,"","",23687,23687,"Y","",143.80000305175801,1084553.75,45.786876767847339,null,null,"Office",23687,"",null,""]
[23836,"NonResidential","3573200250","TUOPT","Office","SOUTH SEATTLE INDUSTRIAL PARK - BLDG C","South Seattle Business Park - Bldg C","4634 E MARGINAL WAY S, SEATTLE, WA 98134",420739.40625,24221,24221,17.370851998265966,59.299999237060497,"Medium High",20,"","",24221,24221,"Y","",186.10000610351599,1435562.75,59.269342719128026,null,null,"Office",24221,"",null,""]
[23846,"NonResidential","7666202225","TUOPT","Office","DIAMOND BUILDING","Diamond Building","3161 ELLIOTT AVE, SEATTLE, WA 98121",448514,34030,34030,13.179958859829561,51.400001525878899,"Medium Low",50,"","",34030,34030,"Y","",147.89999389648401,1748629.875,51.384950778724658,2183,null,"Office",34030,"",null,""]
[23857,"NonResidential","7666202485","TU2023","Mixed Use Property","PIER 56","Pier 56","1201 ALASKAN WAY, SEATTLE, WA 98101",1577112,57635,69100,27.363789364101674,93.400001525878906,"Medium High",37,"MITHUN PARTNERS","1201 ALASKAN WAY",69100,69100,"Y","",293.20001220703102,5381105,93.36522946126486,null,null,"Office",34550,"Retail Store",23085,"Parking",11465]
[23858,"NonResidential","7666202485","TUOPT","Office","PIER 55","Pier 55","1201 ALASKAN WAY, SEATTLE, WA 98101",533591.8125,32027,32027,16.66068668623349,124.90000152587901,"Highest Use",54,"","",null,32027,"Y","",249.89999389648401,3999505.25,124.87917226090487,21788.900390625,null,"Office",17526,"Retail Store",14501,""]
[23861,"NonResidential","7666202545","TUOPT","Office","COMMUTER CENTER BUILDING","Commuter Center LLC","815 WESTERN AVE, SEATTLE, WA 98104",822340.625,49912,32160,16.475809925468827,56.200000762939503,"Medium High",null,"COMMUTER CENTER LLC","815 WESTERN AVE",32160,32160,"Y","",176.5,2805826,56.215459208206447,null,null,"Office",35693,"Retail Store",14219,""]
[23863,"NonResidential","7666202690","TUOPT","Other","WM BOOTH CNTR","William Booth Center","811 MAYNARD AVE S, SEATTLE, WA 98134",498235.59375,43336,40264,11.497036961187003,81.699996948242202,"Medium High",null,"","",20799,40264,"Y","",167.80000305175801,3540225.75,81.692490077533691,18402.458984375,null,"Other - Lodging/Residential",43336,"Parking",4500,""]
[23867,"NonResidential","7666202855","TUOPT","Office","NW ENVIROSERVICE/EVERGREEN SVCS","Airport Way","1700 AIRPORT WAY S, SEATTLE, WA 98134",362887.09375,49961,34425,7.2634073327195212,40.400001525878899,"Lowest Use",84,"","",34425,34425,"Y","",94.199996948242202,2018385.75,40.399226396589341,7802.150390625,null,"Office",34425,"Non-Refrigerated Warehouse",15536,""]
[23877,"SPS-District K-12","7857000410","TU2021","K-12 School","DEARBORN PK ELEMENTARY SCHOOL (SPS-DISTRICT)","Dearborn Park Int'l Elementary","2820 S ORCAS ST, SEATTLE, WA 98108",314248.09375,52609,52609,5.973276316789903,34.700000762939503,"Lowest Use",66,null,null,52609,52609,"Y","",79,1823141.125,34.654548176167573,7509.2666015625,null,"K-12 School",52609,"",null,""]
[23888,"NonResidential","7872500005","TUOPT","Medical Office","SWEDISH MEDICAL CENTER","Swedish Health Services","3400 CALIFORNIA AVE SW, SEATTLE, WA 98116",574906.6875,20106,28304,28.593787302297823,97.599998474121094,"Medium High",5,"","",28304,28304,"Y","",306.29998779296898,1961581.5,97.561996418979405,null,null,"Medical Office",20106,"Parking",16412,""]
[23896,"NonResidential","7883600005","TUOPT","Distribution Center","LONG PAINTING","The Long Building","8230 5TH AVE S, SEATTLE, WA 98108",162291,29619,29619,5.4792869441912284,43.200000762939503,"Highest Use",50,"","",29619,29619,"Y","",84.5,1280263.75,43.224408318984437,7265.27001953125,null,"Distribution Center",15000,"Office",14619,""]
[23906,"NonResidential","3319501965","TUOPT","K-12 School","ST MARY GIDDENS SCHOOL","St. Mary Giddens School","604 20TH AVE S, SEATTLE, WA 98144",138508.796875,20700,21592,6.6912462258454104,69.199996948242202,"Highest Use",47,"","",21592,21592,"Y","",120.300003051758,1431784,69.168309178743968,9591.9189453125,null,"K-12 School",20700,"",null,""]
[23910,"NonResidential","3320000095","TUOPT","Office","IFO AND ASSOCIATES","ifo and associates","1265 S MAIN ST, SEATTLE, WA 98144",354308.6875,24000,25200,14.762861979166667,72.900001525878906,"Highest Use",47,"","",25200,25200,"Y","",181.80000305175801,1748444.25,72.85184375,5395.43017578125,null,"Office",16000,"Retail Store",8000,""]
[23912,"NonResidential","3320000165","TUOPT","Office","DENSHO","1416 S Jackson","1416 S JACKSON ST, SEATTLE, WA 98144",41554.6015625,45068,45068,0.9220422819406231,6.3000001907348597,"Low Outlier",100,"","",45068,45068,"Y","",13.199999809265099,284857.3125,6.3206113539540247,1430.72985839844,null,"Office",45068,"",null,""]
[23918,"NonResidential","3320000775","TUOPT","Office","OFFICE/WAREHOUSE","CJ and J Pacific","1600 S LANE ST, SEATTLE, WA 98144",389349.6875,26899,28296,14.474504163723559,49.400001525878899,"Medium Low",80,"","",28296,28296,"Y","",155.10000610351599,1328461.25,49.38701252834678,null,null,"Office",26899,"",null,""]
[23928,"NonResidential","3325049042","TUOPT","Office","PLANNED PARENTHOOD OF WESTERN WASHINGTON","Planned Parenthood Western","2001 E MADISON ST, SEATTLE, WA 98122",520124.40625,30500,31357,17.053259221311475,64.400001525878906,"Medium High",55,"","",31357,31357,"Y","",189.30000305175801,1965075.625,64.428709016393441,1904.10998535156,null,"Office",25500,"Medical Office",5000,"Parking",0]
[23930,"NonResidential","3573200520","TU2019","Distribution Center","ALASKAN COPPER & BRASS; YELLOW CAB","80","80 S HUDSON ST, SEATTLE, WA 98134",339383.5,160000,160000,2.121146875,7.1999998092651403,"Lowest Use",94,"","",160000,160000,"Y","",22.700000762939499,1157976.5,7.2373531250000003,null,null,"Distribution Center",160000,"",null,""]
[23934,"NonResidential","3573200845","TU2021","Non-Refrigerated Warehouse","Prologis Park Seattle 2","Prologis Park Seattle 2","54 S DAWSON ST, SEATTLE, WA 98134",439340.1875,53550,53550,8.2042985527544356,85.699996948242202,"Highest Use",11,"","",53550,53550,"Y","",148.5,4590246.5,85.718888888888884,30912.1796875,null,"Non-Refrigerated Warehouse",53550,"",null,""]
[23935,"NonResidential","3573200895","TUOPT","Non-Refrigerated Warehouse","MESSENGER CORP","Messenger Corp","37 S HUDSON ST, SEATTLE, WA 98134",123474.203125,40000,38412,3.0868550781250002,40.700000762939503,"Medium High",62,"","",36900,38412,"Y","",64.800003051757798,1628540,40.713500000000003,12072.4599609375,null,"Non-Refrigerated Warehouse",32000,"Office",8000,""]
[23936,"NonResidential","3573200920","TUOPT","Self-Storage Facility","OLD LIQUID CARBONIC CO","OLD LIQUID CARBONIC CO","5021 COLORADO AVE S, SEATTLE, WA 98134",159855.296875,25881,25881,6.1765502443877747,21.100000381469702,"Medium High",null,"","",25881,25881,"Y","",66.199996948242202,545426.375,21.074393377381089,null,null,"Self-Storage Facility",25881,"",null,""]
[23951,"NonResidential","5084400100","TUOPT","Office","ARONSON-CAMPBELL SUPPLY","LONG Building Technologies","5300 DENVER AVE S, SEATTLE, WA 98108",96567.1015625,24023,24291,4.0197769455313654,27.299999237060501,"Lowest Use",98,"","",24291,24291,"Y","",57.299999237060497,655422.375,27.283119302335262,3259.35595703125,null,"Office",24023,"",null,""]
[23952,"NonResidential","5084400170","TUOPT","Non-Refrigerated Warehouse","NWCP BLDG D","NWCP-SEA Bldg D","600 S BRANDON ST, SEATTLE, WA 98108",372171.09375,36544,36544,10.184191488342819,34.700000762939503,"Medium High",5,"","",36544,36544,"Y","",109.09999847412099,1269847.75,34.748460759632223,null,null,"Non-Refrigerated Warehouse",36544,"",null,""]
[23956,"NonResidential","5100400125","TUOPT","K-12 School","ST CATHERINE SCHOOL","St. Catherine School","800 NE 85TH ST, SEATTLE, WA 98115",147866.203125,23923,23923,{"$f":"I1090/J1090","v":6.1809222557789578},33.700000762939503,"Lowest Use",69,"","",14520,23923,"Y","",79.400001525878906,805643.5,{"$f":"W1090/J1090","v":33.676524683359112},3011.23999023438,null,"K-12 School",23923,"",null,""]
[23958,"NonResidential","7666202915","TUOPT","Non-Refrigerated Warehouse","DEWALT FACTORY SERVICE","2100 Airport Way LLC","2100 AIRPORT WAY S, SEATTLE, WA 98134",122128.703125,20796,20796,5.8727016313233316,63.700000762939503,"Highest Use",null,"","",19096,20796,"Y","",108.699996948242,1324092.125,63.67051957107136,9073.890625,null,"Non-Refrigerated Warehouse",20796,"",null,""]
[23960,"NonResidential","7666202945","TUOPT","Distribution Center","HONOLULU FREIGHT SERVICE","Terminal Leasing","2326 AIRPORT WAY S, SEATTLE, WA 98134",114315.296875,21349,21349,5.3545972586538015,30.899999618530298,"Medium High",70,"","",21349,21349,"Y","",70.599998474121094,659761.875,30.903643027776475,2697.17993164063,null,"Distribution Center",13000,"Office",8349,""]
[23963,"NonResidential","7666202991","TUOPT","Non-Refrigerated Warehouse","WAREHOUSE","Bayview Building","923 S BAYVIEW ST, SEATTLE, WA 98134",122182.203125,38500,38630,3.1735637175324674,10.800000190734901,"Lowest Use",33,"","",38630,38630,"Y","",34,416885.59375,10.82819724025974,null,null,"Non-Refrigerated Warehouse",38500,"",null,""]
[23964,"NonResidential","7666203000","TUOPT","Non-Refrigerated Warehouse","PHELPS TIRE CO","Phelps Tire Co","2520 AIRPORT WAY S, SEATTLE, WA 98134",88948,20724,20724,4.2920285659139159,88.400001525878906,"Highest Use",null,"","",20724,20724,"Y","",123.40000152587901,1832031.5,88.4014427716657,15285.4091796875,null,"Non-Refrigerated Warehouse",19224,"Office",1500,""]
[23969,"NonResidential","7666203135","TUOPT","Other","MACDONALD MEAT CO","MacDonald Meat Company, LLC","2709 AIRPORT WAY S, SEATTLE, WA 98134",1391384,24109,24109,57.712223650918745,196.89999389648401,"Highest Use",null,"","",20135,24109,"Y","",618.29998779296898,4747403.5,196.91416068688042,null,null,"Manufacturing/Industrial Plant",24109,"Parking",0,""]
[23971,"NonResidential","7666203180","TUOPT","Refrigerated Warehouse","Charlie's Produce & Catering","Airport Way","2415 AIRPORT WAY S, SEATTLE, WA 98134",1192644,25685,25375,46.433482577379792,158.39999389648401,"Highest Use",null,"","",23931,25375,"Y","",497.5,4069301.5,158.43104925053532,null,null,"Refrigerated Warehouse",23419,"Office",2266,""]
[23975,"Nonresidential COS","7666203240","TUOPT","Non-Refrigerated Warehouse","Airport Way Ctr - Bldg D","Airport Way Ctr - Bldg D","2203 AIRPORT WAY S, SEATTLE, WA 98134",121234,22803,22803,5.3165811516028594,33.5,"Medium High",78,"","",22803,22803,"Y","",73.099998474121094,764094.5,33.508507652501862,3504.44018554688,null,"Non-Refrigerated Warehouse",19373,"Other",3430,""]
[23976,"Nonresidential COS","7666203240","TUOPT","Mixed Use Property","Airport Way Ctr - Bldg E","Airport Way Ctr - Bldg E","2203 AIRPORT WAY S, SEATTLE, WA 98134",460915.6875,23100,23100,19.953060064935066,187.19999694824199,"Highest Use",null,"","",23100,23100,"Y","",338.79998779296898,4323672,187.17194805194805,27510.27734375,null,"Office",11550,"Other - Public Services",11550,""]
[23977,"NonResidential","7666203245","TUOPT","Refrigerated Warehouse","PACIFIC FOOD IMPORTERS","Pacific Food Importers","2323 AIRPORT WAY S, SEATTLE, WA 98134",188348.5,41550,41550,4.5330565583634179,15.5,"Lowest Use",94,"","",36150,41550,"Y","",48.599998474121101,642645.1875,15.466791516245488,null,null,"Refrigerated Warehouse",41550,"",null,""]
[24009,"NonResidential","7883608717","TU2021","Other","SEA-MAR COMMUNITY CARE CENTER (NURSING HOME)","Care Center","1040 S HENDERSON ST, SEATTLE, WA 98108",825436,54170,null,15.237880745800258,107.199996948242,"Medium High",null,"","",54170,null,"Y","",221.19999694824199,5804784.5,107.15865792874284,29883.96875,null,"Other",54170,"",null,""]
[24012,"SPS-District K-12","7885100255","TU2021","K-12 School","CONCORD ELEMENTARY SCHOOL (SPS-DISTRICT)","Concord International Elementary","723 S CONCORD ST, SEATTLE, WA 98108",496027.1875,64493,64493,7.6911786938117315,34.700000762939503,"Lowest Use",81,null,null,64493,64493,"Y","",91.300003051757798,2240178,34.735211573349048,5477.33349609375,null,"K-12 School",64493,"",null,""]
[24018,"NonResidential","3330501325","TUOPT","K-12 School","ST EDWARDS SCHOOL","St. Edward School","4213 S ORCAS ST, SEATTLE, WA 98118",93303.203125,42252,42252,2.2082553044826279,52.200000762939503,"Highest Use",49,"","",20724,42252,"Y","",70.5,2203758.5,52.157495503171447,18854.078125,null,"K-12 School",42252,"",null,""]
[24026,"NonResidential","3333001690","TUOPT","Self-Storage Facility","U-HAUL","U-Haul Moving & Storage of SE Seattle","6401 MARTIN LUTHER KING JR WAY S, SEATTLE, WA 98118",203280.203125,23250,23100,8.7432345430107521,37.099998474121101,"Highest Use",null,"","",23100,23100,"Y","",101.40000152587901,863703,37.148516129032259,1701.11047363281,null,"Self-Storage Facility",23250,"",null,""]
[24029,"NonResidential","3333002620","TUOPT","Worship Facility","GRACE APOSTOLIC CHURCH","GRACE APOSTOLIC CHURCH","6718 MARTIN LUTHER KING JR WAY S, SEATTLE, WA 98118",66526.3984375,22895,22895,2.9057173373007208,19.200000762939499,"Lowest Use",96,"","",22895,22895,"Y","",40.900001525878899,440419.1875,19.23647903472374,2134.31030273438,null,"Worship Facility",22895,"Parking",0,""]
[24030,"NonResidential","3333002890","TUOPT","Retail Store","KING PLAZA II","King Plaza 6951","6951 MARTIN LUTHER KING JR WAY S, SEATTLE, WA 98118",371472.1875,35000,36740,10.613491071428571,36.200000762939503,"Lowest Use",100,"","",36740,36740,"Y","",113.699996948242,1267463.125,36.213232142857144,null,null,"Retail Store",30000,"Supermarket/Grocery Store",5000,"Parking",4000]
[24035,"SPS-District K-12","3352401300","TUOPT","K-12 School","RAINIER VIEW ELEMENTARY SCHOOL (SPS-DISTRICT)","Rainier View Elementary","11236 BEACON AVE S, SEATTLE, WA 98178",198770.09375,41428,41428,4.7979649934826689,33.099998474121101,"Lowest Use",90,null,null,41428,41428,"Y","",68.900001525878906,1370176.75,33.073688085352899,6919.7333984375,null,"K-12 School",41428,"",null,""]
[24070,"NonResidential","5101402206","TUOPT","Self-Storage Facility","MINI WAREHOUSE/WAREHOUSE","Metro Self Storage","8908 LAKE CITY WAY NE, SEATTLE, WA 98115",191342.40625,48179,41047,3.9714897828929616,16.5,"Medium Low",null,"","",41047,41047,"Y","",45.700000762939503,797170.3125,16.546012007306089,1443.09997558594,null,"Self-Storage Facility",48179,"",null,""]
[24083,"NonResidential","7666203360","TU2021","Non-Refrigerated Warehouse","HARDWOOD DISTRIBUTORS","1024-1048 6th Ave S","1036 6TH AVE S, SEATTLE, WA 98134",158390.703125,52325,52325,3.0270559603440037,15.5,"Medium Low",67,"","",52325,52325,"Y","",37.799999237060497,808968.1875,15.460452699474439,2685.38989257813,null,"Non-Refrigerated Warehouse",52325,"",null,""]
[24085,"NonResidential","7666203380","TUOPT","Other","ROMAINE ELECTRIC CO","Performance Radiator","1101 AIRPORT WAY S, SEATTLE, WA 98134",29681.599609375,20600,20600,1.4408543499696602,13.1000003814697,"Lowest Use",null,"","",20600,20600,"Y","",24.100000381469702,270838.5,13.147500000000001,1695.64990234375,null,"Repair Services (Vehicle, Shoe, Locksmith, etc)",20600,"",null,""]
[24086,"Campus","7666203387","TU2019","Other","KING COUNTY METRO TRANSIT ATLANTIC-CENTRAL BASE-CAMPUS","(ID#24086)Campus1:KC Metro Transit Atlantic Central Bases","1333 AIRPORT WAY S, SEATTLE, WA 98134",4519277,230970,180796,19.566510802268692,null,"",null,"","",180796,180796,"N","",null,null,0,null,null,"Other",230970,"Parking",0,""]
[24089,"NonResidential","7666203450","TUOPT","Retail Store","646 S HOLGATE ST","646 S HOLGATE ST","646 S HOLGATE ST, SEATTLE, WA 98134",47760.80078125,25880,25880,1.8454714366789027,6.3000001907348597,"Low Outlier",100,"","",23900,25880,"Y","",19.799999237060501,162960,6.2967542503863987,null,null,"Retail Store",25880,"",null,""]
[24091,"NonResidential","7666203485","TUOPT","Non-Refrigerated Warehouse","TOTAL RECLAIM INC","Total Reclaim, Inc","2200 6TH AVE S, SEATTLE, WA 98134",196713.796875,72000,45842,2.7321360677083333,11.3999996185303,"Lowest Use",99,"","",45590,45842,"Y","",31.399999618530298,819354.625,11.379925347222223,1481.669921875,null,"Non-Refrigerated Warehouse",49802,"Office",22198,""]
[24099,"NonResidential","7666203655","TUOPT","Other","THERMAL SUPPLY","Thermal Supply","717 S LANDER ST, SEATTLE, WA 98134",187982.90625,31365,31365,5.9933972979435675,20.799999237060501,"Lowest Use",null,"","",26551,31365,"Y","",64.599998474121094,652991.6875,20.819119639725809,115.939987182617,null,"Other",31365,"",null,""]
[24100,"NonResidential","7666203660","TUOPT","Other","CANAL BOILER WORKS","Canal Boiler Works","2702 6TH AVE S, SEATTLE, WA 98134",92034.203125,32100,32100,2.8671091316199377,23.600000381469702,"Lowest Use",null,"","",null,32100,"Y","",45.200000762939503,758008.875,23.613983644859815,4439.88037109375,null,"Other",32100,"",null,""]
[24102,"NonResidential","7666203664","TUOPT","Non-Refrigerated Warehouse","INGERSOLL - RAND 1","Ingersoll Rand Building","2724 6TH AVE S, SEATTLE, WA 98134",134489.09375,20520,20520,6.5540494030214429,56.900001525878899,"Highest Use",20,"","",16320,20520,"Y","",106.5,1167887.75,56.914607699805067,7090.1103515625,null,"Non-Refrigerated Warehouse",15400,"Office",5120,""]
[24104,"NonResidential","7666203675","TUOPT","Non-Refrigerated Warehouse","NW WIRE WORKS","CF Resource","2752 6TH AVE S, SEATTLE, WA 98134",145217.203125,22972,22972,6.3214871637210521,21.600000381469702,"Medium Low",12,"","",21172,22972,"Y","",67.699996948242202,495481,21.568909977363749,null,null,"Non-Refrigerated Warehouse",22972,"",null,""]
[24105,"NonResidential","7666203710","TUOPT","Non-Refrigerated Warehouse","625 BUILDING","625 Building","625 S LANDER ST, SEATTLE, WA 98134",121398.8984375,32377,24990,3.7495412928158878,16.200000762939499,"Medium Low",80,"","",21495,24990,"Y","",43.700000762939503,523614.09375,16.17240923340643,1094.01171875,null,"Non-Refrigerated Warehouse",25649,"Office",6728,""]
[24106,"NonResidential","7666203730","TUOPT","Retail Store","BRU-PREP","BRU-PEP 2922-2930","2922 6TH AVE S, SEATTLE, WA 98134",184901.296875,27600,24000,6.6993223505434782,47.799999237060497,"Medium Low",null,"","",24000,24000,"Y","",98,1318947.25,47.787943840579707,6880.64013671875,null,"Retail Store",22740,"Office",4860,""]
[24108,"NonResidential","7886100060","TU2019","Non-Refrigerated Warehouse","SPEAR BUILDING","Spear Building","4005 6TH AVE S, SEATTLE, WA 98108",614081.625,100386,100386,6.1172038431653819,36.099998474121101,"Medium High",null,"","",32672,100386,"Y","",81.599998474121094,3626431.5,36.124872990257607,15311.8515625,null,"Non-Refrigerated Warehouse",50628,"Other - Services",49758,""]
[24112,"NonResidential","7886100185","TUOPT","Distribution Center","FLEET PRIDE","FleetPride","600 S DAKOTA ST, SEATTLE, WA 98108",138417.296875,24354,24354,5.6835549345076783,30.200000762939499,"Medium High",10,"","",21302,24354,"Y","",72.300003051757798,735907.8125,30.217122957214421,2636.2802734375,null,"Distribution Center",18470,"Office",5884,""]
[24115,"NonResidential","7886100365","TUOPT","Distribution Center","STUSSER ELECTRIC CO","Stusser Electric","660 S ANDOVER ST, SEATTLE, WA 98108",188392.203125,33600,33600,5.6069108072916665,25.200000762939499,"Medium Low",58,"","",28800,33600,"Y","",66.5,847419.375,25.220814732142856,2046.25,null,"Distribution Center",24000,"Office",9600,""]
[24117,"NonResidential","7886100450","TUOPT","Other","SAFELITE AUTO GLASS","IMAGINE VISUAL SERVICE (ID24117)","665 S DAKOTA ST, SEATTLE, WA 98108",246130.296875,20819,20819,11.82238805298045,81.400001525878906,"Medium High",null,"","",20819,20819,"Y","",169.80000305175801,1694930.375,81.412669916902829,8551.3369140625,null,"Manufacturing/Industrial Plant",20819,"",null,""]
[24118,"NonResidential","7886100475","TUOPT","Non-Refrigerated Warehouse","Industrial Way Building","(ID24118) Industrial Way Building","650 S INDUSTRIAL WAY, SEATTLE, WA 98108",228213.59375,23296,23296,9.7962565998454672,61.400001525878899,"Highest Use",null,"","",23296,23296,"Y","",134.30000305175801,1429855.75,61.377736521291212,6511.90966796875,null,"Non-Refrigerated Warehouse",19471,"Office",3825,""]
[24123,"NonResidential","7886100730","TUOPT","Mixed Use Property","PARTS & SERVICE - PETERBILT","Parts and Service building","3707 AIRPORT WAY S, SEATTLE, WA 98134",336365.40625,34232,35222,9.8260518301589155,51.400001525878899,"Medium Low",null,"","",34232,35222,"Y","",124,1758134.625,51.359389606216403,6104.56005859375,null,"Non-Refrigerated Warehouse",15000,"Repair Services (Vehicle, Shoe, Locksmith, etc)",15000,"Retail Store",4232]
[24132,"NonResidential","7886101280","TUOPT","Refrigerated Warehouse","820 SOUTH ADAMS BUILDING","820 South Adams Building: 820 South Adams Street","820 S ADAMS ST, SEATTLE, WA 98108",168624.40625,25200,25520,6.6914446924603173,63.900001525878899,"Medium High",100,"","",25520,25520,"Y","",114.800003051758,1610794.75,63.920426587301584,10354.4833984375,null,"Refrigerated Warehouse",25200,"",null,""]
[24164,"SPS-District K-12","3438502560","TUOPT","K-12 School","SANISLO ELEMENTARY SCHOOL (SPS-DISTRICT)","Sanislo Elementary","1812 SW MYRTLE ST, SEATTLE, WA 98106",257063.59375,41526,41526,6.1904251252227516,43.099998474121101,"Medium High",79,null,null,41526,41526,"Y","",89.400001525878906,1789911,43.10338101430429,9128.099609375,null,"K-12 School",41526,"",null,""]
[24170,"NonResidential","5101405280","TUOPT","Office","Willow Creek (Buildings 1 & 2)","Willow Creek (Buildings 1 & 2)","9700 LAKE CITY WAY NE, SEATTLE, WA 98115",269762.8125,24291,24291,11.105463443250587,37.900001525878899,"Lowest Use",87,"","",24291,24291,"Y","",119,920430.625,37.891837511835661,null,null,"Office",24291,"",null,""]
[24172,"NonResidential","5101405300","TUOPT","Retail Store","LES SCHWAB TIRES","Les Schwab Tire Center #396","9801 LAKE CITY WAY NE, SEATTLE, WA 98115",154382.40625,20738,20738,7.4444211712797763,25.399999618530298,"Lowest Use",44,"","",20018,20738,"Y","",79.800003051757798,526752.8125,25.400367079756968,null,null,"Retail Store",20738,"",null,""]
[24178,"NonResidential","5101405881","TUOPT","Mixed Use Property","LOFT WORKSHOPS","Workshops Seattle Lake City Way","10015 LAKE CITY WAY NE, SEATTLE, WA 98125",269562.1875,23458,30948,11.491268970074175,39.200000762939503,"Medium Low",null,"","",30423,30948,"Y","",123.09999847412099,919746.3125,39.208215214425785,null,null,"Office",11729,"Other",11729,""]
[24180,"NonResidential","5101408393","TUOPT","Medical Office","PACIFIC MEDICAL CENTER","Pac Med Northgate","10416 5TH AVE NE, SEATTLE, WA 98125",777935.5,20575,21329,37.809744835965979,129,"Highest Use",1,"","",21329,21329,"Y","",405.10000610351602,2654316,129.00685297691373,null,null,"Medical Office",20575,"",null,""]
[24202,"NonResidential","7666203810","TUOPT","Non-Refrigerated Warehouse","WAREHOUSE","Warehouse","3440 6TH AVE S, SEATTLE, WA 98134",173533.296875,20050,21755,8.655027275561098,42.099998474121101,"Medium High",null,"","",20005,21755,"Y","",105.90000152587901,844076.8125,42.098594139650871,2519.81030273438,null,"Non-Refrigerated Warehouse",17650,"Office",2400,""]
[24205,"NonResidential","7666203827","TUOPT","Other","640 S SPOKANE ST BLDG","640 S Spokane","640 S SPOKANE ST, SEATTLE, WA 98134",1796536,27933,27933,64.315898757741735,219.39999389648401,"Highest Use",null,"","",27933,27933,"Y","",689.09997558593795,6129780,219.44581677585651,null,null,"Other",27933,"",null,""]
[24209,"NonResidential","7666203920","TUOPT","Office","ED WYSE BLDG","Ed Wyse Building","3701 7TH AVE S, SEATTLE, WA 98134",137694.203125,23143,23143,5.949712791124746,49.299999237060497,"Medium Low",75,"","",null,23143,"Y","",94.099998474121094,1139980.625,49.258118005444409,6701.6796875,null,"Office",15609,"Non-Refrigerated Warehouse",7534,""]
[24216,"NonResidential","7666204110","TUOPT","Office","CLEAR CHANNEL","Lamar Advertising Company","3601 6TH AVE S, SEATTLE, WA 98134",230523.59375,36150,28800,6.3768628976486861,null,"",null,"","",17632,28800,"N","",null,null,0,null,null,"Office",28800,"Non-Refrigerated Warehouse",7350,""]
[24218,"NonResidential","7666204125","TUOPT","Non-Refrigerated Warehouse","COMMERCIAL PLASTICS","Dutch Boy Building","3414 4TH AVE S, SEATTLE, WA 98134",118713.5,39600,39600,2.9978156565656566,10.199999809265099,"Lowest Use",85,"","",39600,39600,"Y","",32.099998474121101,405050.40625,10.228545612373738,null,null,"Non-Refrigerated Warehouse",39600,"",null,""]
[24219,"NonResidential","7666204130","TUOPT","Non-Refrigerated Warehouse","SB WAREHOUSE","SB Warehouse","3434 4TH AVE S, SEATTLE, WA 98134",99262.296875,39600,39600,2.506623658459596,11.800000190734901,"Lowest Use",91,"","",39600,39600,"Y","",30.299999237060501,468396.90625,11.828204703282829,1297.13977050781,null,"Non-Refrigerated Warehouse",39600,"",null,""]
[24225,"NonResidential","7666204180","TUOPT","Distribution Center","2900 (RIVER WEST)","2900","2900 4TH AVE S, SEATTLE, WA 98134",269114.59375,41430,41248,6.4956455165339122,26.799999237060501,"Medium Low",37,"","",41248,41248,"Y","",74.400001525878906,1108310.875,26.751409003137823,1900.92016601563,null,"Distribution Center",41430,"",null,""]
[24227,"NonResidential","7666204200","TUOPT","Other","OLD PACIFIC INDUSTRIAL SUPPLY","2960 4th Ave S (Old Pacific Industrial Supply)","2960 4TH AVE S, SEATTLE, WA 98134",235695.703125,36400,36400,6.4751566792582418,43.099998474121101,"Medium Low",null,"","",36400,36400,"Y","",91.400001525878906,1567746.75,43.06996565934066,7635.52978515625,null,"Other",21400,"Retail Store",15000,""]
[24240,"NonResidential","7904700100","TUOPT","Other","CENTURYLINK: WEST CO","WEST","4415 CALIFORNIA AVE SW, SEATTLE, WA 98116",1047283,31332,31332,33.425347887144135,114,"Medium High",null,"","",null,31332,"Y","",358.10000610351602,3573328.25,114.04724403166092,null,null,"Other",31332,"",null,""]
[24244,"NonResidential","7905200005","TUOPT","Worship Facility","WESTSIDE PRESBYTERIAN CHURCH","West Side Presbyterian Church","3601 CALIFORNIA AVE SW, SEATTLE, WA 98116",137113.90625,35864,35864,3.8231626770577738,34.200000762939503,"Medium Low",75,"","",35864,35864,"Y","",63.200000762939503,1228113.5,34.24362870845416,7602.81005859375,null,"Worship Facility",35864,"",null,""]
[24250,"NonResidential","7925100200","TUOPT","Worship Facility","ST GEORGE PARISH","St. George Parish","5306 13TH AVE S, SEATTLE, WA 98108",33717.3984375,20484,20484,1.6460358542032807,40.200000762939503,"Medium High",69,"","",20484,20484,"Y","",53.900001525878899,822636.625,40.15996021284905,7075.9296875,null,"Worship Facility",20484,"",null,""]
[24252,"NonResidential","7933000005","TUOPT","Medical Office","SPRINGBROOK BLDG","Springbrook Building","4540 SAND POINT WAY NE, SEATTLE, WA 98105",542008,21743,27642,24.927930828312562,85.099998474121094,"Medium High",4,"","",27642,27642,"Y","",267.10000610351602,1849331.25,85.054097870579042,null,null,"Medical Office",21743,"",null,""]
[24253,"NonResidential","7933000005","TUOPT","Medical Office","SPRINGBROOK BLDG LLC 4540","Springbrook Building LLC 4540","4500 SAND POINT WAY NE, SEATTLE, WA 98105",827695.375,27642,22356,29.943396823674121,102.199996948242,"Medium High",null,"","",22356,22356,"Y","",320.79998779296898,2824096.75,102.16687468345272,null,null,"Medical Office",27642,"",null,""]
[24259,"NonResidential","7942600675","TUOPT","Other","SEATTLE MEDICAL POST ACUTE CARE","Seattle Medical Post Acute Care","555 16TH AVE, SEATTLE, WA 98122",844015.1875,45082,null,18.72177781597977,94.5,"Medium High",null,"","",45082,null,"Y","",232.80000305175801,4262316.5,94.545860875737546,13825.3701171875,null,"Other/Specialty Hospital",45082,"",null,""]
[24270,"NonResidential","3362900895","TUOPT","Worship Facility","PHINNEY RIDGE LUTHERAN CHURCH","Phinney Ridge Lutheran Church","7502 GREENWOOD AVE N, SEATTLE, WA 98103",206352.703125,41600,41600,4.9604015174278846,28.700000762939499,"Medium Low",58,"","",41600,41600,"Y","",65.5,1195165.25,28.729933894230768,4910.900390625,null,"Worship Facility",41600,"",null,""]
[24274,"NonResidential","3383900065","TUOPT","Office","THE HART FORD","Bonneville International","1820 EASTLAKE AVE E, SEATTLE, WA 98102",751461.1875,34110,34110,22.030524406332454,75.199996948242202,"Highest Use",31,"","",34110,34110,"Y","",236,2563985.5,75.168147170917621,null,null,"Office",34110,"",null,""]
[24332,"NonResidential","7666204280","TUOPT","Non-Refrigerated Warehouse","SEATTLE CONSERVATION CORP/CLARK","4th&Forest","422 S FOREST ST, SEATTLE, WA 98134",153274.40625,20900,23750,7.3337036483253586,25,"Medium Low",null,"","",20900,23750,"Y","",78.599998474121094,522972.1875,25.022592703349282,null,null,"Non-Refrigerated Warehouse",19430,"Office",1470,""]
[24333,"NonResidential","7666204300","TUOPT","Non-Refrigerated Warehouse","PLATT ELECTRIC SUPPLY","South Seattle Building","2757 6TH AVE S, SEATTLE, WA 98134",156431.09375,43390,43390,3.605233780825075,12.300000190734901,"Lowest Use",87,"","",43390,43390,"Y","",38.599998474121101,533742.8125,12.301055830836598,null,null,"Non-Refrigerated Warehouse",36430,"Office",6960,""]
[24344,"NonResidential","7666204449","TUOPT","Non-Refrigerated Warehouse","2233 6TH AVE S BLDG","WES 2233 LLC","2233 6TH AVE S, SEATTLE, WA 98134",82651.203125,35400,35400,2.3347797492937854,11.8999996185303,"Lowest Use",84,"","",35400,35400,"Y","",29.100000381469702,419978.6875,11.863804731638417,1379.72973632813,null,"Non-Refrigerated Warehouse",35400,"",null,""]
[24348,"NonResidential","7666204465","TUOPT","Distribution Center","STONEWAY ELECTRIC SUPPLY","Stoneway","1924 4TH AVE S, SEATTLE, WA 98134",237500,28288,28144,8.3957861990950224,30.399999618530298,"Medium High",19,"","",28144,28144,"Y","",91.699996948242202,858701,30.355663178733032,483.50997924804699,null,"Distribution Center",22201,"Office",6087,""]
[24351,"NonResidential","7666204480","TU2020","Non-Refrigerated Warehouse","PACIFIC COAST FEATHER CORP OFFICE & WAREHOUSE","Pacific Coast Feather Corporate Office and Warehouse","1964 4TH AVE S, SEATTLE, WA 98134",566226.3125,71283,71283,7.9433569364364578,34.900001525878899,"Medium High",41,"","",0,71283,"Y","",93.300003051757798,2491238.25,34.948560666638606,5592.740234375,null,"Non-Refrigerated Warehouse",57910,"Office",13373,""]
[24354,"NonResidential","7666204565","TUOPT","Non-Refrigerated Warehouse","CASH & CARRY GROCERS","1760 4th Avenue South","1760 4TH AVE S, SEATTLE, WA 98134",835903.5,23792,23792,35.133805480833892,119.90000152587901,"Highest Use",null,"","",23792,23792,"Y","",376.39999389648398,2852102.75,119.87654463685273,null,null,"Non-Refrigerated Warehouse",22992,"Office",800,""]
[24356,"NonResidential","7666204625","TUOPT","Office","WA STATE DEPT OF CORRECTIONS","1550 4th Ave S","1550 4TH AVE S, SEATTLE, WA 98134",305584,47368,47368,6.4512751224455327,22,"Lowest Use",99,"","",47368,47368,"Y","",69.099998474121094,1042652.625,22.011751076676237,null,null,"Office",47368,"Parking",0,""]
[24358,"NonResidential","7666204640","TUOPT","Mixed Use Property","PCF1XX/RE-PC/BRINKS","R&K Foods/RE-PC/Brinks","1563 6TH AVE S, SEATTLE, WA 98134",460463.8125,46183,46183,{"$f":"I1154/J1154","v":9.9704179568239404},40.900001525878899,"Medium Low",null,"","",46183,46183,"Y","",114.09999847412099,1890502.5,{"$f":"W1154/J1154","v":40.935030205919929},3194,null,"Non-Refrigerated Warehouse",18871,"Food Service",14000,"Retail Store",13312]
[24359,"NonResidential","7942600940","TUOPT","Office","JEFFERSON BUILDING","Jefferson Building","1401 E JEFFERSON ST, SEATTLE, WA 98122",611376.5,49825,49825,12.270476668339187,52.200000762939503,"Medium Low",84,"","",49825,49825,"Y","",142.30000305175801,2602213.75,52.227069744104362,5161.9697265625,null,"Office",49825,"Parking",22788,""]
[24374,"NonResidential","7950301480","TUOPT","Retail Store","RAINIER MALL (INDOOR)","Jumbo chinese restaurant","4208 RAINIER AVE S, SEATTLE, WA 98118",190315.09375,36071,36071,5.2761246915804945,42.099998474121101,"Medium Low",97,"","",32649,36071,"Y","",81.900001525878906,1519952.125,42.137787280640957,8705.9697265625,null,"Retail Store",36071,"",null,""]
[24375,"SPS-District K-12","7950302375","TU2021","K-12 School","HAWTHORNE ELEMENTARY SCHOOL (SPS-DISTRICT)","Hawthorne Elementary","4100 39TH AVE S, SEATTLE, WA 98118",362951.6875,51672,51672,7.0241462978015177,32.099998474121101,"Lowest Use",96,null,null,51672,51672,"Y","2016",83.800003051757798,1658184.375,32.090578553181608,4197.93310546875,null,"K-12 School",51672,"",null,""]
[24376,"Nonresidential COS","7950303700","TUOPT","Medical Office","SE Seattle Community Health Center","SE Seattle Community Health Center","4400 37TH AVE S, SEATTLE, WA 98118",618072,27492,27270,22.481885639458753,76.699996948242202,"Medium Low",36,"","",27270,27270,"Y","",240.89999389648401,2108861.75,76.708196930016001,null,null,"Medical Office",19987,"Office",7505,""]
[24381,"Nonresidential COS","7950304230","TUOPT","Mixed Use Property","COMMUNITY CENTER","Rainier Community Center","4630 38TH AVE S, SEATTLE, WA 98118",356185.40625,28384,28425,12.548809408469561,75.199996948242202,"Medium High",null,"","",28425,28425,"Y","",168.39999389648401,2133797.75,75.176076310597523,9184.9306640625,null,"Fitness Center/Health Club/Gym",14081,"Other - Recreation",12824,"Office",1479]
[24406,"NonResidential","3448001720","TUOPT","Other","SEATTLE MINI COOPER CAR DEALERSHIP","Mini Cooper Car Dealership (ID24406)","11550 LAKE CITY WAY NE, SEATTLE, WA 98125",445866.6875,35115,35115,12.697328420902748,54.799999237060497,"Medium Low",null,"","",35115,35115,"Y","",148,1922953.25,54.761590488395271,4016.56005859375,null,"Automobile Dealership",35115,"",null,""]
[24408,"SPS-District K-12","3126049064","TU2019","K-12 School","WILSON-PACIFIC (SPS-DISTRICT)","Wilson-Pacific Building - demolished","1330 N 90TH ST, SEATTLE, WA 98103",9,110830,110830,8.1205449787963554E-5,0,"Low Outlier",100,null,null,110830,110830,"N","",0,30.700000762939499,2.7700081893836955E-4,0,null,"K-12 School",110830,"",null,""]
[24415,"NonResidential","3126049156","TUOPT","Mixed Use Property","Aurora Improvements (COMBINED)","Aurora Improvements","9401 AURORA AVE N, SEATTLE, WA 98103",76995.6015625,66704,66704,1.1542876223689733,9,"Lowest Use",null,"","",0,66704,"Y","",17.700000762939499,600516.875,9.002711606500359,3378.07958984375,null,"Other - Education",23904,"Distribution Center",18500,"Non-Refrigerated Warehouse",18500]
[24418,"Nonresidential COS","3126049316","TUOPT","Non-Refrigerated Warehouse","SCL Technical Metering Operations","Technical Metering Operations","1133 N 100TH ST, SEATTLE, WA 98133",239048.40625,25658,25658,9.3167201749941544,41.5,"Medium High",null,"","",25658,25658,"Y","",110,1063960.125,41.466993725153948,2483.27001953125,null,"Non-Refrigerated Warehouse",18854,"Office",6804,""]
[24435,"NonResidential","6003500025","TUOPT","Office","10TH AVE BLDG","10th Ave.","1423 10TH AVE E, SEATTLE, WA 98102",238351.296875,36000,36000,6.6208693576388891,29.100000381469702,"Lowest Use",95,"","",36000,36000,"Y","",77.699996948242202,1046187.625,29.060767361111111,2329.330078125,null,"Office",27600,"Other",8400,""]
[24448,"NonResidential","6003500265","TUOPT","Mixed Use Property","ALFA ROMEO AUTO SHOWROOM","Automobili Italiane, Inc.","1401 12TH AVE, SEATTLE, WA 98122",223634.59375,18000,36000,12.424144097222221,64.599998474121094,"Medium High",59,"","",36000,36000,"Y","",156.39999389648401,1162163.125,64.564618055555556,3991.21997070313,null,"Parking",18000,"Retail Store",18000,""]
[24451,"NonResidential","6003500295","TUOPT","Non-Refrigerated Warehouse","LOFT BUILDING","LOFT BUILDING","1512 11TH AVE, SEATTLE, WA 98122",338685.6875,43200,43200,7.8399464699074075,44.700000762939503,"Medium High",38,"","",null,43200,"Y","",102.800003051758,1929851.5,44.672488425925927,7742.560546875,null,"Non-Refrigerated Warehouse",43200,"",null,""]
[24458,"NonResidential","7666204820","TUOPT","Office","OLD SQUIRE SHOP BLDG","Turner","830 4TH AVE S, SEATTLE, WA 98134",684993.5,42800,40970,16.004521028037384,68,"Medium High",71,"","",40610,40970,"Y","",185.60000610351599,2912454.75,68.048008177570097,5752.56982421875,null,"Office",42800,"Parking",10400,""]
[24461,"NonResidential","7666204995","TUOPT","Retail Store","OUTDOOR EMPORIUM","Outdoor Emporium","1701 4TH AVE S, SEATTLE, WA 98134",243576.703125,43794,43794,5.5618738440197291,26.600000381469702,"Lowest Use",88,"","",36138,43794,"Y","",67.599998474121094,1164537.75,26.591262501712563,3334.5400390625,null,"Retail Store",34038,"Office",9756,""]
[24472,"NonResidential","7666205550","TUOPT","Non-Refrigerated Warehouse","OLD PIPE BUILDING","Old Pipe Building","3223 3RD AVE S, SEATTLE, WA 98134",412415.1875,48280,48280,8.5421538421706718,56,"Highest Use",18,"","",44842,48280,"Y","",119.699996948242,2701833.75,55.961759527754765,12946.73046875,null,"Non-Refrigerated Warehouse",40780,"Office",7500,""]
[24473,"NonResidential","7666205580","TUOPT","Distribution Center","SEATTLE TEXTILE CO","Seattle Textile Company","3434 2ND AVE S, SEATTLE, WA 98134",73573,36040,36040,2.0414261931187569,10.1000003814697,"Lowest Use",null,"","",36040,36040,"Y","",25.200000762939499,363808.1875,10.094566800776915,1127.76989746094,null,"Distribution Center",31476,"Office",4564,""]
[24479,"NonResidential","7974200020","TUOPT","Supermarket/Grocery Store","SAFEWAY STORE # 423","Safeway 0423 - 35th Ave","7340 35TH AVE NE, SEATTLE, WA 98115",1585200,35042,32822,45.237143998630216,252.30000305175801,"Medium Low",42,"","",32822,32822,"Y","",587.5,8839812,252.26334113349694,34311.1015625,null,"Supermarket/Grocery Store",35042,"Parking",0,""]
[24482,"SPS-District K-12","7974200250","TU2021","K-12 School","VIEW RIDGE (SPS-DISTRICT)","View Ridge Elementary","7047 50TH AVE NE, SEATTLE, WA 98115",306067.3125,65210,64314,4.6935640622603891,45.400001525878899,"Medium High",85,null,null,64314,64314,"Y","",81.199996948242202,2962058.75,45.423382149976995,19177.568359375,null,"K-12 School",65210,"",null,""]
[24484,"NonResidential","7974200451","TUOPT","Worship Facility","MESSIAH LUTHERAN CHURCH","Messiah Lutheran Church","7050 35TH AVE NE, SEATTLE, WA 98115",56816.5,20385,20385,2.7871719401520725,39.700000762939503,"Medium High",65,"","",20379,20385,"Y","",61.599998474121101,809291.8125,39.7003587196468,6154.33984375,null,"Worship Facility",20385,"",null,""]
[24485,"NonResidential","7974200700","TUOPT","Worship Facility","SAND POINT COMMUNITY CHURCH","Sand Point Community Church","4710 NE 70TH ST, SEATTLE, WA 98115",63339.69921875,24295,24295,2.6071084263737396,8.8999996185302699,"Lowest Use",53,"","",13441,24295,"Y","",27.899999618530298,216115,8.8954517390409542,null,null,"Worship Facility",24295,"",null,""]
[24488,"NonResidential","7974700160","TUOPT","Office","HAWTHORNE HILLS PROF CENTER","Hawthorne Hills Professional Center","4026 NE 55TH ST, SEATTLE, WA 98105",182003,20317,20317,8.9581631146330665,30.600000381469702,"Lowest Use",83,"","",16177,20317,"Y","",96,620994.3125,30.565256312447705,null,null,"Office",20317,"",null,""]
[24493,"NonResidential","7974700270","TUOPT","Supermarket/Grocery Store","METROPOLITAN MARKET","Metropolitan Market","5250 40TH AVE NE, SEATTLE, WA 98105",1669869,24377,24377,68.501825491241746,404.10000610351602,"Highest Use",6,"","",24377,24377,"Y","",912.79998779296898,9851260,404.12109775608155,41536.66796875,null,"Supermarket/Grocery Store",24377,"",null,""]
[24513,"NonResidential","3126049388","TUOPT","Other","OAK TREE CINEMAS (OAK TREE PLAZA)","Oak Tree 6","10006 AURORA AVE N, SEATTLE, WA 98133",816720,33392,33392,24.458552946813608,83.5,"Medium High",null,"","",33392,33392,"Y","",262,2786648.75,83.452585948730231,null,null,"Movie Theater",33392,"",null,""]
[24531,"NonResidential","3224049007","TUOPT","Non-Refrigerated Warehouse","KENYON BUSINESS PARK","Kenyon Industrial Park Building D","121 S KENYON ST, SEATTLE, WA 98108",472220.1875,32040,32000,14.738457787141074,68.199996948242202,"Highest Use",3,"","",32000,32000,"Y","",176.69999694824199,2186148.5,68.231850811485643,5749.330078125,null,"Non-Refrigerated Warehouse",32040,"",null,""]
[24532,"NonResidential","3224049007","TUOPT","Non-Refrigerated Warehouse","KENYON BUSINESS PARK","Kenyon Industrial Park Building B","121 S KENYON ST, SEATTLE, WA 98108",336495.5,45449,44000,7.4038042641202226,94.699996948242202,"Highest Use",15,"","",44000,44000,"Y","",152.19999694824199,4302455.5,94.665570199564343,31543.328125,null,"Non-Refrigerated Warehouse",45449,"",null,""]
[24534,"NonResidential","3224049007","TUOPT","Non-Refrigerated Warehouse","KENYON BUSINESS PARK","Kenyon Business Park Building A","121 S KENYON ST, SEATTLE, WA 98108",144885,36000,36000,4.0245833333333332,77,"Highest Use",44,"","",36000,36000,"Y","",109.5,2771820.5,76.995013888888892,22774.728515625,null,"Non-Refrigerated Warehouse",36000,"",null,""]
[24536,"NonResidential","3224049012","TUOPT","Non-Refrigerated Warehouse","CLOVERDALE BUSINESS PARK","Cloverdale Business Park Building A","309 S CLOVERDALE ST, SEATTLE, WA 98108",183531.703125,31100,31360,5.9013409364951768,43.599998474121101,"Medium High",null,"","",31360,31360,"Y","",87.900001525878906,1356972.25,43.632548231511251,7307.61962890625,null,"Non-Refrigerated Warehouse",29640,"Retail Store",1460,""]
[24537,"NonResidential","3224049012","TUOPT","Non-Refrigerated Warehouse","CLOVERDALE BUSINESS PARK","Cloverdale Business Park Building B","309 S CLOVERDALE ST, SEATTLE, WA 98108",377852.59375,33400,33320,11.312951908682635,70,"Highest Use",null,"","",33320,33320,"Y","",154.19999694824199,2339234,70.036946107784431,10500.0107421875,null,"Non-Refrigerated Warehouse",32200,"Office",1200,""]
[24538,"NonResidential","3224049012","TUOPT","Non-Refrigerated Warehouse","CLOVERDALE BUSINESS PARK","Cloverdale Business Park Building C","309 S CLOVERDALE ST, SEATTLE, WA 98108",425119.6875,47800,48020,8.8937173117154806,49.700000762939503,"Highest Use",71,"","",48020,48020,"Y","",115.59999847412099,2373568.25,49.656239539748952,9230.599609375,null,"Non-Refrigerated Warehouse",47800,"",null,""]
[24539,"NonResidential","3224049012","TUOPT","Non-Refrigerated Warehouse","CLOVERDALE BUSINESS PARK","Cloverdale Business Park Building E","309 S CLOVERDALE ST, SEATTLE, WA 98108",148811,27850,27420,5.3433034111310596,42.200000762939503,"Medium High",55,"","",27420,27420,"Y","",82.5,1176342.25,42.238500897666071,6685.990234375,null,"Non-Refrigerated Warehouse",27850,"",null,""]
[24547,"NonResidential","6840700175","TUOPT","K-12 School","ISLAMIC SCHOOL OF SEATTLE","Islamic School of Seattle","720 25TH AVE, SEATTLE, WA 98122",47292.8984375,24152,24152,1.9581359074817821,6.6999998092651403,"Lowest Use",100,"","",24152,24152,"Y","",21,161363.40625,6.6811612392348456,null,null,"K-12 School",24152,"",null,""]
[24560,"NonResidential","6844701005","TUOPT","K-12 School","OUR LADY OF THE LAKE SCHOOL + GYM","Our Lady of the Lake School","3520 NE 90TH ST, SEATTLE, WA 98115",152074.90625,37000,43645,4.1101326013513511,55.5,"Highest Use",71,"","",28542,43645,"Y","",87.599998474121094,2053956.375,55.51233445945946,15350.7685546875,null,"K-12 School",37000,"",null,""]
[24563,"NonResidential","6844701790","TUOPT","Retail Store","Rite Aid STORE #5216_8500 35TH AVE NE","Store #5216_8500 35Th Avenue Ne","8500 35TH AVE NE, SEATTLE, WA 98115",335680,20360,26853,16.487229862475441,68.699996948242202,"Medium High",68,"","",20805,26853,"Y","",189.69999694824199,1399063.75,68.716294204322196,2537.23657226563,null,"Retail Store",20360,"",null,""]
[24579,"NonResidential","7666205935","TUOPT","Other","SODO PARK BUILDING","SODO Park Bldg","3200 1ST AVE S, SEATTLE, WA 98134",239294.09375,37715,27760,6.3447989858146627,66.5,"Medium Low",null,"","",27760,27760,"Y","",115,2506288.5,66.453360731804324,16898.169921875,null,"Other",19715,"Office",12000,"Retail Store",6000]
[24581,"NonResidential","7666205945","TUOPT","Other","SODO DELI / BODY ZONE","SODO","3228 1ST AVE S, SEATTLE, WA 98134",76167,20814,20975,3.6594119342750071,16.700000762939499,"Lowest Use",null,"","",14100,20975,"Y","",43.599998474121101,347437.6875,16.692499639665609,875.55993652343795,null,"Other - Entertainment/Public Assembly",13144,"Other",6600,"Fast Food Restaurant",1070]
[24585,"NonResidential","7666205975","TUOPT","Other","GORLICK'S DIST CTR","Gorlick's Distribution Center","2944 1ST AVE S, SEATTLE, WA 98134",430856.59375,26075,26075,16.523742809204219,61.700000762939503,"Medium Low",null,"","",23896,26075,"Y","",182.60000610351599,1608508.75,61.68777564717162,1384.25988769531,null,"Other",26075,"",null,""]
[24587,"NonResidential","7666205990","TUOPT","Non-Refrigerated Warehouse","LANDER STATION BUSINESS PARK","Lander Station Business Park","2730 OCCIDENTAL AVE S, SEATTLE, WA 98134",334685.6875,46296,29394,7.2292571172455506,32.099998474121101,"Medium High",60,"","",29394,29394,"Y","",85.300003051757798,1486681.75,32.112531320200446,3447.34008789063,null,"Non-Refrigerated Warehouse",29394,"Office",16902,""]
[24589,"NonResidential","7666206025","TUOPT","Non-Refrigerated Warehouse","A2ALLC (COLOR TILE)","A2A LLC","2710 1ST AVE S, SEATTLE, WA 98134",70653.6015625,20400,20400,3.4634118412990196,21.5,"Medium Low",69,"","",20400,20400,"Y","",47.299999237060497,438557,21.497892156862743,1974.86962890625,null,"Non-Refrigerated Warehouse",15000,"Office",5400,""]
[24591,"NonResidential","7666206040","TUOPT","Office","COLUMBIA PRINTING","2724 1st Avenue South","2724 1ST AVE S, SEATTLE, WA 98134",264813,20460,20460,12.942961876832845,44.200000762939503,"Medium Low",16,"","",9000,20460,"Y","",138.69999694824199,903541.875,44.161381964809387,null,null,"Office",20460,"",null,""]
[24593,"NonResidential","7666206065","TUOPT","Self-Storage Facility","E-Z MINI STORAGE","1st Ave Self Storage","2400 1ST AVE S, SEATTLE, WA 98134",61459.19921875,25821,25821,2.3802021307753378,8.1000003814697301,"Lowest Use",null,"","",25821,25821,"Y","",25.5,209698.703125,8.1212463934394492,0,null,"Self-Storage Facility",25821,"",null,""]
[24598,"NonResidential","7666206133","TUOPT","Refrigerated Warehouse","DISTRIBUTORS WAREHOUSING CO","bnr corporation","2250 OCCIDENTAL AVE S, SEATTLE, WA 98134",314874.09375,21870,21870,14.397535150891633,49.099998474121101,"Medium High",45,"","",21870,21870,"Y","",154.30000305175801,1074350.375,49.12438843164152,null,null,"Refrigerated Warehouse",21870,"",null,""]
[24599,"NonResidential","7666206136","TU2021","Non-Refrigerated Warehouse","SOUTH LANDER BUSINESS PARK","SOUTH LANDER BUSINESS PARK","2454 OCCIDENTAL AVE S, SEATTLE, WA 98134",766120.375,51664,51664,14.828901652988542,68.300003051757798,"Highest Use",null,"","",51664,51664,"Y","",177.39999389648401,3528086.75,68.289074597398582,9140.83984375,null,"Non-Refrigerated Warehouse",51664,"",null,""]
[24600,"NonResidential","7985400265","TUOPT","Medical Office","NAVOS PSYCHIATRIC HOSPITAL","Navos Psychiatric Hospital","2600 SW HOLDEN ST, SEATTLE, WA 98126",381727.3125,43615,43615,8.7522025106041497,71.900001525878906,"Medium Low",89,"","",43615,43615,"Y","",137.89999389648401,3133849.5,71.852562191906458,18313.9609375,null,"Medical Office",43615,"",null,""]
[24601,"NonResidential","7985400265","TUOPT","Office","Navos Office","Navos Erlick Perez","2600 SW HOLDEN ST, SEATTLE, WA 98126",335365.59375,16855,36879,19.897098412933847,67.900001525878906,"Medium High",26,"","",36879,36879,"Y","",213.19999694824199,1144267.5,67.888905369326608,null,null,"Office",16855,"",null,""]
[24602,"Nonresidential COS","7985400296","TUOPT","Other","SOUTHWEST PRECINCT (SEATTLE POLICE)","Southwest Precinct","2300 SW WEBSTER ST, SEATTLE, WA 98106",590200,28303,28531,20.852913118750664,123.5,"Highest Use",null,"","",28531,28531,"Y","",278.39999389648398,3494929.5,123.48265201568738,14811.669921875,null,"Other",28303,"Parking",1100,""]
[24603,"NonResidential","7985400475","TUOPT","Non-Refrigerated Warehouse","PUBLIC STORAGE","20731-West Seattle / Delridge Way SW","7133 DELRIDGE WAY SW, SEATTLE, WA 98106",90387,43556,36600,2.0751905592800073,7.0999999046325701,"Lowest Use",80,"","",36600,36600,"Y","",22.200000762939499,308400.40625,7.0805493215630451,null,null,"Non-Refrigerated Warehouse",43556,"",null,""]
[24604,"NonResidential","7987400060","TUOPT","Mixed Use Property","WEST SEATTLE VENTURE LLC","West Seattle Venture, LLC","3400 HARBOR AVE SW, SEATTLE, WA 98126",296590.09375,28904,35176,10.261212764669249,35,"Lowest Use",null,"","",34376,35176,"Y","",109.90000152587901,1011965.375,35.011257092443955,null,null,"Office",14452,"Other",14452,""]
[24614,"SPS-District K-12","8024202285","TUOPT","K-12 School","SAKAJAWEA ELEMENTARY (SPS-DISTRICT)","Sacajawea Elementary","9501 20TH AVE NE, SEATTLE, WA 98115",213116,40285,36701,5.2902072731786021,34.599998474121101,"Lowest Use",90,null,null,36701,36701,"Y","",74,1392648.625,34.569905051508009,6654.966796875,null,"K-12 School",40285,"",null,""]
[24624,"NonResidential","8033700190","TUOPT","College/University","BASTYR UNIVERSITY MEDICAL OFFICE BUILDING","Bastyr Center for Natural Health","3670 STONE WAY N, SEATTLE, WA 98103",566263.3125,41393,26050,13.680170862223081,68.599998474121094,"Medium Low",null,"","",null,26050,"Y","",169.60000610351599,2839882.25,68.607789964486756,9077.919921875,null,"College/University",26393,"Medical Office",15000,""]
[24629,"NonResidential","3573700406","TUOPT","Non-Refrigerated Warehouse","TRI-NORTH DEPARTMENT STORES","Tri-North","5000 1ST AVE S, SEATTLE, WA 98134",317224.59375,48889,48890,6.4886701251815335,43,"Medium High",49,"","",48890,48890,"Y","",91.400001525878906,2100216.5,42.95887622982675,10178.4599609375,null,"Non-Refrigerated Warehouse",30889,"Office",18000,""]
[24630,"NonResidential","3573700408","TUOPT","Office","OFFICE BUILDING","UFCW21 Building","5030 1ST AVE S, SEATTLE, WA 98134",1294522,43473,43473,29.777609090699976,101.59999847412099,"Highest Use",3,"","",41895,43473,"Y","",319,4416909.5,101.60121224668185,null,null,"Office",43473,"",null,""]
[24636,"NonResidential","3624039009","TUOPT","Retail Store","WESTWOOD VILLAGE - BUILDING E","Westwood Village - Building E","2600 SW BARTON ST, SEATTLE, WA 98126",1036526,40793,40265,25.409408476944574,91.699996948242202,"Highest Use",19,"","",37865,40265,"Y","",277.5,3740373.75,91.691558600740322,2037.47985839844,null,"Retail Store",40793,"",null,""]
[24640,"NonResidential","3624039009","TUOPT","Retail Store","WESTWOOD VILLAGE - BUILDING F","Westwood Village - Building F","2600 SW BARTON ST, SEATTLE, WA 98126",303859.09375,32427,26208,9.3705582924723227,49.599998474121101,"Medium Low",79,"","",26208,26208,"Y","",118.90000152587901,1608884.25,49.615574983809786,5721.17041015625,null,"Retail Store",32427,"",null,""]
[24646,"Nonresidential COS","3624039172","TUOPT","Other","SOUTHWEST COMMUNITY CENTER","Southwest Teen Life Center and Pool","2801 SW THISTLE ST, SEATTLE, WA 98126",894881.875,39333,27227,22.751426918872195,204.80000305175801,"Highest Use",null,"","",27227,27227,"Y","",377.29998779296898,8054334,204.77293875371825,50009.96875,null,"Other - Recreation",29064,"Fitness Center/Health Club/Gym",8508,"Pre-school/Daycare",715]
[24649,"NonResidential","3626039053","TUOPT","Mixed Use Property","CROWN HILL ELEMENTARY CENTER","Crown Hill Center","9490 14TH AVE NW, SEATTLE, WA 98117",138717.90625,42400,42172,3.2716487323113208,77.300003051757798,"Medium High",null,"","",42172,42172,"Y","",104.5,3275779.25,77.258944575471702,28024.73828125,null,"Other - Education",12000,"Other - Entertainment/Public Assembly",11400,"Social/Meeting Hall",9100]
[24653,"NonResidential","3626039310","TU2021","Retail Store","GREENWOOD SHOPPING CENTER","(ID24653) Greenwood Shopping Center","100 N 85TH ST, SEATTLE, WA 98103",347895.90625,51000,51000,6.8214883578431369,25.5,"Lowest Use",95,"","",0,51000,"Y","",75.400001525878906,1298039.875,25.451762254901961,1110.19018554688,null,"Retail Store",51000,"",null,""]
[24700,"NonResidential","7666206275","TUOPT","Mixed Use Property","JUKE BOX CITY","JukeboxCity Building","1950 1ST AVE S, SEATTLE, WA 98134",67367.1015625,27000,27000,2.4950778356481482,8.5,"Lowest Use",null,"","",18000,27000,"Y","",26.700000762939499,229856.40625,8.5132002314814823,null,null,"Other",9000,"Other - Entertainment/Public Assembly",9000,"Self-Storage Facility",9000]
[24701,"NonResidential","7666206400","TUOPT","Other","SHOWBOX SODO","(ID24701) Showbox SODO","1700 1ST AVE S, SEATTLE, WA 98134",227174.09375,20747,20747,10.949732190196173,48.299999237060497,"Medium Low",null,"","",20747,20747,"Y","",128.80000305175801,1001964,48.294404010218344,2268.46020507813,null,"Other - Entertainment/Public Assembly",11815,"Restaurant",5120,"Office",3812]
[24705,"NonResidential","7666206455","TUOPT","Non-Refrigerated Warehouse","BUDGET SALES","(ID24705) Budget Sales- 1534 1st Ave S","1534 1ST AVE S, SEATTLE, WA 98134",98911.703125,40800,40800,2.4243064491421569,20,"Medium Low",null,"","",40800,40800,"Y","",38.299999237060497,817255.875,20.03078125,4797.68994140625,null,"Non-Refrigerated Warehouse",36000,"Office",4800,""]
[24708,"NonResidential","7666206631","TUOPT","Office","820 / OFC/WHSE BLDG","820","820 1ST AVE S, SEATTLE, WA 98134",168867,20150,20150,8.3804962779156327,28.600000381469702,"Lowest Use",80,"","",19420,20150,"Y","",89.800003051757798,576174.125,28.594249379652606,null,null,"Office",20150,"",null,""]
[24710,"NonResidential","7666206700","TUOPT","Other","F & O INC","1020 building","1020 1ST AVE S, SEATTLE, WA 98134",130905.5,44775,44775,2.9236292573981015,21.200000762939499,"Lowest Use",null,"","",42000,44775,"Y","",43.099998474121101,950695.625,21.232733109994417,5040.4599609375,null,"Other",44775,"",null,""]
[24711,"NonResidential","7666206865","TUOPT","Office","HEARTWOOD/FOBES 558","Fobes Building - 558","558 1ST AVE S, SEATTLE, WA 98134",195920.09375,32250,32250,6.0750416666666665,24.700000762939499,"Lowest Use",92,"","",32250,32250,"Y","",69.199996948242202,796042.375,24.683484496124031,1275.63012695313,null,"Office",32250,"",null,""]
[24712,"NonResidential","7666206865","TUOPT","Office","HEARTWOOD/FOBES 562","Fobes Building - 562","562 1ST AVE S, SEATTLE, WA 98134",493099.3125,31500,36000,15.653946428571428,53.400001525878899,"Medium Low",40,"","",36000,36000,"Y","",167.69999694824199,1682454.875,53.411265873015871,null,null,"Office",31500,"",null,""]
[24714,"NonResidential","7666206990","TUOPT","Non-Refrigerated Warehouse","GREAT FLOORS","Great Floors","1251 1ST AVE S, SEATTLE, WA 98134",230363.703125,41276,41276,{"$f":"I1218/J1218","v":5.5810568641583487},60.599998474121101,"Highest Use",null,"","",41276,41276,"Y","",103.40000152587901,2502081,{"$f":"W1218/J1218","v":60.618301191975966},17160.80078125,null,"Non-Refrigerated Warehouse",24300,"Retail Store",13284,"Office",3692]
[24716,"NonResidential","7666207070","TUOPT","Refrigerated Warehouse","PACIFIC COMMERCIAL","Pacific Commercial","85 S ATLANTIC ST, SEATTLE, WA 98134",265886.8125,24357,24430,10.916238145091761,50.599998474121101,"Medium High",null,"","",24430,24430,"Y","",131,1232822.875,50.614725746192057,3256.17016601563,null,"Refrigerated Warehouse",15667,"Other",8690,""]
[24717,"NonResidential","7666207085","TUOPT","Other","1701 1ST AVE S","1701 First Ave South LLC","1701 1ST AVE S, SEATTLE, WA 98134",4926.39990234375,24717,27690,0.19931221031451027,0.69999998807907104,"Lowest Use",null,"","",27690,27690,"Y","",2.0999999046325701,16808.900390625,0.68005422950297367,null,null,"Other",24717,"Parking",0,""]
[24720,"NonResidential","7666207100","TUOPT","Office","GUARDIAN SECURITY SYSTEMS","Guardian Security Systems","1743 1ST AVE S, SEATTLE, WA 98134",251990.59375,22580,22580,11.159902291851196,41.099998474121101,"Lowest Use",90,"","",17760,22580,"Y","",122.800003051758,928584.875,41.12421944198406,687.92999267578102,null,"Office",22580,"",null,""]
[24725,"NonResidential","8061000025","TUOPT","Non-Refrigerated Warehouse","CURTAIN MFG","Seattle Curtain Mfg Co","104 12TH AVE, SEATTLE, WA 98122",37885.1015625,20000,20000,1.894255078125,37.200000762939503,"Medium High",18,"","",20000,20000,"Y","",52.5,743528.125,37.176406249999999,6142.64013671875,null,"Non-Refrigerated Warehouse",20000,"",null,""]
[24726,"NonResidential","8061000045","TUOPT","Non-Refrigerated Warehouse","ARCHIVES AND RECORDS WAREHOUSE - KING COUNTY","Archives, Records and Elections Warehouse","1215 E FIR ST, SEATTLE, WA 98122",177045,42000,42000,4.215357142857143,49.299999237060497,"Highest Use",null,"","",42000,42000,"Y","",81.800003051757798,2070005.625,49.285848214285714,14659.2802734375,null,"Non-Refrigerated Warehouse",38000,"Office",4000,""]
[24752,"Multifamily MR (5-9)","8080930000","TU2021","Multifamily Housing","SUMMIT AT MADISON PARK CONDOMINIUM","Summit at Madison Park","2201 E MADISON ST, SEATTLE, WA 98112",924846.5,240570,null,3.8443966413102215,25.299999237060501,"Lowest Use",99,"","",59690,null,"Y","",54,6096763,25.342989566446356,29411.87109375,null,"Multifamily Housing",186618,"Other",53952,""]
[24758,"NonResidential","3225049017","TUOPT","Self-Storage Facility","WAREHOUSE","TRW Building","1120 12TH AVE, SEATTLE, WA 98122",32752,21018,24248,1.5582833761537729,5.3000001907348597,"Lowest Use",null,"","",24248,24248,"Y","",16.700000762939499,111969.703125,5.3273243469882958,2.1999998092651398,null,"Self-Storage Facility",21018,"Parking",3230,""]
[24778,"NonResidential","3573201061","TUOPT","Non-Refrigerated Warehouse","5055 Properties LLC","5055 Properties LLC (ID24778)","5055 E MARGINAL WAY S, SEATTLE, WA 98134",31335.900390625,22751.69921875,24617,1.3772993431980955,4.6999998092651403,"Lowest Use",null,"","",23557,24617,"Y","",14.800000190734901,106918,4.6993413095004062,null,null,"Non-Refrigerated Warehouse",22751.69921875,"",null,""]
[24780,"NonResidential","3573700130","TUOPT","Other","The Innovation Center (MCKINSTRY)","McKinstry SEA - 210 S Hudson Innovation Center","210 S HUDSON ST, SEATTLE, WA 98134",951087.6875,42355,42355,22.455145496399481,76.599998474121094,"Medium High",null,"","",42355,42355,"Y","",240.60000610351599,3245111.5,76.616963758706177,null,null,"Parking",84710,"Office",42355,""]
[24781,"NonResidential","3573700195","TUOPT","Retail Store","GRAINGER","Grainger Branch 756","4930 3RD AVE S, SEATTLE, WA 98134",219225.796875,37247,37247,5.8857303104948047,46.900001525878899,"Medium Low",74,"","",35327,37247,"Y","",91.300003051757798,1748644.5,46.947257497248103,10006.4599609375,null,"Retail Store",37247,"",null,""]
[24803,"NonResidential","7515000155","TUOPT","Retail Store","JG CROWN HILL LLC","JG Crown Hill, LLC","8700 15TH AVE NW, SEATTLE, WA 98117",530922.8125,23468,25384,22.623266256178628,129,"Highest Use",13,"","",22253,25384,"Y","",296.79998779296898,3027867.5,129.02111385716719,12163.58984375,null,"Retail Store",23468,"",null,""]
[24822,"NonResidential","7666207160","TUOPT","Office","1943 FIRST AVE BUILDING","1943 First Avenue","1943 1ST AVE S, SEATTLE, WA 98134",422463.5,42450,49052,9.9520259128386339,34,"Lowest Use",96,"","",46176,49052,"Y","",106.59999847412099,1441445.625,33.956316254416961,null,null,"Office",32393,"Retail Store",10057,""]
[24823,"NonResidential","7666207185","TU2021","Non-Refrigerated Warehouse","MILLWORK SUPPLY CO","Millwork Supply","2225 1ST AVE S, SEATTLE, WA 98134",38137.19921875,32000,52110,1.1917874755859375,18.299999237060501,"Medium Low",34,"","",0,52110,"Y","",27.700000762939499,586589.1875,18.330912109374999,4564.64990234375,null,"Non-Refrigerated Warehouse",32000,"",null,""]
[24830,"NonResidential","7666207340","TUOPT","Office","SODO COMMERCE BUILDING","Sodo Commerce Building","66 S HANFORD ST, SEATTLE, WA 98134",266278.59375,41247,39036,6.4557081424103568,37.099998474121101,"Lowest Use",null,"","",33451,39036,"Y","",84.900001525878906,1528295.75,37.052288651295854,6197.52978515625,null,"Office",27636,"Other",13611,""]
[24840,"NonResidential","7666207420","TUOPT","Office","K.R. TRIGGER BLDG","KR Trigger Building","3201 1ST AVE S, SEATTLE, WA 98134",165033.90625,33874,26310,4.8719934536812897,22.799999237060501,"Lowest Use",95,"","",26310,26310,"Y","",58.700000762939503,771512.6875,22.775954640727402,2084.169921875,null,"Office",24000,"Non-Refrigerated Warehouse",8874,"Social/Meeting Hall",1000]
[24857,"NonResidential","8113100170","TUOPT","Retail Store","EMPIRE CENTER","(ID24857) EMPIRE CENTER","6032 MARTIN LUTHER KING JR WAY S, SEATTLE, WA 98118",1570919,53547,37883,29.337199096121164,232.19999694824199,"High Outlier",88,"","",37883,37883,"N","",453,12434593,232.21829420882588,70746.171875,null,"Retail Store",28734,"Supermarket/Grocery Store",24813,""]
[24862,"NonResidential","8123100005","TUOPT","K-12 School","OUR LADY OF GUADALUPE SCHOOL","Our Lady of Guadalupe School","3401 SW MYRTLE ST, SEATTLE, WA 98126",85064.1015625,31375,29874,2.7112064243027887,40.599998474121101,"Medium Low",95,"","",29874,29874,"Y","",62,1274049.75,40.607163346613547,9838.1103515625,null,"K-12 School",31375,"",null,""]
[24868,"NonResidential","8127700530","TUOPT","Worship Facility","JESUS CHRIST LATTER DAY SAINTS","Magnolia","2401 31ST AVE W, SEATTLE, WA 98199",35870.3984375,22000,20140,1.63047265625,45.099998474121101,"Medium High",35,"","",20140,20140,"Y","",59,992794.6875,45.127031250000002,8704.0498046875,null,"Worship Facility",22000,"Parking",0,""]
[24876,"NonResidential","3626039349","TUOPT","Self-Storage Facility","GREENWOOD SELF SERVICE STORAGE","Greenwood Self Service Storage","10113 GREENWOOD AVE N, SEATTLE, WA 98133",133637.703125,71874,40485,1.8593330428945098,17.299999237060501,"Medium High",null,"","",40485,40485,"Y","",31.399999618530298,1242811.75,17.291534490914657,7868.400390625,null,"Self-Storage Facility",71874,"",null,""]
[24886,"NonResidential","3646100005","TUOPT","Office","RCC","RCC","100 23RD AVE S, SEATTLE, WA 98144",330758.8125,30100,39953,10.988664867109634,50.099998474121101,"Medium Low",93,"","",39953,39953,"Y","",131,1508561.875,50.118334717607972,3800.1298828125,null,"Office",30100,"",null,""]
[24893,"NonResidential","3646100320","TUOPT","Retail Store","PROMENADE NORTH 1","Promenade North 1","306 23RD AVE S, SEATTLE, WA 98144",491332.5,21200,21200,23.176061320754716,79.099998474121094,"Medium High",15,"","",21200,21200,"Y","",248.30000305175801,1676426.5,79.076721698113204,null,null,"Retail Store",14168,"Office",7032,""]
[24895,"NonResidential","3646100390","TUOPT","Supermarket/Grocery Store","PROMENADE SOUTH 1","Promenade South 1","2309 S JACKSON ST, SEATTLE, WA 98144",1775643,30912,30630,57.441867236024848,196,"Lowest Use",27,"","",30630,30630,"Y","",615.40002441406295,6058494,195.99165372670808,0,null,"Supermarket/Grocery Store",28470,"Other",2442,""]
[24896,"NonResidential","3646100390","TUOPT","Retail Store","PROMENADE SOUTH 2","Promenade South 2","2309 S JACKSON ST, SEATTLE, WA 98144",555869.375,23421,23421,23.733801929891978,81,"Medium High",25,"","",23421,23421,"Y","",254.30000305175801,1896626.375,80.979735066820382,null,null,"Retail Store",19271,"Bank Branch",4150,""]
[24908,"SPS-District K-12","7518503620","TU2019","K-12 School","SALMON BAY ELEMENTARY (SPS-DISTRICT)","Salmon Bay K-8","1810 NW 65TH ST, SEATTLE, WA 98117",298887.40625,117116,117116,2.5520629653505926,42.900001525878899,"Medium High",88,null,null,117116,117116,"Y","",63.200000762939503,5019757,42.861410908842515,39999.53515625,null,"K-12 School",117116,"",null,""]
[24909,"NonResidential","7518505195","TUOPT","Worship Facility","FIRST LUTHERAN CHURCH OF BALLARD","Ballard First Lutheran Church","2006 NW 65TH ST, SEATTLE, WA 98117",100909.203125,24120,24120,4.1836319703565508,37,"Medium High",66,"","",24120,24120,"Y","",68.699996948242202,893053.1875,37.025422367330016,5487.51025390625,null,"Worship Facility",24120,"",null,""]
[24911,"NonResidential","7518507190","TUOPT","Worship Facility","TRINITY METHODIST CHURCH","Trinity United Methodist Church","6510 23RD AVE NW, SEATTLE, WA 98117",62454.8984375,35736,35736,1.7476745701113723,32.099998474121101,"Medium Low",88,"","",35736,35736,"Y","",46.200000762939503,1148202.25,32.130127882247592,9351.0595703125,null,"Worship Facility",28970,"Office",6766,""]
[24943,"NonResidential","7666207461","TUOPT","Non-Refrigerated Warehouse","A O SMITH CORP (includes #24845)","24943-60S-E","60 S SPOKANE ST, SEATTLE, WA 98134",230672.296875,49500,51050,4.6600464015151513,24.399999618530298,"Medium Low",10,"","",51050,51050,"Y","",58.799999237060497,1206165.75,24.366984848484847,4191.11962890625,null,"Non-Refrigerated Warehouse",49500,"",null,""]
[24950,"NonResidential","7666203295","TUOPT","Other","CENTURYLINK: COIN OFFICE","COIN","811 S MASSACHUSETTS ST, SEATTLE, WA 98134",244640.09375,8223,25460,29.750710659126838,101.5,"Medium High",null,"","",25460,25460,"Y","",318.70001220703102,834711.875,101.5094095828773,null,null,"Other",8223,"",null,""]
[24955,"NonResidential","7666207585","TU2021","Distribution Center","BUFFALO INDUSTRIES WAREHOUSE","3420/3430 E. Marginal Way Whse","3430 E MARGINAL WAY S, SEATTLE, WA 98134",40497.8984375,65164,65164,0.62147655818396663,2.2999999523162802,"Lowest Use",100,"","",16300,65164,"Y","",6.9000000953674299,150167.796875,2.3044594695690872,119.88999176025401,null,"Distribution Center",65164,"",null,""]
[24958,"NonResidential","7666207605","TUOPT","Non-Refrigerated Warehouse","BUFFALO INDUSTRIES INC","3401 Colorado Ave S. Whse","3401 COLORADO AVE S, SEATTLE, WA 98134",406343.90625,33462,33462,12.143443495606958,41.400001525878899,"Medium High",1,"","",33462,33462,"Y","",130.10000610351599,1386445.375,41.43342821708206,0,null,"Non-Refrigerated Warehouse",33462,"",null,""]
[24959,"NonResidential","7666207610","TUOPT","Mixed Use Property","HANFORD CNTR","Hanford Center","25 S HANFORD ST, SEATTLE, WA 98134",165367.796875,29223,35310,5.6588234224754475,45.599998474121101,"Medium Low",null,"","",34950,35310,"Y","",88.199996948242202,1331469.75,45.562390924956368,7672.35009765625,null,"Other",10471,"Non-Refrigerated Warehouse",9875,"Refrigerated Warehouse",8877]
[24991,"NonResidential","8159100110","TUOPT","Other","CENTURYLINK: DUWAMISH MAIN","DUWAMISH","7000 E MARGINAL WAY S, SEATTLE, WA 98108",1363873,34733,36140,39.267353813376324,134,"Highest Use",null,"","",36140,36140,"Y","",420.70001220703102,4653535,133.98022053954452,null,null,"Other",34733,"",null,""]
[24994,"NonResidential","8170100120","TUOPT","Other","DING HOW SHOPPING CENTER","Ding How Shopping Center","1207 S JACKSON ST, SEATTLE, WA 98144",855325.6875,29640,26579,28.857141953441296,275.39999389648398,"Highest Use",null,"","",26579,26579,"Y","",495,8163413,275.41879217273953,52450.41796875,null,"Other - Mall",29640,"Parking",6000,""]
[25000,"NonResidential","8170100295","TUOPT","Non-Refrigerated Warehouse","WAREHOUSE","KLC GROUP LLC","1000 S WELLER ST, SEATTLE, WA 98104",48871.19921875,24000,23903,2.0362999674479165,17.299999237060501,"Medium Low",86,"","",23903,23903,"Y","",32.700000762939503,415364.59375,17.306858072916668,2486.15991210938,null,"Non-Refrigerated Warehouse",19500,"Worship Facility",4500,""]
[25001,"NonResidential","3658700540","TUOPT","Self-Storage Facility","ECONO MINI","Econo Mini Storage","6920 ROOSEVELT WAY NE, SEATTLE, WA 98115",40037.80078125,22522,22522,1.7777195977821685,24.899999618530298,"Medium High",null,"","",22522,22522,"Y","",38.900001525878899,561473.875,24.930018426427495,4248.64990234375,null,"Self-Storage Facility",22522,"",null,""]
[25002,"NonResidential","3658700555","TUOPT","Self-Storage Facility","ROOSEVELT SELF STORAGE","Roosevelt Self Storage","6902 ROOSEVELT WAY NE, SEATTLE, WA 98115",154136.40625,38959,38959,3.9563748106984264,23.200000762939499,"Medium High",null,"","",38959,38959,"Y","",52.599998474121101,905750.375,23.248809646038143,3798.36987304688,null,"Self-Storage Facility",38959,"",null,""]
[25025,"NonResidential","3683900005","TUOPT","Non-Refrigerated Warehouse","1801 RAINIER AVE S (ID25025)","(ID25025) 1801 Ranier Ave S","1801 RAINIER AVE S, SEATTLE, WA 98144",357008.1875,25955,25955,13.754890676170294,46.900001525878899,"Highest Use",null,"","",25955,25955,"Y","",147.39999389648401,1218112,46.931689462531303,null,null,"Non-Refrigerated Warehouse",14150,"Other - Services",8745,"Office",3060]
[25042,"NonResidential","7548300545","TUOPT","Other","ALAN FRIEDMAN BUILDING","Alan Friedman Bldg","1701 18TH AVE S, SEATTLE, WA 98144",29979.19921875,33332,33332,0.8994119530406216,null,"",null,"","",33332,33332,"N","",null,null,0,null,null,"Outpatient Rehabilitation/Physical Therapy",33332,"Parking",0,""]
[25069,"Campus","5392100055","TUOPT","K-12 School","O'DEA HIGH SCHOOL","O'Dea High School","802 TERRY AVE, SEATTLE, WA 98104",321668.59375,46100,46100,6.9776267624728847,null,"",null,"","",29696,46100,"N","",null,null,0,5312.3701171875,null,"K-12 School",46100,"Parking",0,""]
[25115,"NonResidential","8911000155","TUOPT","Worship Facility","BETHEL PRESBYTERIAN CHURCH","Bethel Presbyterian Church","11010 GREENWOOD AVE N, SEATTLE, WA 98133",22570.19921875,21936,21936,1.0289113429408279,27.799999237060501,"Medium Low",96,"","",21936,21936,"Y","",36.5,608755.375,27.7514302972283,5317.4599609375,null,"Worship Facility",21936,"",null,""]
[25124,"NonResidential","8822900840","TUOPT","Other","HEALTH CLUB","4H Investments","12001 31ST AVE NE, SEATTLE, WA 98125",557402.375,25406,25406,21.939792765488466,96.099998474121094,"Medium High",null,"","",25406,25406,"Y","",257.39999389648398,2442220,96.127686373297649,5403.62939453125,null,"Personal Services (Health/Beauty, Dry Cleaning, etc)",25406,"",null,""]
[25148,"NonResidential","3929900010","TUOPT","Office","OFFICE BUILDING","EJ and J Pacific","4714 RAINIER AVE S, SEATTLE, WA 98118",265016.40625,22014,23250,12.038539395384754,41.099998474121101,"Lowest Use",55,"","",23250,23250,"Y","",129,904236,41.07549741073862,null,null,"Office",22014,"",null,""]
[25163,"NonResidential","3957900098","TUOPT","Non-Refrigerated Warehouse","McKinstry SEA - 4800 Denver Warehouse","McKinstry SEA - 4800 Denver Warehouse","4800 DENVER AVE S, SEATTLE, WA 98134",176070.90625,30000,30000,5.8690302083333332,93.199996948242202,"Highest Use",32,"","",30000,30000,"Y","",139.69999694824199,2794837,93.161233333333328,21940.830078125,null,"Non-Refrigerated Warehouse",30000,"Parking",0,""]
[25165,"Nonresidential COS","3958900065","TUOPT","Non-Refrigerated Warehouse","SDOT Traffic Shop","SDOT Traffic Shop","4200 AIRPORT WAY S, SEATTLE, WA 98108",289842,41939,45036,6.9110374591668853,42.700000762939503,"Medium High",null,"","",45036,45036,"Y","",94.099998474121094,1791697.75,42.721518157323729,8027.56982421875,null,"Non-Refrigerated Warehouse",21110,"Repair Services (Vehicle, Shoe, Locksmith, etc)",14074,"Office",6755]
[25217,"SPS-District K-12","6318000005","TU2021","K-12 School","SCHMITZ PARK ELEM SCHOOL (SPS-DISTRICT)","Schmitz Park Building","5000 SW SPOKANE ST, SEATTLE, WA 98116",307001.09375,51410,51410,5.9716221309083837,39.599998474121101,"Medium Low",80,null,null,51410,51410,"Y","",84.199996948242202,2037287.75,39.628238669519547,9898,null,"K-12 School",51410,"",null,""]
[25222,"NonResidential","6364000000","TU2018","Mixed Use Property","OLIVE 8","Olive 8","737 OLIVE WAY, SEATTLE, WA 98101",6056266,614521,962428,9.855262879543579,43,"Medium Low",65,"","",287065,962428,"Y","",115.40000152587901,26416770,42.987578943599978,57527.89453125,null,"Multifamily Housing",311521,"Hotel",303000,"Parking",141450]
[25250,"NonResidential","8900000555","TU2019","College/University","SEATTLE PACIFIC UNIVERSITY - STUDENT UNION BLDG","Student Union Building / Royal Brougham Pavilion","315 W BERTONA ST, SEATTLE, WA 98119",1788780,103035,122679,17.360896782646673,109.09999847412099,"Medium High",null,"","",20289,122679,"Y","",238.39999389648401,11240737,109.09629737467851,51374.203125,null,"College/University",101035,"Restaurant",2000,""]
[25251,"Campus","8900000555","TU2018","College/University","SEATTLE PACIFIC UNIVERSITY - MASTER CAMPUS","5th Avenue Master Meter","315 W BERTONA ST, SEATTLE, WA 98119",6629279,533826,537000,12.418426603425086,106.5,"Medium High",null,"","",15705,537000,"Y","",200.39999389648401,56850200,106.49574955135193,342311,null,"College/University",533826,"",null,""]
[25268,"NonResidential","8902500361","TUOPT","Office","LANDMARK BUILDING","(ID25268) LANDMARK BUILDING","11000 LAKE CITY WAY NE, SEATTLE, WA 98125",253588.5,23022,23022,11.015050820953871,44.599998474121101,"Medium Low",78,"","",23022,23022,"Y","",125.40000152587901,1027230.875,44.61953240378768,1619.86999511719,null,"Office",23022,"",null,""]
[25275,"NonResidential","3958900601","TUOPT","Refrigerated Warehouse","EXPRESS COLD STORAGE","Express Cold Storage","4604 4TH AVE S, SEATTLE, WA 98134",724103.6875,27200,27263,26.621459099264705,90.800003051757798,"Medium High",null,"","",27263,27263,"Y","",285.20001220703102,2470642,90.832426470588231,null,null,"Refrigerated Warehouse",22000,"Other",2700,"Office",2500]
[25276,"NonResidential","3958900645","TUOPT","Non-Refrigerated Warehouse","PEDERSEN RENTALS","Pedersens Rentals","4500 4TH AVE S, SEATTLE, WA 98134",235929.796875,33000,31569,7.1493877840909095,92.800003051757798,"Highest Use",12,"","",29539,31569,"Y","",148.5,3064039.5,92.849681818181821,22590.46875,null,"Non-Refrigerated Warehouse",33000,"",null,""]
[25277,"NonResidential","3958900650","TUOPT","Non-Refrigerated Warehouse","LEDUC PACKAGING INC","Pedersen Party Rentals","4424 4TH AVE S, SEATTLE, WA 98134",52113.8984375,22509,22509,2.3152471650228796,7.9000000953674299,"Lowest Use",57,"","",22509,22509,"Y","",24.799999237060501,177812.796875,7.8996311197743125,null,null,"Non-Refrigerated Warehouse",22509,"",null,""]
[25278,"NonResidential","3958900786","TUOPT","Non-Refrigerated Warehouse","4400 Building","(ID25278) 4400 BUILDING","4400 4TH AVE S, SEATTLE, WA 98134",128166,39984,39984,3.2054321728691475,26.799999237060501,"Medium High",75,"","",39984,39984,"Y","",51,1073156.375,26.839645233093236,6358.5400390625,null,"Non-Refrigerated Warehouse",31184,"Office",8800,""]
[25317,"SPS-District K-12","6852700355","TU2020","K-12 School","LOWELL ELEMENTARY (SPS-DISTRICT)","Lowell Elementary","1058 E MERCER ST, SEATTLE, WA 98102",259081.09375,73769,73769,3.5120591813634454,34,"Lowest Use",92,null,null,73769,73769,"Y","",60.799999237060497,2508758.25,34.008299556724367,16247.7333984375,null,"K-12 School",73769,"",null,""]
[25325,"NonResidential","6852700670","TUOPT","Worship Facility","ALL PILGRIMS CHRISTIAN CHURCH","All Pilgrims Christian Church","500 BROADWAY E, SEATTLE, WA 98102",65467.5,26440,26440,2.4760779122541603,27.200000762939499,"Medium Low",91,"","",26440,26440,"Y","",46.200000762939503,719905.1875,27.227881524205749,4965.30029296875,null,"Worship Facility",26440,"",null,""]
[25361,"SPS-District K-12","6392002430","TUOPT","K-12 School","DECATUR ELEMENTARY (SPS-DISTRICT)","Decatur Building","7711 43RD AVE NE, SEATTLE, WA 98115",25660.80078125,45370,43578,0.56558961386929685,1.8999999761581401,"Lowest Use",100,null,null,43578,43578,"Y","",6.0999999046325701,87554.796875,1.9297949498567335,0,null,"K-12 School",45370,"",null,""]
[25364,"NonResidential","7133800125","TUOPT","Self-Storage Facility","SEATTLE MINI WAREHOUSE","Seattle Self Storage","1100 POPLAR PL S, SEATTLE, WA 98144",198903.5,28800,28800,6.906371527777778,39.700000762939503,"Highest Use",null,"","",28800,28800,"Y","",91,1143826.625,39.716202256944442,4651.68017578125,null,"Self-Storage Facility",28800,"",null,""]
[25371,"NonResidential","9103000660","TUOPT","K-12 School","EPIPHANY SCHOOL","Epiphany School","3615 E DENNY WAY, SEATTLE, WA 98122",210289.296875,28500,28500,7.3785718201754387,40.799999237060497,"Medium Low",88,"","",0,28500,"Y","",95.400001525878906,1162561.125,40.791618421052632,4450.5400390625,null,"K-12 School",28500,"",null,""]
[25451,"NonResidential","4088803010","TUOPT","Restaurant","YALE STREET LANDING","Yale Street Landing  and Ocean Alexander","1001 FAIRVIEW AVE N, SEATTLE, WA 98109",636151.8125,26519,26519,23.9885294505826,140.19999694824199,"Medium Low",null,"","",26519,26519,"Y","",318.20001220703102,3717064,140.16606961046796,15465.140625,null,"Restaurant",13592,"Office",12927,""]
[25455,"NonResidential","4088803440","TUOPT","Other","DUCATI SEATTLE","701","711 9TH AVE N, SEATTLE, WA 98109",77618,23050,23050,3.3673752711496747,null,"",null,"","",23050,23050,"N","",null,null,0,null,null,"Automobile Dealership",23050,"",null,""]
[25457,"NonResidential","4088803510","TUOPT","Other","WORLD SPORTS GRILLE","Art Marble 21","731 WESTLAKE AVE N, SEATTLE, WA 98109",450739.6875,26300,26300,17.138391159695818,134.5,"Highest Use",null,"","",26300,26300,"Y","",263.5,3537841.5,134.51868821292777,19999.177734375,null,"Other - Entertainment/Public Assembly",26300,"",null,""]
[25461,"NonResidential","4088803835","TUOPT","Restaurant","CHINA HARBOR RESTURANT & MARINA","(ID25461) CHINA HARBOR RESTURANT & MARINA","2040 WESTLAKE AVE N, SEATTLE, WA 98109",780828.8125,34072,null,22.917023142169523,193.30000305175801,"Highest Use",null,"","",null,null,"Y","",366.39999389648398,6584966.5,193.26621566095326,39207.78515625,null,"Restaurant",34072,"",null,""]
[25462,"NonResidential","4088803945","TUOPT","Office","OFFICE / MARINA","1848 Building","1848 WESTLAKE AVE N, SEATTLE, WA 98109",246350.90625,21915,23355,11.241200376454483,38.400001525878899,"Lowest Use",78,"","",23355,23355,"Y","",120.40000152587901,840549.375,38.354979466119097,null,null,"Office",21915,"",null,""]
[25464,"NonResidential","4088803975","TUOPT","Office","WATERWORKS OFFICE & MARINA","Waterworks Offices + Marina","1818 WESTLAKE AVE N, SEATTLE, WA 98109",552255.125,30435,30840,{"$f":"I1282/J1282","v":18.145395925743387},116.40000152587901,"Highest Use",30,"","",30840,30840,"Y","",251.60000610351599,3542708.5,{"$f":"W1282/J1282","v":116.40244783965829},16584.140625,null,"Office",29255,"Restaurant",1180,""]
[25471,"NonResidential","7169200020","TUOPT","Other","NATIONAL BARRICADE","National Barricade Seattle","6518 RAVENNA AVE NE, SEATTLE, WA 98115",62698.30078125,20332,20332,3.0837252007303757,19.299999237060501,"Lowest Use",null,"","",13980,20332,"Y","",42.299999237060497,392683.6875,19.313578964194374,1787.57019042969,null,"Other",20332,"",null,""]
[25513,"NonResidential","9184700280","TUOPT","Worship Facility","ST THERESE PARISH","St. Therese Parish","924 35TH AVE, SEATTLE, WA 98122",24049.400390625,21850,21850,1.1006590567791763,14.5,"Lowest Use",100,"","",21850,21850,"Y","",23.100000381469702,317794.40625,14.544366418764302,2357.38012695313,null,"Worship Facility",21850,"",null,""]
[25528,"NonResidential","9195900000","TU2019","Office","WATERFRONT PLACE BUILDING MIXED USE CONDOMINIUM","Waterfront Place","1009 WESTERN AVE, SEATTLE, WA 98104",2788051,233334,224493,11.94875586069754,40.799999237060497,"Lowest Use",null,"","",178269,224493,"Y","",128,9512829,40.769150659569547,null,null,"Office",162422,"Parking",83064,"Multifamily Housing",55065]
[25537,"NonResidential","5244800055","TUOPT","Self-Storage Facility","FREMONT BRIDGE MINI-STORAGE","FremontBridgeMini","319 NICKERSON ST, SEATTLE, WA 98109",69894.796875,28309,28309,2.4689956153520081,15.199999809265099,"Medium Low",null,"","",28309,28309,"Y","",33.599998474121101,430308.90625,15.200427646684799,1918.2802734375,null,"Self-Storage Facility",28309,"",null,""]
[25540,"NonResidential","5247800005","TUOPT","Hotel","BEST WESTERN PIONEER SQUARE HOTEL","Pioneer Square Hotel","75 YESLER WAY, SEATTLE, WA 98104",313468.09375,45500,45500,6.8894086538461536,61.5,"Medium Low",77,"","",45500,45500,"Y","",116.90000152587901,2799595,61.529560439560441,7889.02001953125,941139.6875,"Hotel",45500,"",null,""]
[25541,"NonResidential","5247800035","TUOPT","Office","MAYNARD BUILDING","The Maynard Building","119 1ST AVE S, SEATTLE, WA 98104",603321.5,31667,38376,19.052057346764769,65,"Medium High",null,"","",38376,38376,"Y","",204.10000610351599,2058532.875,65.005617046136351,null,null,"Office",29258,"Retail Store",2409,""]
[25543,"NonResidential","5247800046","TUOPT","Office","GATZERT AND SCHWABACHER BUILDING","Gatzert/Schwabacher","103 1ST AVE S, SEATTLE, WA 98104",225503.09375,30703,42804,7.344659927368661,50.299999237060497,"Medium Low",null,"","",18360,42804,"Y","",105.199996948242,1544501.75,50.304587499592877,7750.85107421875,null,"Office",24120,"Retail Store",6583,""]
[25548,"NonResidential","5247800105","TUOPT","Office","NEW ENGLAND BUILDING","New England","219 1ST AVE S, SEATTLE, WA 98104",315212,33300,33300,9.4658258258258261,38.700000762939503,"Lowest Use",null,"","",33300,33300,"Y","",108.09999847412099,1287497.375,38.663584834834836,2119.93994140625,null,"Office",26639,"Restaurant",2820,"Retail Store",2377]
[25553,"NonResidential","5247800130","TUOPT","Hotel","J & M HOTEL BUILDING","J & M HOTEL BUILDING (ID25553)","210 1ST AVE S, SEATTLE, WA 98104",147639.09375,25450,25450,5.8011431728880156,19.799999237060501,"Low Outlier",98,"","",25450,25450,"Y","",62.200000762939503,503744.6875,19.793504420432221,null,null,"Hotel",25450,"",null,""]
[25554,"NonResidential","5247800140","TUOPT","Other","C & H COMPANY (STORAGE WAREHOUSE)","Alaskan Way","304 ALASKAN WAY S, SEATTLE, WA 98104",18890,22200,22200,0.85090090090090087,8.5,"Lowest Use",null,"","",16650,22200,"Y","",15,188745.703125,8.5020586993243246,1242.92993164063,null,"Other",22200,"",null,""]
[25563,"NonResidential","4088804350","TUOPT","Non-Refrigerated Warehouse","NAUTICAL LANDING","Nautical Landing","2500 WESTLAKE AVE N, SEATTLE, WA 98109",953600.125,28897,29498,32.999969720040141,130.39999389648401,"Highest Use",null,"","",28718,29498,"Y","",372.29998779296898,3768900.5,130.42532096757449,5152.17041015625,null,"Non-Refrigerated Warehouse",19749,"Office",9148,""]
[25567,"NonResidential","4088804520","TUOPT","Non-Refrigerated Warehouse","VIC FRANCK'S","1109 N NORTHLAKE WAY","1109 N NORTHLAKE WAY, SEATTLE, WA 98103",136773.90625,23050,23050,5.9337920281995657,20.200000762939499,"Medium Low",27,"","",23050,23050,"Y","",63.599998474121101,466672.6875,20.246103579175706,null,null,"Non-Refrigerated Warehouse",23050,"",null,""]
[25572,"NonResidential","4092300005","TUOPT","Retail Store","PETCO AND OTHERS","PETCO","809 NE 45TH ST, SEATTLE, WA 98105",402718,46000,46059,8.7547391304347819,34.299999237060497,"Lowest Use",82,"","",42196,46059,"Y","",98.400001525878906,1577834.875,34.300758152173913,2037.60986328125,null,"Retail Store",46000,"",null,""]
[25635,"NonResidential","9221400445","TUOPT","Medical Office","SEATTLE HEALING ARTS","Seattle Healing Arts","6300 9TH AVE NE, SEATTLE, WA 98115",234290.90625,23595,23595,9.9296845200254289,34.599998474121101,"Lowest Use",72,"","",23595,23595,"Y","",107.199996948242,817409.625,34.643340750158934,180.08999633789099,null,"Medical Office",23595,"",null,""]
[25657,"NonResidential","5247800350","TUOPT","Office","HERMAN BLUMENTHAL BUILDING","Herman Blumenthal Building","122 S JACKSON ST, SEATTLE, WA 98104",121366.1015625,28142,28142,4.312632419959491,30.100000381469702,"Lowest Use",96,"","",26400,28142,"Y","",64.199996948242202,847097.8125,30.100839048397415,923.80999755859398,340615.59375,"Office",28142,"",null,""]
[25658,"NonResidential","5247800355","TUOPT","Office","WALTHAM BLOCK/OCCIDENTAL BUILDING","The Occidental Building","311 OCCIDENTAL AVE S, SEATTLE, WA 98104",167702.203125,24334,28760,6.8916825480808743,107.5,"Highest Use",null,"","",28060,28760,"Y","",165.19999694824199,2615973.5,107.5028149913701,15430.2099609375,500752.8125,"Office",12314,"Retail Store",6020,"Non-Refrigerated Warehouse",6000]
[25659,"NonResidential","5247800360","TUOPT","Office","UNION TRUST BUILDING","Union Trust Building","119 S MAIN ST, SEATTLE, WA 98104",153675.796875,38686,39030,3.9723878631804785,18.399999618530298,"Low Outlier",99,"","",29280,39030,"Y","",47.700000762939503,713326.875,18.43888939151114,1889.84997558594,null,"Office",32001,"Retail Store",6685,""]
[25660,"NonResidential","5247800365","TUOPT","Office","UNION TRUST ANNEX","Union Trust Annex","117 S MAIN ST, SEATTLE, WA 98104",356831.5,27838,27838,12.818144263237302,43.700000762939503,"Medium Low",77,"","",31485,27838,"Y","",137.30000305175801,1217509.125,43.73550991450535,null,null,"Office",27838,"",null,""]
[25661,"NonResidential","5247800380","TUOPT","Office","BUTTNICK BUILDING","Buttnick City Loan","202 1ST AVE S, SEATTLE, WA 98104",468222.3125,46035,47215,10.171007114152275,56.200000762939503,"Medium High",58,"","",null,47215,"Y","",131.60000610351599,2589388,56.248245899858802,9918.134765625,null,"Office",23659,"Retail Store",22376,""]
[25663,"Nonresidential COS","6003500315","TUOPT","Other","EAST PRECINCT","East Precinct","1519 12TH AVE, SEATTLE, WA 98122",975101.125,36280,34580,26.877098263506063,115.800003051758,"Medium High",null,"","",32200,34580,"Y","",313.20001220703102,4199443,115.75090959206175,8723.98046875,null,"Other",36280,"Parking",23154,""]
[25666,"NonResidential","6003500340","TUOPT","Mixed Use Property","POST OPTIONS","(ID25666) POST OPTIONS","1122 E PIKE ST, SEATTLE, WA 98122",120915.1015625,21412,20640,5.6470718084485334,19.299999237060501,"Lowest Use",null,"","",20640,20640,"Y","",60.5,412562.40625,19.267812733513917,null,null,"Retail Store",9750,"Office",9212,"Restaurant",2450]
[25667,"NonResidential","6003500345","TUOPT","Mixed Use Property","PIKE BUILDING","Pike Building","1000 E PIKE ST, SEATTLE, WA 98122",390764.8125,31458,34914,12.421794535571237,42.400001525878899,"Medium Low",null,"","",34914,34914,"Y","",133.10000610351599,1333289.625,42.383165649437345,null,null,"Retail Store",14983,"Restaurant",10638,"Office",5837]
[25670,"NonResidential","6003500395","TUOPT","Office","LEGACY PINE STREET","Legacy Pine Street","1021 E PINE ST, SEATTLE, WA 98122",212556.5,17061,20897,12.458619072738996,56.599998474121101,"Medium High",null,"","",20897,20897,"Y","",148.19999694824199,964923.8125,56.557283424183808,2396.81005859375,null,"Office",10228,"Retail Store",3433,"Non-Refrigerated Warehouse",3400]
[25671,"NonResidential","6003500420","TUOPT","Retail Store","CAPITAL HILL VALUE VILLAGE","Capital Hill","1525 11TH AVE, SEATTLE, WA 98122",98694.3984375,36940,36940,2.6717487395100163,9.1000003814697301,"Lowest Use",100,"","",36940,36940,"Y","",28.600000381469702,336745.40625,9.1160099147265843,null,null,"Retail Store",36940,"",null,""]
[25672,"NonResidential","6003500440","TUOPT","Office","COLLECTION AGENCY OFFICE","Ten Sixteen East Pike Inc","1016 E PIKE ST, SEATTLE, WA 98122",257313.90625,22866,22866,11.253122813347328,50.5,"Medium Low",null,"","",10490,22866,"Y","",133.19999694824199,1153690.125,50.454391891891895,2757.35034179688,null,"Office",22866,"",null,""]
[25673,"NonResidential","6003500470","TUOPT","Retail Store","THE FORD BUILDING","The Ford Building","1521 10TH AVE, SEATTLE, WA 98122",311067.40625,32919,30240,9.4494792141316566,38.400001525878899,"Medium Low",78,"","",30240,30240,"Y","",107.699996948242,1264626.875,38.416321121540754,2032.64990234375,null,"Retail Store",32205,"Restaurant",714,""]
[25694,"NonResidential","4092301550","TUOPT","Other","CENTURYLINK: CAMPUS CO","W00342","801 NE 42ND ST, SEATTLE, WA 98105",1488336,27022,28586,55.078676633853895,187.89999389648401,"Highest Use",null,"","",28586,28586,"Y","",590.09997558593795,5078204,187.92850270150248,null,null,"Other",27022,"",null,""]
[25713,"NonResidential","5247802530","TUOPT","Office","KEY BANK","International Building","666 S DEARBORN ST, SEATTLE, WA 98134",1056787,33354,35202,31.683965941116508,108.09999847412099,"Highest Use",2,"","",35202,35202,"Y","",339.5,3605755.5,108.10563950350783,null,null,"Office",24227,"Bank Branch",9127,""]
[25743,"NonResidential","8725600475","TUOPT","Worship Facility","FIRST COVENANT CHURCH","(ID25743) FIRST COVENANT CHURCH","1500 BELLEVUE AVE, SEATTLE, WA 98122",75706.796875,24600,24600,3.077512068089431,13.5,"Lowest Use",69,"","",24600,24600,"Y","",36.099998474121101,331059.5,13.45770325203252,727.47998046875,null,"Worship Facility",24600,"",null,""]
[25745,"NonResidential","8590400490","TUOPT","Worship Facility","TRINITY EPISCOPAL CHURCH","Trinity Parish of Seattle","609 8TH AVE, SEATTLE, WA 98104",70317.5,36750,48850,1.9134013605442177,28.899999618530298,"Medium Low",null,"","",48850,48850,"Y","",47.400001525878899,1063480.5,28.938244897959184,78.810005187988295,815676.125,"Worship Facility",28725,"Office",4325,"Other",3700]
[25772,"NonResidential","9274200430","TUOPT","Hospital","PARK WEST CARE CENTER","Park West Skilled Nursing","1703 CALIFORNIA AVE SW, SEATTLE, WA 98116",597221.6875,109726,null,5.4428457020213985,18.600000381469702,"Lowest Use",100,"","",42840,null,"Y","",58.299999237060497,2037720.625,18.570991606364945,null,null,"Hospital (General Medical & Surgical)",109726,"",null,""]
[25839,"NonResidential","5263300725","TUOPT","Non-Refrigerated Warehouse","J D OTT COMPANY (115 S Lucile St)","J D OTT COMPANY (115 S Lucile St)","115 S LUCILE ST, SEATTLE, WA 98108",252526.59375,25000,25000,10.10106375,79.599998474121094,"Highest Use",null,"","",20000,25000,"Y","",155.60000610351599,1989103.875,79.564155,11274.830078125,null,"Non-Refrigerated Warehouse",13393,"Food Sales",7500,"Office",4107]
[25842,"NonResidential","5263300910","TUOPT","Non-Refrigerated Warehouse","MODINE","115 Dawson","115 S DAWSON ST, SEATTLE, WA 98134",42144.6015625,25000,25000,1.6857840625,11.5,"Lowest Use",null,"","",25000,25000,"Y","",24.100000381469702,287132.5,11.485300000000001,1433.35009765625,null,"Non-Refrigerated Warehouse",24000,"Office",1000,""]
[25844,"NonResidential","5263300985","TUOPT","Other","WA MACHINE WORKS","Washington machine Works","5201 1ST AVE S, SEATTLE, WA 98134",92448.8984375,23000,22622,4.0195173233695654,33.700000762939503,"Lowest Use",null,"","",22622,22622,"Y","",64,774075.6875,33.655464673913045,4586.39990234375,null,"Manufacturing/Industrial Plant",23000,"",null,""]
[25847,"NonResidential","8725600520","TUOPT","Office","PINE BELLEVUE BUILDING","Pine Building","400 E PINE ST, SEATTLE, WA 98122",237431.09375,22365,27544,10.616190196735971,46.099998474121101,"Medium Low",94,"","",26109,27544,"Y","",124.09999847412099,1031667.5,46.128660854012963,2215.52612304688,null,"Office",22365,"Parking",3744,""]
[25886,"NonResidential","9292600000","TUOPT","Office","WESTERN TRIANGLE BUILDING CONDOMINIUM","H2125 - Western Triangle","2125 WESTERN AVE, SEATTLE, WA 98121",433464,34054,null,12.728724966230105,43.400001525878899,"Medium Low",null,"","",31993,null,"Y","",136.39999389648401,1478979.25,43.430411992717445,null,null,"Office",25884,"Parking",7000,"Multifamily Housing",5713]
[25907,"NonResidential","9301300445","TUOPT","Other","SWEDISH CLUB","Swedish Cultural Center","1920 DEXTER AVE N, SEATTLE, WA 98109",158947.09375,22960,22960,6.9227828288327524,98.699996948242202,"Medium High",null,"","",22960,22960,"Y","",153,2266983,98.736193379790947,17246.5546875,null,"Other - Entertainment/Public Assembly",22960,"",null,""]
[25914,"NonResidential","6003501820","TUOPT","Supermarket/Grocery Store","SAFEWAY STORE # 1551","Safeway 1551 - E John St","1410 E JOHN ST, SEATTLE, WA 98112",2423890,44739,44739,54.178457274413823,326,"Highest Use",17,"","",42536,44739,"Y","",728.70001220703102,14585813,326.02009432486199,63155,null,"Supermarket/Grocery Store",44739,"Parking",0,""]
[25932,"NonResidential","6012500051","TUOPT","Mixed Use Property","SANDPOINT VILLAGE","SPBS LLC","5400 SAND POINT WAY NE, SEATTLE, WA 98105",65755.796875,43737,22778,1.5034363782381051,56.5,"Medium Low",null,"","",22778,22778,"Y","",70,2470566,56.486864668358599,22462.0703125,null,"Retail Store",21194,"Office",12923,"Restaurant",3720]
[25935,"NonResidential","6021503160","TUOPT","Worship Facility","CHURCH OF PHILADELPHIA","Philadelphia church","7704 24TH AVE NW, SEATTLE, WA 98117",55624.30078125,21052,21562,2.6422335541159985,41.200000762939503,"Medium High",27,"","",21562,21562,"Y","",62.099998474121101,866806,41.174520235607069,6770.15966796875,null,"Worship Facility",21052,"",null,""]
[25954,"NonResidential","5317100295","TUOPT","Other","MLK FAME COMMUNITY CENTER CAMPUS","MLK Community Center","3201 E REPUBLICAN ST, SEATTLE, WA 98112",67861.3984375,25753,25753,2.6350871136372462,53.5,"Medium Low",null,"","",25753,25753,"Y","",75,1378130.25,53.513386789888557,11465.8701171875,null,"Other - Entertainment/Public Assembly",25753,"",null,""]
[25955,"NonResidential","5317100844","TUOPT","Other","SEATTLE TENNIS CLUB","Seattle Tennis Club","922 MCGILVRA BLVD E, SEATTLE, WA 98112",2206473,71280,71280,30.955008417508417,319.39999389648398,"Highest Use",null,"","",0,71280,"Y","",556.09997558593795,22767828,319.41397306397306,152393.40625,null,"Other - Recreation",71280,"",null,""]
[25956,"SPS-District K-12","5318100820","TUOPT","K-12 School","MCGILVRA (SPS-DISTRICT)","McGilvra Elementary","1617 38TH AVE E, SEATTLE, WA 98112",164871.59375,38297,38297,4.3050785635950595,50.5,"Medium High",85,null,null,38297,38297,"Y","",83.699996948242202,1934562.125,50.514717210225342,13720.2001953125,null,"K-12 School",38297,"",null,""]
[25992,"NonResidential","8729760000","TU2018","Mixed Use Property","2201 WESTLAKE ENSO CONDOMINIUMS","2201 / Enso Condominiums - SEDO","820 BLANCHARD ST, SEATTLE, WA 98121",6841567,507464,null,13.481876546907761,54.599998474121101,"Medium Low",87,"","",323192,null,"Y","2016, 2015",153.39999389648401,27684480,54.554569388173348,43410.53125,null,"Office",319361,"Multifamily Housing",181047,"Parking",177210]
[26002,"NonResidential","8800000005","TUOPT","Worship Facility","IGLESIA NI CRISTO","IGLESIA NI CRISTO","7100 42ND AVE S, SEATTLE, WA 98118",136674.90625,24200,24200,5.6477233987603306,34.200000762939503,"Medium Low",39,"","",24200,24200,"Y","",76.099998474121094,826488.6875,34.152425103305788,3601.53979492188,null,"Worship Facility",24200,"Parking",0,""]
[26040,"NonResidential","9358000450","TU2021","Self-Storage Facility","STOR-MORE - CAMPUS","Stor-More Self Storage","2850 SW YANCY ST, SEATTLE, WA 98126",96545.703125,66720,66610,1.4470279245353717,9.6000003814697301,"Lowest Use",null,"","",21120,66610,"Y","",20.399999618530298,640377,9.5979766187050366,3109.63012695313,null,"Self-Storage Facility",66720,"",null,""]
[26098,"NonResidential","6140100225","TUOPT","K-12 School","CHRIST THE KING MIDDLE SCHOOL","Christ the King Middle School","11555 DAYTON AVE N, SEATTLE, WA 98133",61771.1015625,15006,23222,4.1164268667532991,81.300003051757798,"Highest Use",62,"","",14212,23222,"Y","",114.699996948242,1219863.125,81.291691656670665,10091,null,"K-12 School",15006,"",null,""]
[26115,"NonResidential","8804900865","TUOPT","Mixed Use Property","Greenus Building","Greenus Building","500 E PIKE ST, SEATTLE, WA 98122",315680.3125,23623,24476,13.363260910976591,112.699996948242,"Highest Use",null,"","",20328,24476,"Y","",213.60000610351599,2662054.25,112.6890847902468,15849.5302734375,null,"Office",5872,"Other - Entertainment/Public Assembly",4190,"Restaurant",3917]
[26119,"NonResidential","8804900910","TUOPT","Retail Store","AUTO-ROW BUILDING/PRICE-RAGEN.COM","517 E Pike St Building","517 E PIKE ST, SEATTLE, WA 98122",85614.796875,22540,24750,3.7983494620674358,34.700000762939503,"Lowest Use",null,"","",24750,24750,"Y","",63.5,782343.8125,34.709130989352261,4902.259765625,null,"Retail Store",19240,"Office",2050,"Medical Office",1250]
[26125,"NonResidential","8804901000","TUOPT","K-12 School","NORTHWEST SCHOOL","Northwest School","1415 SUMMIT AVE, SEATTLE, WA 98122",450472.59375,48783,48783,9.2342126099255886,74.300003051757798,"Highest Use",52,"","",48783,48783,"Y","",143.89999389648401,3625407.5,74.317026423139211,20883.94921875,null,"K-12 School",48783,"",null,""]
[26126,"NonResidential","8804901025","TUOPT","Other","THE SUMMIT","(ID26126) THE SUMMIT","420 E PIKE ST, SEATTLE, WA 98122",123010.703125,46560,46560,2.6419824554338489,14.800000190734901,"Lowest Use",null,"","",46560,46560,"Y","",34.400001525878899,690557.6875,14.831565453178694,2708.4501953125,null,"Other - Entertainment/Public Assembly",46560,"",null,""]
[26139,"NonResidential","8807900070","TUOPT","Other","ASSOCIATION CENTER","Salal Credit Union","1515 DEXTER AVE N, SEATTLE, WA 98109",422202.3125,25000,30408,16.888092499999999,57.599998474121101,"Medium Low",61,"","",30408,30408,"Y","",180.89999389648401,1440554.25,57.622169999999997,null,null,"Bank Branch",25000,"Parking",5408,""]
[26146,"NonResidential","8807900390","TUOPT","Office","MCHUGH BLDG","McHugh","1725 WESTLAKE AVE N, SEATTLE, WA 98109",278322,28400,30109,9.800070422535212,51.599998474121101,"Medium Low",89,"","",30109,30109,"Y","",124.09999847412099,1465795.75,51.612526408450705,5161.60986328125,null,"Office",28400,"Parking",7200,""]
[26150,"SPS-District K-12","9396700035","TUOPT","K-12 School","FAIRMOUNT PARK ELEMENTARY SCHOOL (SPS-DISTRICT)","Fairmount Park Elementary","3800 SW FINDLAY ST, SEATTLE, WA 98126",308242.1875,39929,39929,7.719757256630519,43.099998474121101,"Medium High",84,null,null,39929,39929,"Y","",100.300003051758,1720169.125,43.08069636104085,6684.466796875,null,"K-12 School",39929,"",null,""]
[26154,"NonResidential","9405800065","TUOPT","Office","QUEEN ANN LUTHERAN CHURCH","Queen Anne Evangelical Lutheran Church","2400 8TH AVE W, SEATTLE, WA 98119",64270.6015625,25481,25481,2.5222951046858442,36,"Lowest Use",92,"","",25481,25481,"Y","",55.799999237060497,917100.3125,35.991535359679759,6978.08984375,null,"Office",25481,"",null,""]
[26157,"NonResidential","9412400225","TU2019","Senior Care Community","CAROLINE KLINE GALLAND HOME","Caroline Kline Galland Home","7500 SEWARD PARK AVE S, SEATTLE, WA 98118",1992346,141297,null,14.100412606070901,137.5,"Highest Use",76,"","",110104,null,"Y","",244.89999389648401,19423344,137.46465954691183,126254.6015625,null,"Senior Care Community",141297,"",null,""]
[26183,"NonResidential","6849200110","TUOPT","Office","SUPPLY LAUNDRY BUILDING","Supply Laundry Building","1265 REPUBLICAN ST, SEATTLE, WA 98109",486507.6875,37484,27788,12.979076072457582,56.599998474121101,"Medium High",73,"","",27788,27788,"Y","",151.89999389648401,2119806.25,56.552295646142355,4598.419921875,null,"Office",32610,"Other - Restaurant/Bar",4874,""]
[26218,"NonResidential","6149700055","TUOPT","Hotel","COMFORT INN & SUITES - SEATTLE NORTH","Comfort Inn and Suites","13700 AURORA AVE N, SEATTLE, WA 98133",284054,41704,33120,6.8111931709188571,46.599998474121101,"Lowest Use",84,"","",41704,33120,"Y","",97.5,1943899.25,46.611817811241131,9747.0703125,null,"Hotel",41704,"",null,""]
[26233,"NonResidential","6172900220","TUOPT","Other","WHSE","Cascade Designs Inc. Chamonix S","130 S DAKOTA ST, SEATTLE, WA 98134",856634.3125,35400,36000,24.198709392655367,103,"Medium High",null,"","",36000,36000,"Y","",280.70001220703102,3646053.75,102.9958686440678,7232.17431640625,null,"Other",34000,"Office",1400,""]
[26235,"NonResidential","6172900280","TUOPT","Non-Refrigerated Warehouse","LEDUC PACKING/CROSSCUT HARDWOODS","101 S. Dakota","4100 1ST AVE S, SEATTLE, WA 98134",56828.30078125,21000,22324,2.7061095610119046,28,"Medium High",53,"","",20476,22324,"Y","",48.700000762939503,588856.125,28.040767857142857,3949.58032226563,null,"Non-Refrigerated Warehouse",21000,"",null,""]
[26236,"NonResidential","6172900300","TUOPT","Other","FIRST AVENUE LLC BUILDING","4130 1st Ave","4130 1ST AVE S, SEATTLE, WA 98134",330127.3125,32000,31360,10.316478515625001,53.900001525878899,"Medium Low",null,"","",29120,31360,"Y","",130.19999694824199,1725108.25,53.9096328125,5987.14013671875,null,"Other - Entertainment/Public Assembly",32000,"",null,""]
[26237,"NonResidential","6172900320","TUOPT","Mixed Use Property","DANIEL SMITH-FINE ART MATERIALS","Daniel Smith Inc","4150 1ST AVE S, SEATTLE, WA 98134",379793.1875,32628,30496,11.640100144048057,61.099998474121101,"Medium High",null,"","",30496,30496,"Y","",147.10000610351599,1992158.25,61.056707429201914,6963.0400390625,null,"Retail Store",14344,"Manufacturing/Industrial Plant",10272,"Office",8012]
[26254,"NonResidential","8804900480","TUOPT","Office","1605 BOYLSTON","1605 Boylston","610 E PINE ST, SEATTLE, WA 98122",281869.6875,22350,27600,12.611619127516779,48,"Medium Low",76,"","",27600,27600,"Y","",140.30000305175801,1072151.375,47.970978747203581,1104.11999511719,null,"Office",13175,"Retail Store",9175,""]
[26289,"NonResidential","9521100080","TU2021","Senior Care Community","COLUMBIA LUTHERAN HOME","Columbia Lutheran Home","4700 PHINNEY AVE N, SEATTLE, WA 98103",778957.5,56000,55974,{"$f":"I1346/J1346","v":13.909955357142858},109.59999847412099,"Highest Use",52,"","",55974,55974,"Y","",214.19999694824199,6135173,{"$f":"W1346/J1346","v":109.55666071428571},34773.69921875,null,"Senior Care Community",56000,"",null,""]
[26319,"SPS-District K-12","4006000598","TU2021","K-12 School","WING LUKE ELEMENTARY SCHOOL (SPS-DISTRICT)","Wing Luke Elementary","3701 S KENYON ST, SEATTLE, WA 98118",407861.59375,52901,52901,7.7099032863272905,44.599998474121101,"Medium High",68,null,null,52901,52901,"Y","",101.800003051758,2359860.25,44.608991323415438,9682.3662109375,null,"K-12 School",52901,"",null,""]
[26324,"NonResidential","4077800532","TUOPT","Senior Care Community","SAINT ANNE NURSING AND REHAB CENTER","Saint Anne Nursing and Rehab Center","3540 NE 110TH ST, SEATTLE, WA 98125",217967.796875,22583,null,9.6518530255059112,87.699996948242202,"Medium High",95,"","",22583,null,"Y","",161,1981360,87.736793162998723,12376.5400390625,null,"Senior Care Community",22583,"",null,""]
[26331,"NonResidential","4083300310","TUOPT","Office","SOLID GROUND","Solid Ground","1501 N 45TH ST, SEATTLE, WA 98103",675745.5,31686,24328,21.326311304677144,72.800003051757798,"Highest Use",35,"","",24328,24328,"Y","",228.5,2305643.5,72.765369563845226,null,null,"Office",25927,"Parking",6750,"Food Service",3743]
[26348,"NonResidential","4083306580","TUOPT","Office","LAKE UNION PLACE","Lake Union Place","1914 N 34TH ST, SEATTLE, WA 98103",211069.90625,24914,20660,8.4719397226459012,28.899999618530298,"Lowest Use",92,"","",18250,20660,"Y","",90.800003051757798,720170.6875,28.906265051778117,null,null,"Office",24914,"Parking",4720,""]
[26359,"NonResidential","6300000010","TUOPT","Non-Refrigerated Warehouse","HANSON BROS TRANSFER & STORAGE","Hansen Bros.","10750 AURORA AVE N, SEATTLE, WA 98133",66679.203125,25000,29400,2.6671681249999999,9.1000003814697301,"Lowest Use",69,"","",24500,29400,"Y","",28.600000381469702,227509.5,9.1003799999999995,null,null,"Non-Refrigerated Warehouse",25000,"",null,""]
[26379,"NonResidential","6920700025","TUOPT","Hotel","GEORGETOWN  INN","Georgetown Inn","6100 CORSON AVE S, SEATTLE, WA 98108",153688.40625,22452,22452,6.845198924371994,55.400001525878899,"Lowest Use",85,"","",22452,22452,"Y","",107,1244150,55.413771601639056,7197.64990234375,null,"Hotel",22452,"",null,""]
[26392,"NonResidential","8816400105","TUOPT","Other","WELLS FARGO BANK","192741-University","4502 UNIVERSITY WAY NE, SEATTLE, WA 98105",463468,17434,25767,26.584145921762072,90.699996948242202,"Medium High",22,"","",24315,25767,"Y","",284.79998779296898,1581352.75,90.705102099346107,0,null,"Bank Branch",17434,"",null,""]
[26393,"NonResidential","8816400135","TUOPT","Retail Store","RETAIL AND OFFICES","4518 University","4518 UNIVERSITY WAY NE, SEATTLE, WA 98105",372252.09375,29047,33910,12.815509131751988,62.799999237060497,"Medium High",75,"","",32960,33910,"Y","",157.30000305175801,1822834.25,62.754647640031671,5527.10009765625,null,"Retail Store",14585,"Office",14462,""]
[26396,"NonResidential","8816400210","TU2020","Worship Facility","UNIVERSITY CHRISTIAN CHURCH","University Christian Church","4735 15TH AVE NE, SEATTLE, WA 98105",275490.6875,78445,78401,3.5118960736821978,31.399999618530298,"Medium Low",null,"","",48400,78401,"Y","",58,2462408.25,31.390251131365925,15224.33984375,null,"Worship Facility",62400,"Office",9940,"K-12 School",4960]
[26460,"NonResidential","4083307185","TU2020","Non-Refrigerated Warehouse","MARINER SQUARE","Mariner Square LLC","1900 N NORTHLAKE WAY, SEATTLE, WA 98103",1078783,78716,78716,13.704748716906346,52.099998474121101,"Highest Use",38,"","",78716,78716,"Y","",152.5,4103800.75,52.134264317292548,4229.93994140625,null,"Non-Refrigerated Warehouse",41275,"Office",29399,"Retail Store",6278]
[26465,"NonResidential","4083800835","TUOPT","K-12 School","ST BENEDICT SCHOOL","St. Benedict School","1707 N 49TH ST, SEATTLE, WA 98103",98448.6015625,30740,33300,3.2026220417208848,51.900001525878899,"Highest Use",92,"","",33300,33300,"Y","",77.300003051757798,1594733.625,51.878127033181521,12588.2705078125,null,"K-12 School",30740,"",null,""]
[26473,"NonResidential","4083802815","TUOPT","Supermarket/Grocery Store","Q F C","70500869 -- Wallingford","4500 WALLINGFORD AVE N, SEATTLE, WA 98103",1674540,31174,28808,53.715917110412526,296.20001220703102,"Medium High",29,"","",20800,28808,"Y","",694,9232576,296.16269968563546,35190.44921875,null,"Supermarket/Grocery Store",31174,"",null,""]
[26528,"NonResidential","8816400975","TUOPT","Office","4701 University Way Bldg","4701 University Way Bldg","4701 UNIVERSITY WAY NE, SEATTLE, WA 98105",322538,20962,20962,15.386795153134242,52.5,"Medium Low",58,"","",20962,20962,"Y","",164.80000305175801,1100499.75,52.499749546798967,null,null,"Office",20962,"Parking",7004,""]
[26529,"NonResidential","8816401015","TUOPT","Supermarket/Grocery Store","SAFEWAY STORE # 3091","Safeway 3091 - Brooklyn Ave","4732 BROOKLYN AVE NE, SEATTLE, WA 98105",1567840,25828,26226,60.703112900727895,293.79998779296898,"Medium High",37,"","",26226,26226,"Y","",741.40002441406295,7588060.5,293.79202803159365,22385.900390625,null,"Supermarket/Grocery Store",25828,"Parking",0,""]
[26587,"NonResidential","4088802669","TUOPT","Office","OFFICE BUILDING","1600 Fairview","1600 FAIRVIEW AVE E, SEATTLE, WA 98102",1816478,27991,27640,64.89507341645529,221.39999389648401,"High Outlier",null,"","",27640,27640,"Y","",695.29998779296898,6197824.5,221.42204637204816,0,null,"Office",20434,"Laboratory",7557,""]
[26593,"NonResidential","5247800481","TUOPT","Office","DEL MAR BUILDING (HOTEL DEL MAR BUILDING)","Delmar Building","108 S WASHINGTON ST, SEATTLE, WA 98104",258319.5,22840,22840,11.309960595446585,38.599998474121101,"Lowest Use",64,"","",22840,22840,"Y","",121.199996948242,881386.1875,38.589587894045536,null,null,"Office",18400,"Other",4440,""]
[26594,"NonResidential","5247800535","TUOPT","Other","107 Occidental Ave S Retail","107 Occidental Ave S","107 OCCIDENTAL AVE S, SEATTLE, WA 98104",211742.90625,19420,21420,10.903342237384139,41.700000762939503,"Medium Low",null,"","",21420,21420,"Y","",121.59999847412099,810636.875,41.74237255406797,881.70001220703102,null,"Museum",10420,"Bar/Nightclub",5000,"Supermarket/Grocery Store",2000]
[26600,"NonResidential","5247800715","TUOPT","Mixed Use Property","CADILLAC HOTEL/HISTORICAL SOCIETY","Cadillac Hotel","319 2ND AVE S, SEATTLE, WA 98104",240346.09375,26000,26000,9.2440805288461547,40.900001525878899,"Medium Low",null,"","",26000,26000,"Y","",108.90000152587901,1063035.875,40.885995192307689,2429.75,null,"Office",13000,"Other - Entertainment/Public Assembly",13000,""]
[26601,"NonResidential","5247800720","TUOPT","Office","DUNCAN BUILDING","Duncan Building","315 2ND AVE S, SEATTLE, WA 98104",375174.3125,16381,38675,22.903016451987057,118.40000152587901,"Highest Use",null,"","",19440,38675,"Y","",287.60000610351602,1938776.75,118.35521335693791,6586.81982421875,null,"Office",12100,"Restaurant",4281,""]
[26602,"Nonresidential COS","5247800725","TUOPT","Office","Fire Headquarters","Fire Headquarters","301 2ND AVE S, SEATTLE, WA 98104",613399.5,56074,49951,10.939107251132432,91.599998474121094,"Highest Use",null,"","",33592,49951,"Y","",175.19999694824199,5134446,91.565538395691405,26594.46875,382080,"Office",32039,"Other",24035,""]
[26611,"NonResidential","7129304415","TUOPT","Medical Office","NEIGHBORCARE HEALTH MEDICAL CLINIC","Rainier Beach Medical & Dental Clinic","9245 RAINIER AVE S, SEATTLE, WA 98118",529255.8125,25880,25880,20.450379153786709,75,"Medium Low",8,"","",25880,25880,"Y","",224.60000610351599,1941728.75,75.028158809891806,1359.07995605469,null,"Medical Office",25880,"",null,""]
[26657,"NonResidential","8823901075","TUOPT","Worship Facility","UNIVERSITY LUTHERAN CHURCH","University Lutheran Church","1604 NE 50TH ST, SEATTLE, WA 98105",126878.703125,34408,41013,3.6874768404150196,31.399999618530298,"Medium Low",null,"","",41013,41013,"Y","",59.299999237060497,1080821,31.411910020925365,6479.1103515625,null,"Worship Facility",32098,"Office",2310,""]
[26667,"NonResidential","8823901885","TUOPT","Other","STUDENT RELIGIOUS ASSEMBLY CENTER","Hillel Foundation","4751 17TH AVE NE, SEATTLE, WA 98105",191107.796875,21075,21075,9.0679856168446022,75,"Medium High",null,"","",21075,21075,"Y","",143.39999389648401,1581036.75,75.019537366548036,9289.7685546875,null,"Social/Meeting Hall",18075,"Office",3000,""]
[26670,"NonResidential","9528102345","TUOPT","Worship Facility","CALVARY TEMPLE CHURCH","Calvary Christian Assembly","6801 ROOSEVELT WAY NE, SEATTLE, WA 98115",222506.703125,63922,46485,3.4809095948969055,24.200000762939499,"Lowest Use",83,"","",46485,46485,"Y","",50.200000762939503,1544995.75,24.170015800506867,7858.0302734375,null,"Worship Facility",63922,"",null,""]
[26681,"NonResidential","9528103705","TUOPT","Office","RAVENNA OFFICE BUILDING","(ID#26681) RAVENNA OFFICE BLDG","444 NE RAVENNA BLVD, SEATTLE, WA 98115",292240.1875,40768,null,7.168371946134223,34.400001525878899,"Lowest Use",96,"","",40768,null,"Y","",87.199996948242202,1402048.5,34.390907083987443,4049.25024414063,null,"Office",40768,"Parking",16128,""]
[26695,"NonResidential","9528104205","TUOPT","Worship Facility","THE CHURCH IN SEATTLE","Church in Seattle","6900 WOODLAWN AVE NE, SEATTLE, WA 98115",100723.6015625,27500,27500,3.6626764204545457,21,"Lowest Use",60,"","",36572,27500,"Y","",48.200000762939503,577123.125,20.986295454545456,2334.54028320313,null,"Worship Facility",27500,"",null,""]
[26705,"NonResidential","5247800780","TUOPT","Office","GREYBAR BUILDING","Graybar Building","416 OCCIDENTAL AVE S, SEATTLE, WA 98104",158834.5,33000,36630,4.8131666666666666,16.399999618530298,"Low Outlier",90,"","",36630,36630,"Y","",51.599998474121101,541943.3125,16.422524621212123,null,null,"Office",22000,"Distribution Center",11000,""]
[26706,"NonResidential","5247800855","TUOPT","Office","MOSES BUILDING","Moses Building","312 2ND AVE S, SEATTLE, WA 98104",321210.40625,26838,26830,11.968492668976824,78.199996948242202,"Highest Use",null,"","",16111,26830,"Y","",167.5,2099386.75,78.224411282509877,10034.169921875,null,"Office",16838,"Other",10000,""]
[26708,"NonResidential","5247800875","TUOPT","Office","MOTTMAN BUILDING","Mottman Building","307 3RD AVE S, SEATTLE, WA 98104",323445.09375,41920,41920,7.7157703661736639,26.299999237060501,"Lowest Use",95,"","",34120,41920,"Y","",82.699996948242202,1103594.75,26.326210639312976,null,null,"Office",41920,"",null,""]
[26719,"NonResidential","5247801085","TUOPT","Office","FOSTER WHITE GALLERY/SEATTLE FIRE DEPT","220_3rd_ave_s_03262013","220 3RD AVE S, SEATTLE, WA 98104",316100.6875,27322,33640,11.56945639045458,39.5,"Lowest Use",70,"PTL PROPERTY LP","220 3RD AVE",32400,33640,"Y","",124,1078535.75,39.474992679891663,null,null,"Office",27322,"",null,""]
[26720,"NonResidential","5247801115","TUOPT","Non-Refrigerated Warehouse","SEATTLE LIGHTING FIXTURE COMPANY","Seattle Lighting Fixture","222 2ND AV ET S, SEATTLE, WA 98104",459273.40625,43484,43484,10.56189417371907,36,"Medium High",18,"DOLAN NORTHWEST LLC","222 2ND AVENUE EXT",31100,43484,"Y","",113.199996948242,1567040.75,36.03718034219483,null,null,"Non-Refrigerated Warehouse",26416,"Retail Store",9531,"Office",7537]
[26726,"NonResidential","5247801615","TUOPT","Mixed Use Property","BUTY BUILDING","Buty Building","501 S JACKSON ST, SEATTLE, WA 98104",287517.3125,28800,22480,9.983240017361112,34.099998474121101,"Lowest Use",null,"","",22480,22480,"Y","",107,981009.125,34.062816840277776,0,null,"Office",10800,"Other",10800,"Retail Store",7200]
[26731,"NonResidential","5247801801","TUOPT","Office","CATHAY BANK","Dearborn Bldg.","624 S DEARBORN ST, SEATTLE, WA 98134",261957.40625,30800,26510,8.5051105925324677,32,"Lowest Use",91,"","",26510,26510,"Y","",94.300003051757798,987063.6875,32.047522321428573,932.64996337890602,null,"Office",30800,"",null,""]
[26759,"NonResidential","4206900410","TUOPT","Non-Refrigerated Warehouse","DUNN LUMBER","Dunn Lumber Retail/Offices","3801 LATONA AVE NE, SEATTLE, WA 98105",274970.40625,49630,40028,5.5404071378198667,19,"Medium Low",80,"","",null,40028,"Y","",59.400001525878899,942415.1875,18.98882102558936,42.159996032714801,null,"Non-Refrigerated Warehouse",33222,"Retail Store",10208,"Office",6200]
[26761,"NonResidential","4206900485","TUOPT","Office","NORTH LAKE OFFICE BUILDING","North Lake Office Bldg.","100 NE NORTHLAKE WAY, SEATTLE, WA 98105",641281.125,26282,26282,24.400012365877789,83.300003051757798,"Highest Use",23,"","",26282,26282,"Y","",261.39999389648398,2188051.25,83.252844151891026,null,null,"Office",26282,"Parking",18228,""]
[26773,"NonResidential","8820901145","TUOPT","Worship Facility","LAKE CITY PRESBYTERIAN CHURCH","Lake City Presbyterian Church","12041 40TH AVE NE, SEATTLE, WA 98125",91769.203125,21624,21624,4.2438588200610434,30.799999237060501,"Medium Low",76,"","",21624,21624,"Y","",62.599998474121101,666687.5,30.830905475397707,3535.71020507813,null,"Worship Facility",21624,"",null,""]
[26808,"SPS-District K-12","9528104870","TUOPT","K-12 School","GREENLAKE SCHOOL (SPS-DISTRICT)","Green Lake Elementary","6505 1ST AVE NE, SEATTLE, WA 98115",265061,48799,42239,5.4316891739584827,44.299999237060497,"Medium High",82,null,null,42239,42239,"Y","",85.300003051757798,2163554.75,44.336046845222235,12591.6669921875,null,"K-12 School",48799,"",null,""]
[26821,"SPS-District K-12","9550202395","TUOPT","K-12 School","MCDONALD (SPS-DISTRICT)","McDonald International School","120 NE 54TH ST, SEATTLE, WA 98105",271387.5,51026,49234,5.3186120801160195,26.600000381469702,"Lowest Use",91,null,null,49234,49234,"Y","",65.900001525878906,1359464.25,26.642579273311647,4334.89990234375,null,"K-12 School",51026,"",null,""]
[26833,"NonResidential","5247801875","TUOPT","Office","SIXTH & KING ASSOCIATES","Sixth & King Associates","601 S KING ST, SEATTLE, WA 98104",313318.1875,21600,21600,14.505471643518518,71.300003051757798,"Highest Use",null,"","",21600,21600,"Y","",178.30000305175801,1539176.625,71.258177083333337,4701.35009765625,null,"Office",11600,"Restaurant",10000,""]
[26838,"NonResidential","5247801965","TUOPT","Hotel","PANAMA HOTEL","Panama Hotel","605 S MAIN ST, SEATTLE, WA 98104",66657.3984375,40552,40552,1.6437511944540344,29.600000381469702,"Lowest Use",99,"","",40552,40552,"Y","",42.799999237060497,1200180.875,29.596095753600316,9727.4599609375,null,"Hotel",40552,"",null,""]
[26847,"NonResidential","5247802080","TUOPT","Office","NIPPON KAN/KOBE PARK BUILDING","KOBE PARK BUILDING","633 YESLER WAY, SEATTLE, WA 98104",421914.5,31432,31432,13.423087935861542,45.799999237060497,"Medium Low",null,"","",30184,31432,"Y","",143.80000305175801,1439572.375,45.799579250445404,null,null,"Office",23059,"Other",7125,"Multifamily Housing",1248]
[26849,"NonResidential","5247802260","TUOPT","Retail Store","C & T BLDG","C & T BLDG","650 S JACKSON ST, SEATTLE, WA 98104",26436.400390625,24550,24550,1.0768391197810592,8.3999996185302699,"Low Outlier",100,"","",24550,24550,"N","",16.399999618530298,204995.09375,8.3501056517311607,1147.94018554688,null,"Retail Store",13500,"Office",11050,""]
[26870,"SPS-District K-12","4206901020","TU2021","K-12 School","JOHN STANFORD INT'L (LATONA)  ELEMENTARY (SPS-DISTRICT)","John Stanford Int'l Elementary","400 NE 42ND ST, SEATTLE, WA 98105",492994.40625,61052,61052,8.0749919126318552,37.400001525878899,"Medium Low",81,null,null,61052,61052,"Y","",96.900001525878906,2285720.25,37.438908635261747,6036.23291015625,null,"K-12 School",61052,"",null,""]
[26883,"NonResidential","4226900030","TUOPT","Other","WASHINGTON HALL","Washington Hall","153 14TH AVE, SEATTLE, WA 98122",127069,21784,25864,5.8331344105765703,47.200000762939503,"Medium Low",null,"","",25864,25864,"Y","",91.199996948242202,1028277.3125,47.203328704553797,5947.1796875,null,"Social/Meeting Hall",13364,"Office",8420,""]
[26924,"Nonresidential COS","9821700009","TUOPT","Mixed Use Property","YESLER COMMUNITY CENTER","Yesler Community Center","917 E YESLER WAY, SEATTLE, WA 98122",232104.40625,22347,22388,10.386378764487404,99.199996948242202,"Highest Use",null,"","",22388,22388,"Y","",178.30000305175801,2217620,99.235691591712538,14256.7998046875,null,"Other - Recreation",11074,"Fitness Center/Health Club/Gym",8183,"Parking",6569]
[26930,"NonResidential","9826700565","TU2020","Senior Care Community","SEATTLE KEIRO","Seattle Keiro","1601 E YESLER WAY, SEATTLE, WA 98122",1204878,74840,null,16.099385355424907,110.5,"Highest Use",48,"","",66788,null,"Y","",230.80000305175801,8268496.5,110.48231560662747,41574.53515625,null,"Senior Care Community",74840,"",null,""]
[26933,"Nonresidential COS","9826700795","TUOPT","Other","YESLER NEIGHBORHOOD FACILITY","Langston Hughes Performing Arts Center","1601 E YESLER WAY, SEATTLE, WA 98122",169077.40625,30890,20992,5.4735320896730331,80.099998474121094,"Medium High",null,"","",20992,20992,"Y","",123.09999847412099,2473302,80.068047911945612,18964.099609375,null,"Performing Arts",24600,"Social/Meeting Hall",4625,"Other - Education",1665]
[26939,"NonResidential","9826701245","TUOPT","K-12 School","FIRST PLACE","First Place","172 20TH AVE, SEATTLE, WA 98122",162832.90625,22344,22344,7.2875450344611528,68.099998474121094,"Highest Use",40,"","",22344,22344,"Y","",123.5,1522596.75,68.143427765843185,9670.109375,null,"K-12 School",22344,"",null,""]
[26956,"NonResidential","9831200125","TUOPT","College/University","Cornish (Kerry Hall)","Kerry Hall","710 E ROY ST, SEATTLE, WA 98102",220900.59375,26000,31900,8.4961766826923082,94.800003051757798,"Medium High",null,"","",31900,31900,"Y","",160.19999694824199,2466100,94.85,17123.87109375,null,"College/University",26000,"",null,""]
[26961,"Nonresidential COS","6021504080","TUOPT","Other","LOYAL HEIGHTS COMMUNITY CENTER","Loyal Heights Community Center","2101 NW 77TH ST, SEATTLE, WA 98117",193124.296875,29732,29417,6.4955030564711418,54.900001525878899,"Medium Low",null,"","",25667,29417,"Y","",103.90000152587901,1631479.125,54.872834824431585,9725.390625,null,"Other - Recreation",18489,"Fitness Center/Health Club/Gym",8946,"Pre-school/Daycare",1445]
[26986,"NonResidential","6087100195","TUOPT","Supermarket/Grocery Store","ADMIRAL METROPOLITAN MARKET","Admiral","2320 42ND AVE SW, SEATTLE, WA 98116",1865567,31841,31841,58.590088250997141,412.70001220703102,"Highest Use",null,"","",30899,31841,"Y","",851.09997558593795,13140574,412.69350836971199,67752.5859375,null,"Supermarket/Grocery Store",30899,"Office",942,""]
[26994,"NonResidential","5332200210","TUOPT","Mixed Use Property","ARBORETUM COURT II","Arboretum Court 2","3130 E MADISON ST, SEATTLE, WA 98112",425240.40625,21036,null,20.214889059231794,130.10000610351599,"Highest Use",null,"","",21036,null,"Y","",280.70001220703102,2735811.5,130.05378874310705,12848.91015625,null,"Parking",11021,"Fitness Center/Health Club/Gym",8164,"Office",7280]
[26997,"NonResidential","5335200281","TUOPT","Mixed Use Property","TRADER JOE'S - AAA","Trader Joes/AAA","4555 ROOSEVELT WAY NE, SEATTLE, WA 98105",1656574,32838,32928,50.44686034472258,172.10000610351599,"Highest Use",9,"","",32928,32928,"Y","",540.5,5652231,172.12470308788599,null,null,"Parking",24288,"Retail Store",16710,"Office",16128]
[27007,"NonResidential","5364200005","TUOPT","Worship Facility","SEATTLE COMMUNITY CHURCH","Seattle Community Church","4501 46TH AVE NE, SEATTLE, WA 98105",30692.30078125,20039,20039,1.5316283637531813,5.1999998092651403,"Lowest Use",100,"","",20039,20039,"Y","",16.399999618530298,104722.296875,5.2259242913818058,null,null,"Worship Facility",20039,"",null,""]
[27008,"SPS-District K-12","5364200330","TU2021","K-12 School","LAURELHURST K-8 (SPS-DISTRICT)","Laurelhurst Elementary","4530 46TH AVE NE, SEATTLE, WA 98105",197485.796875,57247,54943,3.4497143409261621,36.099998474121101,"Lowest Use",94,null,null,54943,54943,"Y","",62.5,2065368.25,36.078191870316346,13915.466796875,null,"K-12 School",57247,"",null,""]
[27013,"NonResidential","5367200820","TUOPT","Non-Refrigerated Warehouse","NORTHWEST WHOLESALE FLORISTS","Northwest Wholesale Florists","525 S FRONT ST, SEATTLE, WA 98108",272891.1875,41256,44476,6.6145818184021721,33.200000762939503,"Medium High",33,"","",41256,44476,"Y","",82,1368120.5,33.161734050804732,4370.1572265625,null,"Non-Refrigerated Warehouse",41256,"",null,""]
[27016,"NonResidential","5367201500","TUOPT","Office","PACIFIC GEORGETOWN CENTER LLC","Pacific Georgetown Center, LLC","6363 7TH AVE S, SEATTLE, WA 98108",265132.3125,30019,35017,8.8321500549651883,43.200000762939503,"Medium Low",66,"","",null,35017,"Y","",108.300003051758,1295485.25,43.155509843765614,3908.54052734375,null,"Office",19785,"Non-Refrigerated Warehouse",10234,"Parking",0]
[27042,"Multifamily MR (5-9)","8849050000","TU2021","Multifamily Housing","UWAJIMAYA VILLAGE","Uwajimaya Village","512 S WELLER ST, SEATTLE, WA 98104",4211203,223150,null,18.87162446784674,86.199996948242202,"Highest Use",69,"","",66772,null,"Y","",225.10000610351599,19234064,86.19343042796325,48654.4140625,null,"Multifamily Housing",156378,"Parking",71557,"Retail Store",66772]
[27080,"NonResidential","3881900570","TUOPT","Worship Facility","CHURCH","Japanese Presbyterian Church","1801 24TH AVE S, SEATTLE, WA 98144",36306.5,22962,22952,1.5811558226635309,20.5,"Lowest Use",98,"","",22952,22952,"Y","",32.799999237060497,470666.6875,20.497634679034928,3467.89013671875,null,"Worship Facility",22962,"Parking",0,""]
[27100,"Multifamily HR (10+)","6094680000","TU2019","Multifamily Housing","FOUR SEASONS HOTEL & 99 UNION STREET PRIVATE RESIDENCES","Four Seasons Hotel","99 UNION ST, SEATTLE, WA 98101",7131493,326516,null,21.841174705068052,181,"High Outlier",1,"","",154273,null,"Y","",355,59107620,181.02518712712393,151202.046875,19654762,"Multifamily Housing",172243,"Hotel",137738,"Retail Store",16535]
[27117,"NonResidential","5367201635","TUOPT","Non-Refrigerated Warehouse","N W WAREHOUSE","N W WAREHOUSE","6540 5TH PL S, SEATTLE, WA 98108",78199,21040,21040,3.7166825095057034,28.100000381469702,"Medium High",43,"","",21040,21040,"Y","",56.099998474121101,592088.125,28.141070579847909,3252.73022460938,null,"Non-Refrigerated Warehouse",21040,"",null,""]
[27122,"NonResidential","5367201865","TUOPT","Non-Refrigerated Warehouse","CEDAR HEIGHTS","Cedar Heights","6535 5TH PL S, SEATTLE, WA 98108",149629.59375,30000,28032,4.9876531249999996,44,"Medium High",52,"","",26832,28032,"Y","",81.800003051757798,1321065,44.035499999999999,8105.2900390625,null,"Non-Refrigerated Warehouse",30000,"",null,""]
[27131,"NonResidential","5367204010","TUOPT","Distribution Center","PACIFIC RUBBER","Pacific Rubber Inc","6720 E MARGINAL WAY S, SEATTLE, WA 98108",55670.8984375,25620,25620,2.172946855483997,21.5,"Medium Low",82,"","",24000,25620,"Y","",38,550324.1875,21.48025712334114,3603.75,null,"Distribution Center",25620,"",null,""]
[27141,"NonResidential","5391600310","TUOPT","Non-Refrigerated Warehouse","TSUE CHONG FOODS","(ID27141) TSUE CHONG BUILDING","800 S WELLER ST, SEATTLE, WA 98104",478450.1875,33238,33238,{"$f":"I1410/J1410","v":14.394674393766172},49.099998474121101,"Highest Use",14,"","",33238,33238,"Y","",154.19999694824199,1632472,{"$f":"W1410/J1410","v":49.114627835609845},null,null,"Non-Refrigerated Warehouse",33238,"",null,""]
[27142,"NonResidential","5392100010","TUOPT","K-12 School","ST JAMES CATHEDRAL PLACE","St. James Cathedral Place","803 TERRY AVE, SEATTLE, WA 98104",154882.703125,11093,27800,13.962201669972055,106.5,"Highest Use",8,"","",27800,27800,"Y","",211.39999389648401,1181428.75,106.50218606328315,6529.68994140625,null,"K-12 School",11093,"",null,""]
[27145,"NonResidential","5530510000","TU2018","Office","MILLENNIUM TOWER","719 2nd Ave (Millennium Tower)","715 2ND AVE, SEATTLE, WA 98104",3889416,227978,null,17.06048829273,58.200000762939503,"Medium High",82,"","",199736,null,"Y","2017, 2016",182.80000305175801,13270687,58.210384335330602,null,null,"Office",222807,"Parking",78049,"Bank Branch",5171]
[27162,"NonResidential","5637500005","TUOPT","Supermarket/Grocery Store","WEST SEATTLE THRIFTWAY","West Seattle Thriftway","4201 SW MORGAN ST, SEATTLE, WA 98136",1620310,31746,33706,51.039816039816039,273.70001220703102,"Medium High",22,"","",32726,33706,"Y","",651.29998779296898,8687690,273.66250866250869,31591.935546875,null,"Supermarket/Grocery Store",31746,"",null,""]
[27184,"NonResidential","7443001620","TUOPT","Mixed Use Property","WAREHOUSE","property #10","1050 W EWING ST, SEATTLE, WA 98119",138408.296875,37600,37600,3.6810717253989362,57.799999237060497,"Medium High",null,"","",32460,37600,"Y","",86.900001525878906,2171751.5,57.75934840425532,16995.0234375,null,"Non-Refrigerated Warehouse",18400,"Other",16200,"Office",3000]
[27205,"SPS-District K-12","7474900060","TUOPT","K-12 School","VIEWLANDS ELEMENTARY (SPS-DISTRICT)","Viewlands Elementary","10505 3RD AVE NW, SEATTLE, WA 98177",256386.90625,42128,42128,6.085902636014052,40.200000762939503,"Medium Low",93,null,null,42128,42128,"Y","2016",85.599998474121094,1693178.875,40.191294981959743,8183.86669921875,null,"K-12 School",42128,"",null,""]
[27231,"SPS-District K-12","4443801580","TUOPT","K-12 School","LOYAL HEIGHTS (SPS-DISTRICT)","Loyal Heights Elementary","2501 NW 80TH ST, SEATTLE, WA 98117",179001.796875,46545,44753,3.8457792861746696,52.700000762939503,"Highest Use",86,null,null,44753,44753,"Y","",82.699996948242202,2451870.5,52.677419701364272,18411.1640625,null,"K-12 School",46545,"",null,""]
[27244,"NonResidential","7502500045","TUOPT","Other","KNIGHTS OF COLUMBUS BLDG","Knights of Columbus","722 E UNION ST, SEATTLE, WA 98122",166203.296875,33708,33708,4.9306780845793288,23.299999237060501,"Lowest Use",null,"","",33196,33708,"Y","",60.400001525878899,786324,23.327518689925242,527.5,166488.40625,"Other",33708,"",null,""]
[27303,"NonResidential","6632300641","TUOPT","Other","CENTURYLINK: EMERSON MAIN","EMERSON","1249 NE 145TH ST, SEATTLE, WA 98155",1753057,47661,47237,36.781792241035646,125.5,"Highest Use",null,"","",47237,47237,"Y","",394.10000610351602,5981430,125.49946497136023,null,null,"Other",47661,"",null,""]
[27365,"SPS-District K-12","6658000060","TU2021","K-12 School","ADAMS ELEMENTARY (SPS-DISTRICT)","Adams Elementary","6110 28TH AVE NW, SEATTLE, WA 98107",479775.40625,60882,57298,7.8804146751092281,26.899999618530298,"Lowest Use",89,null,null,57298,57298,"Y","",84.400001525878906,1636993.75,26.887975920633355,null,null,"K-12 School",60882,"",null,""]
[27381,"NonResidential","6746700035","TUOPT","Worship Facility","CROSS AND CROWN CHURCH","Cross & Crown Church","4554 12TH AVE NE, SEATTLE, WA 98105",82789.6015625,26373,26373,3.1391802814431427,36.599998474121101,"Medium High",75,"","",19683,26373,"Y","",60.799999237060497,964236,36.561483335229212,6817.580078125,null,"Worship Facility",26373,"",null,""]
[27389,"NonResidential","4114601145","TU2020","Office","LESCHI LAKE CENTER","Leschi Lakecenter","120 LAKESIDE AVE, SEATTLE, WA 98122",1056785,75868,75868,13.929258712500658,47.5,"Medium Low",null,"","",75868,75868,"Y","",149.19999694824199,3605749.75,47.526621895924499,null,null,"Office",50379,"Restaurant",12622,"Retail Store",6662]
[27406,"NonResidential","4232401365","TUOPT","Mixed Use Property","GREENLIND BUILDING","The GreenLind Building","340 15TH AVE E, SEATTLE, WA 98112",212848.203125,21656,21656,9.8286019174824535,74.300003051757798,"Medium High",null,"","",21636,21656,"Y","",148.10000610351599,1607972.25,74.25065801625415,8817.33984375,null,"Other - Entertainment/Public Assembly",5656,"Other - Public Services",5561,"Restaurant",5090]
[27455,"Nonresidential COS","4232903170","TUOPT","Distribution Center","Seattle Public Library - Queen Anne Storage","The Seattle Public Library - Queen Anne Storage Facility","1529 4TH AVE W, SEATTLE, WA 98119",123514.1015625,23040,23040,5.3608551025390625,18.299999237060501,"Lowest Use",null,"","",17760,23040,"Y","",57.400001525878899,421430,18.291232638888889,null,null,"Distribution Center",23040,"",null,""]
[27456,"NonResidential","4232903455","TUOPT","Other","CENTURYLINK: ATWATER CO","ATWATER","1503 3RD AVE W, SEATTLE, WA 98119",1596447,34856,36771,45.801210695432637,156.30000305175801,"Highest Use",null,"","",36771,36771,"Y","",490.70001220703102,5447076.5,156.27371184301126,null,null,"Other",34856,"",null,""]
[27482,"NonResidential","7327901685","TUOPT","Non-Refrigerated Warehouse","CHEMITHON","8000 5th Ave S","8000 5TH AVE S, SEATTLE, WA 98108",110132.8984375,24024,24024,4.5842864817474194,15.6000003814697,"Medium Low",null,"","",24024,24024,"Y","",49.099998474121101,375773.59375,15.641591481435231,null,null,"Non-Refrigerated Warehouse",14314,"Other - Services",9710,""]
[27488,"NonResidential","7327903120","TUOPT","Non-Refrigerated Warehouse","WESTCO WIRE ROPE","West Coast Wire Rope & Rigging Inc","7777 7TH AVE S, SEATTLE, WA 98108",139015.296875,42420,42420,3.2771168523102312,22.799999237060501,"Medium Low",34,"","",42420,42420,"Y","",47.299999237060497,965425.1875,22.758726720886376,4911.05029296875,null,"Non-Refrigerated Warehouse",27420,"Other",10000,"Office",5000]
[27494,"NonResidential","7327904585","TUOPT","Distribution Center","PWA INC","Pacific Western Agencies","7700 2ND AVE S, SEATTLE, WA 98108",82753.203125,36982,36982,2.2376616495862853,10.1000003814697,"Lowest Use",null,"","",36982,36982,"Y","",26.600000381469702,374753.8125,10.133411186523173,923.99792480468795,null,"Distribution Center",34382,"Office",2600,""]
[27504,"NonResidential","7327906465","TUOPT","Non-Refrigerated Warehouse","WHECO","WHECO","7417 4TH AVE S, SEATTLE, WA 98108",128741.796875,23376,23400,5.5074348423596851,18.799999237060501,"Medium Low",null,"","",23400,23400,"Y","",59,439266.90625,18.79136320371321,null,null,"Non-Refrigerated Warehouse",20002,"Office",3374,"Parking",0]
[27532,"NonResidential","5457300570","TUOPT","Other","COLOR CRAFT","Color Craft Building","621 2ND AVE N, SEATTLE, WA 98109",141280,29120,30720,4.8516483516483513,57.799999237060497,"Medium Low",null,"","",30720,30720,"Y","",95.300003051757798,1683064.25,57.797536057692305,12010.169921875,null,"Other",28120,"Parking",1600,"Office",1000]
[27553,"NonResidential","7376600035","TUOPT","Non-Refrigerated Warehouse","DAE II","DAE II","676 S INDUSTRIAL WAY, SEATTLE, WA 98108",37331.19921875,23232,23232,1.6068870187134126,5.5,"Lowest Use",null,"","",23232,23232,"Y","",17.200000762939499,127374,5.4826962809917354,null,null,"Non-Refrigerated Warehouse",23232,"",null,""]
[27554,"NonResidential","7376600060","TUOPT","Non-Refrigerated Warehouse","L&W FOOD CORPORATION","L&W Food Corporation","651 S INDUSTRIAL WAY, SEATTLE, WA 98108",246589.703125,32546,35046,7.576651604651877,32.700000762939503,"Medium High",100,"","",29808,35046,"Y","",88.300003051757798,1063269.125,32.669732839673081,2219.05004882813,null,"Non-Refrigerated Warehouse",32546,"",null,""]
[27561,"NonResidential","7376600250","TUOPT","Refrigerated Warehouse","OVERSEAS CASING CO","OVERSEA CASING CO.","4318 6TH AVE S, SEATTLE, WA 98108",212094.90625,25577,25577,8.2924074852406466,35,"Medium Low",null,"","",21929,25577,"Y","",95.900001525878906,895784.6875,35.023055381788325,1721.17004394531,null,"Refrigerated Warehouse",13349,"Non-Refrigerated Warehouse",8228,"Office",4000]
[27562,"NonResidential","7376600270","TUOPT","Non-Refrigerated Warehouse","AUTO-CHLOR SYSTEM","MVI 7th Avenue","4329 7TH AVE S, SEATTLE, WA 98108",118716.8984375,42844,43380,2.7709107094925778,9.5,"Lowest Use",89,"","",42140,43380,"Y","",29.700000762939499,405062,9.4543459994398287,null,null,"Non-Refrigerated Warehouse",42844,"",null,""]
[27567,"NonResidential","4452300055","TUOPT","Office","410 ASSOCIATES OFFICE BLDG","4010 Associates","4010 STONE WAY N, SEATTLE, WA 98103",423259.1875,20410,20410,20.737833782459578,133.30000305175801,"Highest Use",8,"","",20410,20410,"Y","",287.79998779296898,2720238.25,133.27967907888291,12760.7802734375,null,"Office",20410,"",null,""]
[27597,"SPS-District K-12","6411600312","TUOPT","K-12 School","NORTHGATE ELEMENTARY SCHOOL (SPS-DISTRICT)","Northgate Elementary","11725 1ST AVE NE, SEATTLE, WA 98125",221065.203125,45174,45174,4.8936380025014392,42.700000762939503,"Medium High",85,null,null,45174,45174,"Y","",79.699996948242202,1927697.75,42.672726568380043,11734.2333984375,null,"K-12 School",45174,"",null,""]
[27598,"NonResidential","6411600330","TUOPT","Worship Facility","ST. ANDREW KIM","St. Andrew Kim","11700 1ST AVE NE, SEATTLE, WA 98125",93788.3984375,24955,24955,3.7583008790823484,27.600000381469702,"Medium Low",47,"","",17215,24955,"Y","",55.799999237060497,689803,27.641875375676218,3697.97021484375,null,"Worship Facility",24955,"",null,""]
[27668,"NonResidential","5016001680","TUOPT","Other","VIRGINIA MASON - BAILEY BOUSHAY HOUSE","Bailey Boushay House","2720 E MADISON ST, SEATTLE, WA 98112",1056210,34074,null,30.997534777249516,250.10000610351599,"Highest Use",null,"","",30234,null,"Y","",483.70001220703102,8521989,250.10239478781475,49182,null,"Other/Specialty Hospital",34074,"",null,""]
[27673,"NonResidential","5017300000","TU2018","Hotel","HOTEL 1000","Hotel1000","1000 1ST AVE, SEATTLE, WA 98104",3198978,198400,370327,16.123881048387098,88,"Medium High",23,"","",133161,370327,"Y","",207.39999389648401,17457560,87.991733870967735,65426.46484375,null,"Hotel",198400,"Parking",52400,""]
[27703,"NonResidential","6413600295","TU2020","Worship Facility","International Full Gospel Fellowship (Church & Daycare)","(ID27703) International Full Gospel Fellowship","12345 8TH AVE NE, SEATTLE, WA 98125",168007.203125,76475,76475,2.1968905279503104,23.100000381469702,"Lowest Use",null,"","",0,76475,"Y","",39.900001525878899,1765813.625,23.09007682249101,11925.7294921875,null,"Worship Facility",45442,"Other - Education",31033,""]
[27704,"NonResidential","6413600296","TUOPT","K-12 School","NORTHEND JEWISH SCHOOL","Seattle Jewish Community School","12351 8TH AVE NE, SEATTLE, WA 98125",130908.296875,32961,32961,3.9716118101695943,47.700000762939503,"Medium High",86,"","",32961,32961,"Y","",78.400001525878906,1573155,47.727769181760259,11264.9599609375,null,"K-12 School",32961,"",null,""]
[27799,"Campus","6600000120","TU2019","K-12 School","THE BUSH SCHOOL - MIDDLE AND LOWER SCHOOL CAMPUS","The Bush School - Lower / Middle School","3400 E HARRISON ST, SEATTLE, WA 98112",379474.5,109794,109794,3.4562407781846001,30,"Lowest Use",87,"","",20520,109794,"Y","",56.200000762939503,3296526.25,30.024648432519083,20017.591796875,null,"K-12 School",109794,"",null,""]
[27821,"NonResidential","5724500615","TUOPT","Supermarket/Grocery Store","QUALITY FOOD CENTER (QFC) SUPERMARKET","70500866 -- Northgate","11100 ROOSEVELT WAY NE, SEATTLE, WA 98125",1736111,46978,44755,36.955830388692583,245.19999694824199,"Medium Low",56,"","",41431,44755,"Y","",521,11521140,245.24543403295161,55975.2890625,null,"Supermarket/Grocery Store",46978,"",null,""]
[27825,"NonResidential","6003000020","TUOPT","Other","AKER'S VOLKS-PORSCHE REPAIR","AKER'S VOLKS-PORSCHE REPAIR (ID27825)","1414 BROADWAY, SEATTLE, WA 98122",40236.19921875,22320,22320,1.8026970976142473,9.3999996185302699,"Lowest Use",null,"","",22320,22320,"Y","",22.700000762939499,209644.90625,9.3926929323476696,723.59002685546898,null,"Repair Services (Vehicle, Shoe, Locksmith, etc)",22320,"",null,""]
[27828,"NonResidential","6003000035","TUOPT","Mixed Use Property","BROADWAY AND E PIKE BUILDING","905 E Pike St","905 E PIKE ST, SEATTLE, WA 98122",256742.203125,24000,24000,10.697591796875001,38.799999237060497,"Medium Low",null,"","",null,24000,"Y","",117.09999847412099,932083.5,38.836812500000001,560.78997802734398,null,"Office",12000,"Other",6000,"Retail Store",6000]
[27829,"NonResidential","6003000065","TUOPT","Office","EAST PIKE BUILDING","12th and Pike","1205 E PIKE ST, SEATTLE, WA 98122",228814.90625,21228,21228,10.77891964622197,36.799999237060497,"Lowest Use",68,"","",21228,21228,"Y","",115.5,780716.375,36.777669822875446,null,null,"Office",21228,"",null,""]
[27830,"NonResidential","6003000070","TUOPT","Office","ELYSIAN BREWING CO & OFFICES","ELYSIAN BREWING CO & OFFICES","1221 E PIKE ST, SEATTLE, WA 98122",97975.3984375,23422,23422,4.183050057104432,115.40000152587901,"Highest Use",65,"","",22272,23422,"Y","",151,2701872,115.35616087439159,23675.80078125,null,"Office",23422,"",null,""]
[27833,"NonResidential","7234600405","TUOPT","Other","SOUND MENTAL HEALTH","Sound Mental Health","1600 E OLIVE ST, SEATTLE, WA 98122",954597.8125,38879,27551,24.553044381285527,86.699996948242202,"Medium High",null,"","",27551,27551,"Y","",266.10000610351602,3371659.75,86.721874276601767,1145.71997070313,null,"Urgent Care/Clinic/Other Outpatient",38879,"",null,""]
[27869,"NonResidential","6003000220","TUOPT","Non-Refrigerated Warehouse","AUTO ACCESSORIES INC","Auto Accessories Inc.","1520 13TH AVE, SEATTLE, WA 98122",21349.599609375,23040,23040,0.92663192749023438,3.5,"Lowest Use",99,"","",23040,23040,"Y","",10.199999809265099,79711.796875,3.4597134060329862,68.670005798339801,null,"Non-Refrigerated Warehouse",23040,"",null,""]
[27874,"NonResidential","6003000375","TU2021","Non-Refrigerated Warehouse","PUBLIC STORAGE","20172- Seattle / Capitol","1515 13TH AVE, SEATTLE, WA 98122",174659,61880,61880,2.8225436328377507,9.6000003814697301,"Lowest Use",66,"","",null,61880,"Y","",30.200000762939499,595936.5,9.6305187459599217,0,null,"Non-Refrigerated Warehouse",61880,"",null,""]
[27882,"NonResidential","6003000605","TUOPT","Office","A E I","900 E Pine St","900 E PINE ST, SEATTLE, WA 98122",300191.09375,26668,27938,11.256603185465726,38.5,"Lowest Use",97,"","",27938,27938,"Y","",120.699996948242,1027394.3125,38.525360450727462,31.421899795532202,null,"Office",13911,"Retail Store",12757,""]
[27891,"NonResidential","6746701575","TUOPT","Other","UNIVERSITY PORSCHE AUDI","University VW","4740 ROOSEVELT WAY NE, SEATTLE, WA 98105",475866.6875,42230,21600,11.268451041913332,38.400001525878899,"Lowest Use",null,"","",21600,21600,"Y","",120.699996948242,1623657,38.447951693109161,null,null,"Other - Services",32580,"Retail Store",9650,""]
[27892,"Nonresidential COS","6746701655","TUOPT","Other","FIRE STATION 17","Fire Station 17","1050 NE 50TH ST, SEATTLE, WA 98105",282657,21886,27908,12.914968472996437,92.699996948242202,"Medium High",null,"","",23537,27908,"Y","",189.39999389648401,2028125.625,92.667715662980896,10637,null,"Other",21886,"",null,""]
[27901,"Campus","6600000385","TUOPT","K-12 School","THE BUSH SCHOOL - UPPER SCHOOL CAMPUS","The Bush School - Upper School","3400 E HARRISON ST, SEATTLE, WA 98112",193273.90625,30562,30562,6.3239940530724432,53.099998474121101,"Highest Use",69,"","",16456,30562,"Y","",100.800003051758,1622231.375,53.080013578954258,9627.8095703125,null,"K-12 School",30562,"",null,""]
[27903,"NonResidential","6600770000","TU2021","Retail Store","PACIFIC RIM CENTER COMMERCIAL","(ID27903) PACIFIC RIM CENTER","900 S JACKSON ST, SEATTLE, WA 98104",1006654,54969,null,18.313121941457911,67.699996948242202,"Medium High",67,"","",54969,null,"Y","",201.69999694824199,3724098.25,67.749063108297406,2893.93994140625,null,"Retail Store",54969,"",null,""]
[27922,"NonResidential","7234600135","TUOPT","K-12 School","TEMPLE DE HIRSCH","Seattle Temple","1424 15TH AVE, SEATTLE, WA 98122",267222.40625,64580,36825,4.1378508245586865,27.200000762939499,"Lowest Use",null,"","",36825,36825,"Y","",58,1755072.75,27.176722669557137,8433.1005859375,null,"K-12 School",44340,"Worship Facility",10415,"Social/Meeting Hall",4925]
[27928,"NonResidential","7234600310","TUOPT","Office","JEWISH FAMILY SERVICE","Jewish Family Service","1601 16TH AVE, SEATTLE, WA 98122",357342.8125,31822,25834,11.229426575953743,65.199996948242202,"Medium High",73,"","",25834,25834,"Y","",148.60000610351599,2076289.625,65.246987147256618,8570.3603515625,null,"Office",31822,"",null,""]
[27947,"NonResidential","6762700860","TUOPT","Worship Facility","ST MARKS CATHEDRAL","ST MARKS CATHEDRAL","1245 10TH AVE E, SEATTLE, WA 98102",220347.796875,52225,37700,4.2192014719961701,66.699996948242202,"Highest Use",38,"","",37700,37700,"Y","",100.09999847412099,3481727.5,66.66783149832456,27299.0078125,null,"Worship Facility",52225,"",null,""]
[27955,"SPS-District K-12","6788200735","TUOPT","K-12 School","MONTLAKE SCHOOL (SPS-DISTRICT)","Montlake Elementary","2405 22ND AVE E, SEATTLE, WA 98112",129154,27273,27273,4.7355993106735603,43.099998474121101,"Medium High",91,null,null,27273,27273,"Y","",79.099998474121094,1176226.75,43.127882887837785,7355.533203125,null,"K-12 School",27273,"",null,""]
[27982,"NonResidential","4310701210","TUOPT","Office","OFFICE BUILDING","9620 Stone Ave N","9620 STONE AVE N, SEATTLE, WA 98103",163329.09375,22106,25111,7.3884508165204021,43.200000762939503,"Medium Low",77,"","",25111,25111,"Y","",98,954352.6875,43.171658712566725,3970.73999023438,null,"Office",14256,"Non-Refrigerated Warehouse",7850,"Parking",0]
[28019,"NonResidential","6822100520","TUOPT","Worship Facility","OUR LADY OF FATIMA CHURCH & RECTORY","Our Lady of Fatima Church & Rectory","3218 W BARRETT ST, SEATTLE, WA 98199",119396,31805,31805,3.7540009432479171,51.599998474121101,"Highest Use",10,"","",14032,31805,"Y","",81,1641667,51.616632604936328,12342.8798828125,null,"Worship Facility",31805,"",null,""]
[28020,"NonResidential","6822100520","TUOPT","K-12 School","OUR LADY OF FATIMA SCHOOL & GYM","Our Lady of Fatima School & Gym","3301 W DRAVUS ST, SEATTLE, WA 98199",148240.203125,20811,20811,7.1231657837201476,60.900001525878899,"Highest Use",95,"","",20811,20811,"Y","",114.699996948242,1267348.5,60.898010667435493,7615.52978515625,null,"K-12 School",20811,"",null,""]
[28025,"Nonresidential COS","6834700175","TUOPT","Non-Refrigerated Warehouse","CSC Meter Shop (G)","CSC Meter Shop (G)","1010 8TH AVE S, SEATTLE, WA 98134",248454.5,19930,22058,12.466357250376317,null,"",null,"","",22058,22058,"N","",null,null,0,null,null,"Non-Refrigerated Warehouse",12644,"Office",7286,""]
[28029,"NonResidential","7376600690","TUOPT","Refrigerated Warehouse","PLYMOUTH POULTRY","Plymouth Poultry","4500 7TH AVE S, SEATTLE, WA 98108",2614893,46342,22890,56.425985067541326,215.89999389648401,"Highest Use",null,"","",20400,22890,"Y","",629.09997558593795,10005787,215.9118510206724,10837.7099609375,null,"Refrigerated Warehouse",43452,"Office",2890,""]
[28033,"NonResidential","7376600765","TUOPT","Distribution Center","PARK MANOR APTS LLC","Park Manor, LLC","601 S SNOQUALMIE ST, SEATTLE, WA 98108",997545.3125,28320,28320,35.224057644774014,149.60000610351599,"Highest Use",1,"","",28320,28320,"Y","",408.29998779296898,4236396.5,149.59027189265538,8327.7197265625,null,"Distribution Center",28320,"Parking",0,""]
[28053,"NonResidential","4361200005","TUOPT","Worship Facility","CONGREGATION BETH SHALOM","(ID28053)CONGREGATION BETH SHALOM","6800 35TH AVE NE, SEATTLE, WA 98115",149800,29079,29079,5.1514838887169434,29.600000381469702,"Medium Low",78,"","",29079,29079,"Y","",67.800003051757798,861643.6875,29.631132002476015,3505.26000976563,null,"Worship Facility",29079,"",null,""]
[28081,"NonResidential","7442000545","TUOPT","Office","BROWN BEAR CAR WASH","Brown Bear Car Wash","3977 LEARY WAY NW, SEATTLE, WA 98107",373464.1875,21800,20535,17.131384747706424,84.199996948242202,"Highest Use",7,"","",18055,20535,"Y","",210.60000610351599,1835804,84.211192660550452,5615.43994140625,null,"Office",13600,"Distribution Center",8200,""]
[28086,"NonResidential","7442001430","TUOPT","Other","ENVIRONMENTAL LAB - KING COUNTY","Environmental Laboratory","322 W EWING ST, SEATTLE, WA 98119",1542928,43025,43025,35.861196978500871,218.30000305175801,"Highest Use",null,"","",43025,43025,"Y","",485,9393108,218.31744334689134,41286.3828125,null,"Laboratory",29527,"Other",13498,""]
[28476,"NonResidential","5367201155","TUOPT","Non-Refrigerated Warehouse","NWCP MAYNARD","NWCP-SEA Mayn Bldg","6100 6TH AVE S, SEATTLE, WA 98108",142430,30800,30800,4.6243506493506494,15.800000190734901,"Medium Low",65,"","",30800,30800,"Y","",49.5,485971,15.77827922077922,null,null,"Non-Refrigerated Warehouse",30800,"",null,""]
[29214,"NonResidential","7666204800","TUOPT","Non-Refrigerated Warehouse","FRYE WHSES","1001-1005 6th Ave. S","1005 6TH AVE S, SEATTLE, WA 98134",262233.1875,37450,null,7.00222129506008,24.700000762939499,"Medium Low",73,"","",null,null,"Y","",75.800003051757798,924192.6875,24.678042389853136,294.52999877929699,null,"Non-Refrigerated Warehouse",27271,"Supermarket/Grocery Store",5706,"Distribution Center",4473]
[29550,"NonResidential","8809700040","TU2018","Office","605 5TH AVE S","605 Union Station","605 5TH AVE S, SEATTLE, WA 98104",4390617,268130,null,16.37495617797337,56,"Medium High",90,"","",null,null,"Y","2016, 2015, 2014, 2013, 2012, 2010, 2009, 2008",175.60000610351599,15026352,56.041293402454031,455.66964721679699,null,"Office",268130,"",null,""]
[29551,"NonResidential","8809700040","TU2021","Office","625 UNION STATION","625 Union Station","625 5TH AVE S, SEATTLE, WA 98104",1102079,68452,68452,16.100026295798514,54.900001525878899,"Medium High",80,"","",64989,68452,"Y","2016, 2015",172.5,3760293.5,54.93328902004324,null,null,"Office",61665,"Bank Branch",6787,""]
[29552,"NonResidential","8809700040","TU2018","Office","705 UNION STATION","705 5th Avenue","705 5TH AVE S, SEATTLE, WA 98104",4311006,281566,null,15.310818777835392,52.200000762939503,"Medium Low",88,"","",null,null,"Y","2016, 2015, 2010, 2009, 2008",164,14709151,52.240508442070421,null,null,"Office",281566,"",null,""]
[29612,"NonResidential","1025049038","TU2020","K-12 School","THE VILLA ACADEMY - MAIN BLDG & GYM","Villa Academy - Main bldg.","5001 NE 50TH ST, SEATTLE, WA 98105",266910.3125,97500,97500,2.7375416666666665,38.299999237060497,"Medium Low",97,"","",87500,97500,"Y","",59.799999237060497,3736960,38.327794871794872,28262.62109375,null,"K-12 School",97500,"",null,""]
[30207,"Multifamily MR (5-9)","6850700260","TUOPT","Multifamily Housing","JOULE","Joule","523 BROADWAY E, SEATTLE, WA 98102",1953980,224347,null,{"$f":"I1474/J1474","v":8.7096328455472989},36.099998474121101,"Medium High",75,"","",null,null,"Y","",100,8102125.5,{"$f":"W1474/J1474","v":36.114258269555641},14351.439453125,null,"Multifamily Housing",224347,"",null,""]
[32429,"NonResidential","6094500000","TUOPT","Other","FIRST AND UNION","First & Union","1411 1ST AVE, SEATTLE, WA 98101",1275464,52698,42000,24.203271471403088,148,"Highest Use",null,"","",0,42000,"Y","",335.29998779296898,7798464,147.98406011613343,9330.6171875,2513519.25,"Other - Restaurant/Bar",26554,"Other",15310,"Strip Mall",7673]
[33289,"NonResidential","0586400000","TU2019","Office","BAY VISTA BUILDING","Bay Vista Office Building","2815 2ND AVE, SEATTLE, WA 98121",2456665,119701,null,20.523345669626821,70,"Medium High",67,"Multiple Customers","2815 2ND AVE",null,null,"Y","",219.89999389648401,8382140.5,70.025651414775155,null,null,"Office",102878,"Retail Store",16823,""]
[33408,"Nonresidential COS","3834500640","TUOPT","Other","LAKE CITY - SEATTLE PUBLIC LIBRARY","The Seattle Public Library - Lake City Branch","12501 28TH AVE NE, SEATTLE, WA 98125",251761.09375,20017,null,12.577363928161063,64.699996948242202,"Medium Low",null,"","",null,null,"Y","",157.69999694824199,1295685.75,64.729267622520851,4366.77001953125,null,"Library",15300,"Other - Services",4717,""]
[33527,"NonResidential","3646100850","TU2021","College/University","SCCC WOOD CONSTR CNTR/MAIN BLD","SCCC WOOD CONSTRUCTION","2310 S LANE ST, SEATTLE, WA 98144",625200,67750,57468,9.2280442804428038,52.299999237060497,"Medium Low",null,"","",57650,57468,"Y","",120.699996948242,3543985.5,52.309749077490778,14108.029296875,null,"College/University",67750,"",null,""]
[33548,"NonResidential","6003001335","TU2020","College/University","SEATTLE COMMUNITY COLLEGE SCIENCE AND MATH","SCCC SCIENCE AND MATH","1814 HARVARD AVE, SEATTLE, WA 98122",1303203,84300,84000,15.459110320284697,144.5,"Highest Use",null,"","",84000,84000,"Y","",262,12184124,144.53290628706998,77375.9609375,null,"College/University",84300,"",null,""]
[34348,"NonResidential","6065010000","TU2019","Retail Store","PIKE PLAZA - TARGET STORE","Pike Plaza","1401 2ND AVE, SEATTLE, WA 98101",1243595,103000,null,12.073737864077669,50.599998474121101,"Medium Low",89,"","",null,null,"Y","",139.30000305175801,5214621.5,50.627393203883493,9714.7685546875,null,"Retail Store",103000,"",null,""]
[34891,"NonResidential","1333100000","TUOPT","Supermarket/Grocery Store","QFC (Portion of Altamira ID 20432)","70500883 -- West Seattle","4550 42ND AVE SW, SEATTLE, WA 98116",1584878,37864,37864,41.857120219733787,212,"Medium Low",61,"","",37864,37864,"Y","",521,8025696,211.9611240228185,26180.93359375,null,"Supermarket/Grocery Store",37864,"",null,""]
[34908,"NonResidential","6850700315","TU2021","Supermarket/Grocery Store","QFC - BROADWAY MARKET","70500887 -- Broadway Market","417 BROADWAY E, SEATTLE, WA 98102",2676732,66497,66497,40.253424966539846,139.69999694824199,"Lowest Use",84,"","",66497,66497,"Y","2013",433.70001220703102,9290214,139.70876881663835,1572.03454589844,null,"Supermarket/Grocery Store",66497,"",null,""]
[35391,"NonResidential","4458720000","TUOPT","Retail Store","LUMEN COMMERCIAL","LUMEN Commercial","500 MERCER ST, SEATTLE, WA 98109",1043556,38428.3984375,null,27.155854587519197,92.699996948242202,"Highest Use",null,"","",null,null,"Y","",290.89999389648398,3560614.25,92.655806507028601,null,null,"Retail Store",38428.3984375,"",null,""]
[35392,"NonResidential","4458720010","TUOPT","Supermarket/Grocery Store","QFC at 500 MERCER","70500881 -- Uptown","500 MERCER ST, SEATTLE, WA 98109",1573633,45980,null,34.224293170943888,180.60000610351599,"Lowest Use",79,"","",null,null,"Y","2013",433.70001220703102,8305255,180.62755545889516,29360.197265625,null,"Supermarket/Grocery Store",45980,"",null,""]
[36034,"NonResidential","3148650000","TUOPT","Retail Store","HARVARD MARKET LLC","Harvard Market","1401 BROADWAY, SEATTLE, WA 98122",1262440,45243,null,27.903543089538712,117.40000152587901,"Highest Use",88,"","",null,null,"Y","",322.29998779296898,5313217,117.43732732135358,10057.7197265625,null,"Retail Store",45243,"",null,""]
[36587,"NonResidential","9828200095","TUOPT","Other","EAST MADISON YMCA","Meredith Mathews East Madison YMCA","2300 E OLIVE ST, SEATTLE, WA 98122",308219.3125,45000,null,6.849318055555556,77.900001525878906,"Medium High",null,"","",null,null,"Y","",130.60000610351599,3505497,77.899933333333337,24538.52734375,null,"Fitness Center/Health Club/Gym",45000,"Swimming Pool",0,""]
[37008,"NonResidential","7666204876","TU2018","Other","CENTURY LINK EVENT CENTER & GARAGE","CenturyLink Field Event Center","800 OCCIDENTAL AVE S, SEATTLE, WA 98104",2755550,333698,null,8.2576161679123032,41.099998474121101,"Medium Low",null,"","",null,null,"Y","",102.09999847412099,13730204,41.145598715005782,43282.66796875,null,"Parking",432903,"Other - Entertainment/Public Assembly",333698,""]
[37248,"NonResidential","3466800063","TU2020","Non-Refrigerated Warehouse","RAINIER MALT HOUSE","Rainier Malt House","5840 AIRPORT WAY S, SEATTLE, WA 98108",426578.1875,72859,72859,5.8548454892326278,20.600000381469702,"Medium Low",55,"","",72859,72859,"Y","",63.299999237060497,1498457.875,20.566544627293815,429.72998046875,null,"Non-Refrigerated Warehouse",72859,"",null,""]
[39332,"SPS-District K-12","2123700250","TU2019","K-12 School","SOUTH SHORE K-8 PUBLIC SCHOOL (SPS-DISTRICT)","South Shore K-8","4800 S HENDERSON ST, SEATTLE, WA 98118",863193,138705,null,6.2232291554017518,34.700000762939503,"Lowest Use",85,null,null,null,null,"Y","",80.800003051757798,4816698,34.726203092894991,18714.83203125,null,"K-12 School",138705,"",null,""]
[40008,"NonResidential","7666205180","TUOPT","Mixed Use Property","KING COUNTY METRO TRANSIT POWER DISTRIBUTION","(ID#40008) KC Metro Transit Power Distribution","2255 4TH AVE S, SEATTLE, WA 98134",284170.90625,26900,null,10.563974210037175,57.799999237060497,"Medium High",null,"","",null,null,"Y","",136,1554599.25,57.791793680297395,5850.080078125,null,"Other",14877,"Office",12023,"Parking",4920]
[40028,"NonResidential","0225049077","TU2018","Non-Refrigerated Warehouse","SAND POINT BUILDING 5A,5B,5C,5D","Sandpoint #5","7561 63RD AVE NE, SEATTLE, WA 98115",2642108,413825,null,6.3846021869147584,36.700000762939503,"Medium High",69,"","",null,null,"Y","",84.099998474121094,15206762,36.746842264242133,61918.87890625,null,"Non-Refrigerated Warehouse",349953,"Office",63872,""]
[40031,"NonResidential","0225049077","TUOPT","Medical Office","SAND POINT BUILDING 25","Sandpoint #25","6222 NE 74TH ST, SEATTLE, WA 98115",532064.6875,28050,null,18.968438057040999,78.199996948242202,"Medium Low",32,"","",null,null,"Y","",217.39999389648401,2193115,78.185918003565064,3777.10034179688,null,"Medical Office",28050,"",null,""]
[40034,"NonResidential","0225049077","TUOPT","Office","SAND POINT BUILDING 29","Sandpoint #29","6200 NE 74TH ST, SEATTLE, WA 98115",409903.5,31845,null,12.871832312764955,124,"Highest Use",32,"","",null,null,"Y","",221.89999389648401,3947209.25,123.95067514523473,25486.185546875,null,"Office",31845,"Office",31845,""]
[40067,"NonResidential","5247800440","TU2020","Office","OLYMPIC BLOCK BUILDING-COMMERCIAL","Olympic Block","101 YESLER WAY, SEATTLE, WA 98104",1262379,73617,70796,17.147927788418436,58.5,"Medium High",65,"THE OLYMPIC BLOCK BUILDING","101 YESLER WAY",0,70796,"Y","",183.69999694824199,4307238.5,58.508747979406934,null,null,"Office",73617,"Parking",18364,""]
[40447,"Nonresidential COS","7666203010","TU2020","Mixed Use Property","SPU OPERATIONS CONTROL CENTER (OCC) COMPLEX","OCC Complex","2700 AIRPORT WAY S, SEATTLE, WA 98134",1140190,87459,87458,13.036851553299261,96.900001525878906,"Medium High",null,"","",87458,87458,"Y","",194.69999694824199,8475238,96.90526989789501,45849.10546875,null,"Office",41097,"Distribution Center",39772,"Other",6275]
[41928,"NonResidential","0798100970","TU2021","Supermarket/Grocery Store","SAFEWAY STORE #1586 (2012)","Safeway 1586 - 15th Ave","12318 15TH AVE NE, SEATTLE, WA 98125",2019100,51841,51400,38.947936961092573,225.69999694824199,"Medium Low",74,"","",51300,51400,"Y","",514.79998779296898,11702959,225.74716922898864,48137.8984375,null,"Supermarket/Grocery Store",51841,"Parking",0,""]
[42069,"NonResidential","6147900000","TUOPT","Office","NORTH POINTE NON RESIDENTIAL SECTION","NORTH POINTE","2101 N 34TH ST, SEATTLE, WA 98103",479094.1875,26263,null,18.242172923885313,62.200000762939503,"Medium High",64,"","",null,null,"Y","",195.39999389648401,1634669.375,62.242294292350458,null,null,"Office",26263,"",null,""]
[43948,"Nonresidential COS","","TUOPT","Other","GEORGETOWN STEAM PLANT","Georgetown Steamplant","6605 13TH AVE S, SEATTLE, WA 98108",21210.599609375,39212,null,0.54092113662590535,1.79999995231628,"Lowest Use",null,"","",null,null,"Y","",5.8000001907348597,72370.3984375,1.845618648309191,null,null,"Other",39212,"",null,""]
[45287,"Nonresidential COS","7544800245","TUOPT","Other","MEDGAR EVERS POOL (GARFIELD COMMUNITY CENTER)","Medgar Evers Pool","500 23RD AVE, SEATTLE, WA 98122",736987,20740,null,35.534570877531337,249.30000305175801,"Highest Use",null,"","",null,null,"Y","",515.20001220703102,5170809.5,249.31579074252653,26562.099609375,null,"Other - Recreation",11737,"Fitness Center/Health Club/Gym",9003,"Swimming Pool",0]
[45927,"NonResidential","8590900220","TU2019","Other","RESEARCH AND TRAINING BUILDING (HARBORVIEW)","Reasearch and Training Building","300 9TH AVE, SEATTLE, WA 98104",6487679,181930,null,35.660303413400761,292.20001220703102,"Highest Use",null,"","",null,null,"Y","",587.20001220703102,53166156,292.23413400758534,null,31030194,"Laboratory",181930,"",null,""]
[48287,"NonResidential","7666203110","TU2019","Office","CENTRAL LINK OPERATIONS & MAINTENANCE","Central Link Operations and Maintenance Facility","3407 AIRPORT WAY S, SEATTLE, WA 98134",10290410,161424,null,63.747707899692735,251.60000610351599,"High Outlier",null,"","",null,null,"Y","",718.79998779296898,40613740,251.59666468430964,55028.671875,null,"Office",88698,"Other - Services",72726,""]
[49687,"NonResidential","8681450000","TUOPT","Supermarket/Grocery Store","SAFEWAY #1885","Safeway 1885 - 1st Ave","516 1ST AVE W, SEATTLE, WA 98119",2410500,33997,null,70.903314998382214,262.60000610351602,"Medium Low",23,"","",null,null,"Y","",781.29998779296898,8926736,262.57422713768864,7021.10009765625,null,"Supermarket/Grocery Store",33997,"Parking",30000,""]
[49695,"NonResidential","1986200350","TU2018","Office","CITY PLACE V","City Place V - SEDO","207 BOREN AVE N, SEATTLE, WA 98109",4855052,407713,null,11.90801372534111,42.799999237060497,"Medium Low",97,"","",null,null,"Y","",129.89999389648401,17463744,42.833424492228602,8983.080078125,null,"Office",400536,"Parking",182439,"Other",7177]
[49697,"NonResidential","5247800025","TUOPT","Mixed Use Property","PRUDENTIAL BUILDING","Prudential Building","114 ALASKAN WAY S, SEATTLE, WA 98104",397749.09375,63157,null,6.2977832029703755,21.5,"Lowest Use",97,"","",null,null,"Y","",67.5,1357119.875,21.488035768006714,null,null,"Office",33279,"Multifamily Housing",29878,"Parking",8421]
[49699,"NonResidential","0323049141","TUOPT","Non-Refrigerated Warehouse","PUBLIC STORAGE AND TRUCK RENTAL","21615-Seattle/10020 MartinLutherKing","10020 MARTIN LUTHER KING JR WAY S, SEATTLE, WA 98178",422507,293707,null,1.4385322787676154,5.3000001907348597,"Lowest Use",99,"","",null,null,"Y","",15.800000190734901,1544193.75,5.2575994102966561,1025.99975585938,null,"Non-Refrigerated Warehouse",293707,"",null,""]
[49703,"SPS-District K-12","2225039016","TU2019","K-12 School","BLAINE K-8 SCHOOL & MAGNOLIA COMMUNITY CENTER (SPS-DISTRICT)","Catharine Blaine K-8","2550 34TH AVE W, SEATTLE, WA 98199",null,119685,null,0,null,"",null,null,null,null,null,"N","",null,null,0,49050.68359375,null,"K-12 School",119685,"",null,""]
[49705,"Nonresidential COS","0225049062","TU2018","Other","MAGNUSON PARK CAMPUS","Magnuson","7400 SAND POINT WAY NE, SEATTLE, WA 98115",2743225,564258,null,4.8616501671221322,32.700000762939503,"Lowest Use",null,"","",null,null,"Y","",69,18470340,32.733855789372946,91104.546875,null,"Other - Recreation",564258,"",null,""]
[49709,"NonResidential","3026049128","TU2021","Other","NORTHWEST HOSPITAL & MEDICAL CENTER (NEW PROFESSIONAL BLDG)","Seattle ProCure Management, LLC.","1570 N 115TH ST, SEATTLE, WA 98133",6791758,53575,53575,126.77103126458236,593.59997558593795,"Highest Use",null,"","",53575,53575,"Y","",1527.30004882813,31803568,593.6270275314979,86300.890625,null,"Urgent Care/Clinic/Other Outpatient",53575,"",null,""]
[49712,"NonResidential","7666207075","TU2019","Office","HOME PLATE CENTER BLDG A","Home Plate Center","1501 1ST AVE S, SEATTLE, WA 98134",3336922,157345,null,21.207677396803202,73.900001525878906,"Highest Use",63,"","",null,null,"Y","",228.80000305175801,11624548,73.879360640630466,2389.69018554688,null,"Office",157345,"",null,""]
[49718,"Nonresidential COS","2924049006","TU2019","Other","SOUTH TRANSFER STATION","South Transfer Station","130 S KENYON ST, SEATTLE, WA 98108",1604738,138602,null,11.578029177068151,39.5,"Lowest Use",null,"","",null,null,"Y","",124,5475367,39.504242363025064,null,null,"Other - Utility",138602,"",null,""]
[49725,"NonResidential","8590901075","TU2018","Other","VIRGINIA MASON- JONES PAVILLION","VM Seattle Hospital & Medical Center - Jones Pavilion","1010 SPRING ST, SEATTLE, WA 98104",6974183,267470,null,26.074636407821437,159.19999694824199,"Highest Use",null,"","",null,null,"Y","",363.70001220703102,42584028,159.21048341870116,null,18547858,"Other",160482,"Hospital (General Medical & Surgical)",106988,""]
[49737,"NonResidential","701100-0000","TUOPT","Retail Store","MARQUEEN HOTEL","MARQUEEN / MQH","600 QUEEN ANNE AVE N, SEATTLE, WA 98109",393837.59375,42146,null,9.3446019491766723,92.199996948242202,"Highest Use",67,"","",null,null,"Y","",163.5,3886545,92.216224552745217,25427.7109375,null,"Retail Store",24588,"Hotel",17558,"Parking",1686]
[49738,"NonResidential","7579200260","TU2019","Other","JEFFERSON SQUARE (RETAIL PORTION)","Jefferson Square SWAS1490/","4100 SW EDMUNDS ST, SEATTLE, WA 98116",1887029,146363,null,12.892800776152443,80.099998474121094,"Medium High",null,"","",null,null,"Y","",176.10000610351599,11730555,80.146997533529643,52920.12890625,null,"Strip Mall",146363,"",null,""]
[49775,"NonResidential","2301550010","TU2021","Supermarket/Grocery Store","SVF ADMIRAL SAFEWAY 2932","SAFEWAY 2932","2622 CALIFORNIA AVE SW, SEATTLE, WA 98116",2717600,67263,67263,40.402598754144179,218.5,"Medium Low",78,"","",67263,67263,"Y","",517.5,14697487,218.50775314809033,54250.36328125,null,"Supermarket/Grocery Store",67263,"",null,""]
[49778,"NonResidential","1025049006","TU2020","Worship Facility","CENTER FOR SPIRITUAL LIVING","Center for Spiritual Living","5801 SAND POINT WAY NE, SEATTLE, WA 98105",286556.8125,70292,70292,4.0766632404825582,27.5,"Medium Low",37,"","",70292,70292,"Y","",58,1933811.625,27.511119686450805,9560.7998046875,null,"Worship Facility",70292,"",null,""]
[49783,"NonResidential","1988201435","TU2018","Other","UW SLU Phase 3.1","UW Medicine Phase 3.1","750 REPUBLICAN ST, SEATTLE, WA 98109",7154222,173087,225581,41.333098384049642,240.89999389648401,"Highest Use",null,"","",225581,225581,"Y","",547.70001220703102,41696464,240.89887744313555,172862.5625,null,"Laboratory",172793,"Parking",139241,"Convenience Store without Gas Station",294]
[49784,"NonResidential","7234600195","TUOPT","Office","BULLITT CENTER","Bullitt Center","1501 E MADISON ST, SEATTLE, WA 98122",100447.296875,48159,null,2.0857429945596877,7.0999999046325701,"Low Outlier",100,"","",null,null,"Y","",2,342726.09375,7.1165533700865886,null,null,"Office",48159,"",null,""]
[49793,"NonResidential","7666201610","TU2021","Office","INTERBAY WORK LOFTS","Interbay Worklofts","1631 15TH AVE W, SEATTLE, WA 98119",399528.59375,83533,null,4.7828833365256846,16.299999237060501,"Low Outlier",100,"","",null,null,"Y","",51.200000762939503,1363191.625,16.319198699915002,null,null,"Office",83533,"Parking",28217,""]
[49797,"NonResidential","7134300080","TU2021","Office","GOODWILL JOB TRAINING & EDUCATION CTR","Seattle Goodwill Job Training/ Education Center","700 DEARBORN PL S, SEATTLE, WA 98144",716471,47000,64578,15.244063829787233,53.200000762939503,"Medium Low",67,"","",64578,64578,"Y","",164.60000610351599,2502131,53.236829787234043,575.31994628906295,null,"Office",47000,"",null,""]
[49802,"NonResidential","2767702985","TUOPT","Hotel","HOTEL BALLARD","Hotel Ballard","5216 BALLARD AVE NW, SEATTLE, WA 98107",1024975,60245,39433,17.013445099178355,58,"Medium Low",62,"","",39983,39433,"Y","",182.30000305175801,3497215.5,58.049887957506847,null,null,"Hotel",60245,"Parking",26067,"Swimming Pool",0]
[49850,"NonResidential","2832100190","TUOPT","K-12 School","LAKESIDE BUILDING- PAUL ALLEN ATHLETIC CENTER","Paul G Allen Athletic Center","14050 1ST AVE NE, SEATTLE, WA 98125",414755.90625,63500,null,6.5315890748031498,26.200000762939499,"Lowest Use",82,"","",null,null,"Y","",73,1662054.125,26.174080708661418,2469.06958007813,null,"K-12 School",63500,"",null,""]
[49858,"NonResidential","8725600410","TUOPT","K-12 School","NORTHWEST SCHOOL MULTIPURPOSE FACILITY","The Northwest School 401","401 E PIKE ST, SEATTLE, WA 98122",654810.6875,38000,null,17.23186019736842,76.599998474121094,"Highest Use",22,"","",null,null,"Y","",203.39999389648401,2912264,76.638526315789477,6780.5,null,"K-12 School",38000,"",null,""]
[49862,"Nonresidential COS","1985200130","TUOPT","Other","SCT TECHNICAL PAVILION - SEATTLE CENTER","SCT Technical Pavilion","201 THOMAS ST, SEATTLE, WA 98109",470313.40625,25100,null,18.737585906374502,96.800003051757798,"Medium High",null,"","",null,null,"Y","",235.19999694824199,2429214,96.78143426294821,8245.0498046875,null,"Other",25100,"",null,""]
[49865,"NonResidential","0925049427","TU2018","Other","UNIVERSITY VILLAGE SOUTH BLDG","SOUTH","2623 NE UNIVERSITY VILLAGE ST, SEATTLE, WA 98105",3614136,338895,null,10.664471296419245,76.599998474121094,"Medium High",null,"","",null,null,"Y","",156.5,25959642,76.60084096844156,136282.09375,null,"Lifestyle Center",318986,"Medical Office",19909,""]
[49867,"NonResidential","7666207075","TU2018","Office","HOME PLATE CENTER BLDG B","Home Plate Center Bldg B","1521 1ST AVE S, SEATTLE, WA 98134",1277578,191333,null,6.6772485666351331,23.899999618530298,"Lowest Use",null,"","",null,null,"Y","",72.800003051757798,4581493,23.945127082102932,2223.96997070313,null,"Office",191333,"Parking",133432,""]
[49872,"NonResidential","7666203470","TU2021","Other","MERCEDES BENZ OF SEATTLE SHOWROOM & GARAGE","Mercedes-Benz of Seattle","2025 AIRPORT WAY S, SEATTLE, WA 98134",81105.6015625,24520,56988,3.3077325270187603,22.200000762939499,"Lowest Use",null,"","",56988,56988,"Y","",46.900001525878899,544172.375,22.193000611745514,2674.39990234375,null,"Automobile Dealership",24520,"Parking",0,""]
[49909,"Campus","0001800137","TU2019","College/University","SOUTH SEATTLE COLLEGE - GEORGETOWN CAMPUS MASTER ID","SSCC DUWAMISH GEORGETOWN CAMPUS","6737 CORSON AVE S, SEATTLE, WA 98108",1455814,149856,null,9.7147528293828742,42.299999237060497,"Lowest Use",null,"","",null,null,"Y","",113.699996948242,6335315.5,42.276021647448218,13680.7900390625,null,"College/University",149856,"",null,""]
[49911,"NonResidential","2895800030","TUOPT","Other","EDUCARE","Educare Early Learning Center","625 SW 100TH ST, SEATTLE, WA 98146",279494.40625,44162,null,6.328843943888411,35,"Lowest Use",null,"","",null,null,"Y","",81.900001525878906,1546484.875,35.01845194963996,5928.5,null,"Pre-school/Daycare",44162,"Parking",15761,""]
[49918,"Nonresidential COS","2123700240","TUOPT","Other","RAINIER BEACH COMMUNITY CENTER","Rainier Beach Community Center and Pool","8825 RAINIER AVE S, SEATTLE, WA 98118",1174502,53775,null,21.841041376104137,224.89999389648401,"Highest Use",null,"","",null,null,"Y","",391.89999389648398,12095818,224.9338540213854,80884.15625,null,"Other - Recreation",35361,"Fitness Center/Health Club/Gym",12689,"Office",2110]
[49924,"NonResidential","7502500010","TU2021","Office","SEATTLE COLLEGE DISTRICT OFFICE/THEATRE","SCCC DISTRICT/ERICKSON","1500 HARVARD AVE, SEATTLE, WA 98122",580529.8125,59168,null,9.8115503735127092,38.400001525878899,"Lowest Use",null,"","",null,null,"Y","",110.300003051758,2274296.75,38.437952102487834,2935.2900390625,null,"Office",37668,"Movie Theater",11500,"Vocational School",10000]
[49925,"NonResidential","6003001105","TU2020","College/University","SEATTLE COLLEGE CENTRAL - MITCHELL ACTIVITY CENTER/BOOKSTORE","SCCC MITCHELL ACTIVITY CENTER/BOOKSTORE","1718 BROADWAY, SEATTLE, WA 98122",602571.625,99765,99765,6.0399100385906879,31.899999618530298,"Lowest Use",null,"","",99765,99765,"Y","",76.599998474121094,3185005.25,31.925076429609582,11290.310546875,null,"College/University",99765,"",null,""]
[49926,"NonResidential","6003001130","TU2018","College/University","SEATTLE COLLEGE CENTRAL - EDISON BLDG/BROADWAY PERFORMANCE HALL","SCCC MAIN BROADWAY/EDISON","1701 BROADWAY, SEATTLE, WA 98122",6427497,472384,null,13.606508687847175,78.400001525878906,"Medium High",null,"","",null,null,"Y","",183.69999694824199,37022180,78.373060899607097,15353.41015625,13556219,"College/University",472384,"",null,""]
[49940,"NonResidential","1979200210","TU2018","Hospital","VIRGINIA MASON- CENTRAL PAVILLION","Virginia Mason Medical Center - 2149","925 SENECA ST, SEATTLE, WA 98101",26395220,1010135,null,26.130388512426556,162.30000305175801,"Lowest Use",74,"","",null,null,"Y","",367.89999389648398,163945984,162.30106272923916,null,73885472,"Hospital (General Medical & Surgical)",1010135,"",null,""]
[49945,"NonResidential","6598350000","TU2019","Senior Care Community","PUBLIC MARKET SOUTH GARAGE","Market Garage","1531 WESTERN AVE, SEATTLE, WA 98101",553359.8125,43622,167300,12.685337960203567,62.799999237060497,"Medium Low",null,"","",0,167300,"Y","",156.39999389648401,2737534.5,62.755822749988539,8494.7099609375,null,"Senior Care Community",38800,"Other - Public Services",3650,"Office",586]
[49946,"NonResidential","2767604965","TUOPT","Supermarket/Grocery Store","QFC - Ballard","70500891 -- Ballard","5700 24TH AVE NW, SEATTLE, WA 98107",2096092,41198,null,50.87848924705083,188.60000610351599,"Lowest Use",44,"","",null,null,"Y","",560.79998779296898,7768057.5,188.5542380698092,6161.92041015625,null,"Supermarket/Grocery Store",41198,"",null,""]
[49966,"NonResidential","6056110050","TUOPT","Other","SMILOW RAINIER VISTA BOYS & GIRLS CLUB","Smilow Rainier Vista Boys & Girls Club","4520 M L KING JR WAY S, SEATTLE, WA 98108",402023.3125,40265,null,9.9844359245001861,53.599998474121101,"Medium Low",null,"","",null,null,"Y","",127.5,2159170.25,53.623997268098847,7874.669921875,null,"Pre-school/Daycare",40265,"",null,""]
[49985,"NonResidential","1983200075","TU2018","Office","AMAZON - PHASE VI","Amazon Phase VI","500 9TH AVE N, SEATTLE, WA 98109",4165604,427181,null,9.7513793918737015,38,"Lowest Use",99,"","",null,null,"Y","2016",109.5,16246161,38.031094547744402,21492.626953125,null,"Office",427181,"Parking",169195,""]
[49998,"NonResidential","3357400211","TU2020","Self-Storage Facility","WEST COAST SELF-STORAGE","West Coast Self-Storage of Columbia City","3736 RAINIER AVE S, SEATTLE, WA 98144",254443.59375,87576,null,{"$f":"I1538/J1538","v":2.9054032354754726},10.699999809265099,"Lowest Use",null,"","",null,null,"Y","",32,940844.6875,{"$f":"W1538/J1538","v":10.743179495523888},726.83013916015602,null,"Self-Storage Facility",87576,"",null,""]
[50026,"NonResidential","6003500255","TUOPT","Office","CHOPHOUSE ROW","Chophouse Row","1424 11TH AVE, SEATTLE, WA 98122",378709.09375,37869,37873,10.000504205286646,62,"Medium High",null,"","",37873,37873,"Y","",136.39999389648401,2346692.5,61.968694710713251,10545.3701171875,null,"Office",25927,"Parking",5834,"Multifamily Housing",5160]
[50035,"NonResidential","3374400010","TU2019","Hotel","HILTON GARDEN INN","Hilton Garden Inn Seattle","1821 BOREN AVE, SEATTLE, WA 98101",1544317,159500,144614,9.6822382445141066,34.599998474121101,"Lowest Use",89,"","",144614,144614,"Y","",105.40000152587901,5525072.5,34.639952978056428,2558.64013671875,null,"Hotel",159500,"",null,""]
[50038,"NonResidential","2771605298","TUOPT","Mixed Use Property","Salmon Bay Marine Center West","Salmon Bay Marine Center West","2360 W COMMODORE WAY, SEATTLE, WA 98199",184013.5,23490,null,7.8336951894423157,26.700000762939499,"Lowest Use",null,"","",null,null,"Y","",83.900001525878906,627854.125,26.728570668369517,null,null,"Office",11745,"Repair Services (Vehicle, Shoe, Locksmith, etc)",11745,""]
[50054,"Nonresidential COS","2467400120","TU2019","Office","400 FAIRVIEW OFFICE BLDG","400 FAIRVIEW OFFICE BLDG","400 FAIRVIEW AVE N, SEATTLE, WA 98109",2909077,349151,null,8.3318592815143013,37.900001525878899,"Lowest Use",99,"","",null,null,"Y","",99.199996948242202,13239050,37.917834976843828,33132.7890625,null,"Office",334279,"Parking",202178,"Retail Store",14872]
[50062,"NonResidential","1931300480","TU2020","Hotel","STAYBRIDGE SUITES SEATTLE-FREMONT","Olympic Hospitality","3926 AURORA AVE N, SEATTLE, WA 98103",1206219,88157,null,13.682623047517497,68.5,"Medium Low",72,"","",null,null,"Y","",169.5,6042399.5,68.541346688294752,19267.791015625,null,"Hotel",88157,"Parking",41539,"Swimming Pool",0]
[50068,"NonResidential","","TUOPT","Non-Refrigerated Warehouse","KING COUNTY AIRPORT- MAINTENANCE SHOP","Airport - Maintenance Shop - DOT: KCIA","6518 ELLIS AVE S, SEATTLE, WA 98108",214772.5,52085,null,4.1235000479984638,69.199996948242202,"Highest Use",37,"","",null,null,"Y","",102.09999847412099,3605855.5,69.23021023327253,28730.51953125,null,"Non-Refrigerated Warehouse",52085,"",null,""]
[50069,"NonResidential","","TUOPT","Office","KING COUNTY AIRPORT- MAIN TERMINAL (Place Holder for 7277 PERIMETER RD S)","Airport - Main Terminal","7777 PERIMETER RD S, SEATTLE, WA 98108",635120,24990,null,25.414965986394559,176.89999389648401,"Highest Use",9,"","",null,null,"Y","",367,4420650.5,176.89677871148459,22536.2109375,null,"Office",24990,"",null,""]
[50094,"NonResidential","4088803385","TU2018","Mixed Use Property","LABORATORY/RETAIL BLDG","AIBS","601 WESTLAKE AVE N, SEATTLE, WA 98109",6927552,272408,260262,25.430794983994595,144.5,"Highest Use",null,"","",260262,260262,"Y","",333.10000610351602,39364116,144.50425831840474,157273.078125,null,"Laboratory",151523,"Office",106498,"Parking",84002]
[50098,"Multifamily LR (1-4)","1407300010","TUOPT","Multifamily Housing","1806 23rd Ave Microhousing","1806","1806 23RD AVE, SEATTLE, WA 98122",146520,17666,17666,8.2938978829389782,44.700000762939503,"Highest Use",100,"","",0,17666,"Y","",106.09999847412099,789847.1875,44.710018538435413,2899.2099609375,null,"Multifamily Housing",17666,"",null,""]
[99901,null,null,null,"College/University",null,null,null,{"$f":"SUM(I2:I1547)","v":2520959740.0269775},{"$f":"SUM(J2:J1547)","v":158709087.48046875},null,15.884154965840976,null,"Medium Low"]
[99902,null,null,null,"Distribution Center",null,null,null,null,null,null,null,null,"Medium Low"]
[99903,null,null,null,"Hospital",null,null,null,null,null,null,null,null,"Medium Low"]
[99904,null,null,null,"Hotel",null,null,null,null,null,null,null,null,"Medium Low"]
[99905,null,null,null,"K-12 School",null,null,null,null,null,null,null,null,"Medium Low"]
[99906,null,null,null,"Medical Office",null,null,null,null,null,null,null,null,"Medium Low"]
[99907,null,null,null,"Mixed Use Property",null,null,null,null,null,null,null,null,"Medium Low"]
[99908,null,null,null,"Multifamily Housing",null,null,null,null,null,null,null,null,"Medium Low"]
[99909,null,null,null,"Non-Refrigerated Warehouse",null,null,null,null,null,null,null,null,"Medium Low"]
[99910,null,null,null,"Office",null,null,null,null,null,null,null,null,"Medium Low"]
[99911,null,null,null,"Other",null,null,null,null,null,null,null,null,"Medium Low"]
[99912,null,null,null,"Refrigerated Warehouse",null,null,null,null,null,null,null,null,"Medium Low"]
[99913,null,null,null,"Residence Hall/Dormitory",null,null,null,null,null,null,null,null,"Medium Low"]
[99914,null,null,null,"Restaurant",null,null,null,null,null,null,null,null,"Medium Low"]
[99915,null,null,null,"Retail Store",null,null,null,null,null,null,null,null,"Medium Low"]
[99916,null,null,null,"Self-Storage Facility",null,null,null,null,null,null,null,null,"Medium Low"]
[99917,null,null,null,"Senior Care Community",null,null,null,null,null,null,null,null,"Medium Low"]
[99918,null,null,null,"Supermarket/Grocery Store",null,null,null,null,null,null,null,null,"Medium Low"]
[99919,null,null,null,"Worship Facility",null,null,null,null,null,null,null,null,"Medium Low"]

{"sheet":"Change Log, Version ID","index":10,"n_rows":21,"n_cols":7,"rows_kept":21,"cut":false,"hidden":true,"merged":[[9,3,9,5],[10,3,10,5],[11,3,11,5],[12,3,12,5],[14,3,14,5]]}
[]
[null,null,null,null,null,null,{"$f":"CONCATENATE(\"Version \",VersionID)","v":"Version 1.0.2"}]
[null,null,"Change Log and Version ID",null,"Program:","Tune-Up Accelerator"]
[]
[null,null,"Current version:",{"$f":"IF(C18=\"\",\"\",VLOOKUP(D6,C18:D200,2,FALSE))","v":"1.0.2"}]
[null,null,"Date of change",{"$f":"IF(C18=\"\",\"\",MAX(C18:C200))","v":"2018-01-18"}]
[]
[null,null,"Version format:","x.y.z"]
[]
[null,null,"Field","Definition"]
[null,null,"x","Major change - Indicates major change to workbook and release, incompatible with previous version of workbook (i.e. measures added/removed, changes to program workflow, etc.)"]
[null,null,"y","Minor change - Indicates minor change to workbook and release, compatible with previous versions of workbook (i.e. updates to measure savings/incentive levels, updates to legal language, etc.)"]
[null,null,"z","Revision - Indicates smaller revision to workbook (i.e. bug fixes, error corrections, formatting, etc.)"]
[]
[null,null,"Instructions:","Log workbook changes below, updating version ID fields numerically using the definitions above (and your subjective opinion on the scope of changes).  Worksheets in workbook reference \"Current version\" cell (D5) to pull in version ID."]
[]
[null,null,"Date of change","New Version ID","Who changed workbook?","Scope of changes"]
[null,null,"2017-09-01","1.0.0","Ted Brown","Initial Program Launch"]
[null,null,"2017-09-20","1.0.1","Ted Brown","Revised Estimate, Payment 1 & 2 QC Checklists, removed references for EMA's to  check program guidelines, Proj. Summ. Form"]
[null,null,"2017-09-20","1.0.1","Ted Brown","Added fields for prior 12 month consumption history to Incentive calculator tab (E65 - H78), totals populate in cells E56, F56"]
[null,null,"2018-01-18","1.0.2","Ted Brown","Expanded print area on Application tab to fix issues with last several lines of legal disclosures being cut off in AdobeSign"]

{"sheet":"PNNL Est. Savings %","index":11,"n_rows":49,"n_cols":11,"rows_kept":49,"cut":false,"hidden":true,"merged":[]}
["Table A.2. Packages: Electricity Savings as a Percent of Total Electricity Consumption"]
[null,"Large Hotel","Large Office, College University, Hospital (Administrative)","Medium Office, Outpatient Healthcare","Small Office","Primary School","Secondary School","StandAlone Retail, Retail Dealership","Stripmall Retail","Supermarket, other Food Sales"]
["Savings (Inefficient)",0.156,0.13800000000000001,0.34200000000000003,0.26300000000000001,0.16500000000000001,0.152,0.17399999999999999,9.2999999999999999E-2,5.2999999999999999E-2]
["Savings (Typical)",0.13400000000000001,6.9000000000000006E-2,0.18099999999999999,0.18099999999999999,0.126,0.14199999999999999,0.14799999999999999,9.0999999999999998E-2,5.2999999999999999E-2]
["Savings (Efficient)",0.14399999999999999,4.2999999999999997E-2,8.2000000000000003E-2,7.2999999999999995E-2,1.2999999999999999E-2,2.5000000000000001E-2,0,0,0]
["Savings (Percent, Overall)",0.14099999999999999,7.5999999999999998E-2,0.19500000000000001,0.17,0.104,0.112,0.114,6.6000000000000003E-2,3.7999999999999999E-2]
["Energy Savings and Peak Load Reduction Benefits from Building Controls Measures in Seattle, Washington; May, 2017"]
["Pacific Northwest National Laboratory"]
["Table A-2"]
[]
[null,null,"% of Annual kWh Savings to be reported for Tune-Up Accelerator Program"]
["City Of Seattle Building Type Name","PNNL Re-Tuning Study  Building Type Applied","Highest Use","Medium High","Medium Low","Lowest Use"]
[null,null,"Savings (Inefficient)","Savings (Typical)","Savings (Typical)","Savings (Efficient)"]
["College/University","Large Office, College University, Hospital (Administrative)",0.13800000000000001,6.9000000000000006E-2,6.9000000000000006E-2,4.2999999999999997E-2]
["Distribution Center","Stripmall Retail",9.2999999999999999E-2,9.0999999999999998E-2,9.0999999999999998E-2,0]
["Hospital","Large Office, College University, Hospital (Administrative)",0.13800000000000001,6.9000000000000006E-2,6.9000000000000006E-2,4.2999999999999997E-2]
["Hotel","Large Hotel",0.156,0.13400000000000001,0.13400000000000001,0.14399999999999999]
["K-12 School","Primary School",0.16500000000000001,0.126,0.126,1.2999999999999999E-2]
["Medical Office","Medium Office, Outpatient Healthcare",0.34200000000000003,0.18099999999999999,0.18099999999999999,8.2000000000000003E-2]
["Mixed Use Property","Large Office, College University, Hospital (Administrative)",0.13800000000000001,6.9000000000000006E-2,6.9000000000000006E-2,4.2999999999999997E-2]
["Multifamily Housing",null,0.13800000000000001,6.9000000000000006E-2,6.9000000000000006E-2,4.2999999999999997E-2]
["Non-Refrigerated Warehouse","Supermarket, other Food Sales",5.2999999999999999E-2,5.2999999999999999E-2,5.2999999999999999E-2,0]
["Office","Large Office, College University, Hospital (Administrative)",0.13800000000000001,6.9000000000000006E-2,6.9000000000000006E-2,4.2999999999999997E-2]
["Other","Large Office, College University, Hospital (Administrative)",0.13800000000000001,6.9000000000000006E-2,6.9000000000000006E-2,4.2999999999999997E-2]
["Refrigerated Warehouse","Supermarket, other Food Sales",5.2999999999999999E-2,5.2999999999999999E-2,5.2999999999999999E-2,3.7999999999999999E-2]
["Residence Hall/Dormitory","Large Office, College University, Hospital (Administrative)",0.13800000000000001,6.9000000000000006E-2,6.9000000000000006E-2,4.2999999999999997E-2]
["Restaurant","Supermarket, other Food Sales",5.2999999999999999E-2,5.2999999999999999E-2,5.2999999999999999E-2,3.7999999999999999E-2]
["Retail Store","Stripmall Retail",9.2999999999999999E-2,9.0999999999999998E-2,9.0999999999999998E-2,0]
["Self-Storage Facility","Stripmall Retail",9.2999999999999999E-2,9.0999999999999998E-2,9.0999999999999998E-2,0]
["Senior Care Community","Large Hotel",0.156,0.13400000000000001,0.13400000000000001,0.14399999999999999]
["Supermarket/Grocery Store","Supermarket, other Food Sales",5.2999999999999999E-2,5.2999999999999999E-2,5.2999999999999999E-2,3.7999999999999999E-2]
["Worship Facility","Primary School",0.16500000000000001,0.126,0.126,1.2999999999999999E-2]
[]
["PNNL Building Re-Tuning Study Building Types"]
[null,"Size Range (SqFt Floor area)",null,"Savings (Inefficient)","Savings (Typical)","Savings (Efficient)","Savings (Percent, Overall)"]
["College/University",1,10000000,0.13800000000000001,6.9000000000000006E-2,4.2999999999999997E-2,7.5999999999999998E-2,null,{"$f":"SUBTOTAL(5,'[3]TuneUpsBuildings052317-2016EUI'!L2:L736)","v":0},{"$f":"SUBTOTAL(4,'[3]TuneUpsBuildings052317-2016EUI'!L2:L736)","v":244.5493888888889},{"$f":"SUBTOTAL(1,'[3]TuneUpsBuildings052317-2016EUI'!L2:L736)","v":15.630575820745246}]
["Hospital",1,10000000,0.13800000000000001,6.9000000000000006E-2,4.2999999999999997E-2,7.5999999999999998E-2]
["Outpatient Healthcare",1,10000000,0.34200000000000003,0.18099999999999999,8.2000000000000003E-2,0.19500000000000001]
["Large Hotel",1,1000000,0.156,0.13400000000000001,0.14399999999999999,0.14099999999999999]
["Large Office",100001,10000000,0.13800000000000001,6.9000000000000006E-2,4.2999999999999997E-2,7.5999999999999998E-2]
["Medium Office",45001,100000,0.34200000000000003,0.18099999999999999,8.2000000000000003E-2,0.19500000000000001]
["Small Office",1,45000,0.26300000000000001,0.18099999999999999,7.2999999999999995E-2,0.17]
["Primary School",1,150000,0.16500000000000001,0.126,1.2999999999999999E-2,0.104]
["Secondary School",150001,500000,0.152,0.14199999999999999,2.5000000000000001E-2,0.112]
["StandAlone Retail, Retail Dealership",1,100000,0.17399999999999999,0.14799999999999999,0,0.114]
["Stripmall Retail",1,100000,9.2999999999999999E-2,9.0999999999999998E-2,0,6.6000000000000003E-2]
["Supermarket, other Food Sales",1,150000,5.2999999999999999E-2,5.2999999999999999E-2,0,3.7999999999999999E-2]
[]
[null,null,null,{"$f":"AVERAGE(D36:D47)","v":0.17950000000000002},{"$f":"AVERAGE(E36:E47)","v":0.12033333333333333},{"$f":"AVERAGE(F36:F47)","v":4.5666666666666661E-2}]

{"sheet":"Portfolio Stats","index":12,"n_rows":50,"n_cols":23,"rows_kept":50,"cut":false,"hidden":true,"merged":[]}
[]
[null,"City of Seattle Building Benchmark Data-- Year Ending 2016"]
[]
[null,null,null,null,null,"Based on Total Reported EUI",null,null,null,"kWh / SqFt",null,null,null,null,"% of Buildings in each class",null,null,null,null,"kBtu/ SqFt"]
[null,null,"Count","Gross Floor Area (sf)",null,"Efficient (Low Quartile)","Typical (Middle Quartiles)","Inefficient (High Quartile)",null,"MIN","MAX","Average","Median",null,"Lowest Use","Medium Low","Medium High","Highest Use",null,"Lowest Use","Medium Low","Medium High","Highest Use"]
[null,"College/University",20,4944040,null,0.3,0.65,0.05,null,1.7785243055555555,17.360896782646673,10.531128979194971,10.703917781472084,null,0.3,0.3,0.35,0.05,null,23.48333311080933,59.166666030883789,91.0142865862165,144.5]
[null,"Distribution Center",51,3333772,null,0.36170212765957449,0.40425531914893614,0.23404255319148937,null,0.62147655818396663,63.136210324329134,6.99541604830348,5.2111644190871367,null,0.36170212765957449,0.14893617021276595,0.25531914893617019,0.23404255319148937,null,24.228571210588711,24.228571210588711,33.799999823937043,68.300001144409251]
[null,"Hospital",9,6591775,null,0.2,0.5,0.3,null,5.4428457020213985,38.46803185437998,26.081329826546579,26.130388512426556,null,0.2,0.3,0.2,0.3,null,191.89999898274732,191.89999898274732,217.10000610351599,263.09999084472651]
[null,"Hotel",67,10056480,null,0.19402985074626866,0.53731343283582089,0.26865671641791045,null,1.4314663412302862,20.910290428755783,11.398233080364983,11.835462800302036,null,0.19402985074626866,0.26865671641791045,0.26865671641791045,0.26865671641791045,null,44.799999970656174,66.972223281860352,87.099999745686844,118.15000057220459]
[null,"K-12 School",140,10979479,null,0.36764705882352944,0.40441176470588236,0.22794117647058823,null,0,17.23186019736842,5.5866274637867601,5.5840278206135396,null,0.36764705882352944,0.21323529411764705,0.19117647058823528,0.22794117647058823,null,65.584615413959213,39.04482755989865,45.954999923706069,65.584615413959213]
[null,"Medical Office",38,4355466,null,0.3783783783783784,0.45945945945945948,0.16216216216216217,null,6.0981978626019506,37.809744835965979,20.878299280982148,20.748411578375311,null,0.3783783783783784,0.29729729729729731,0.16216216216216217,0.16216216216216217,null,94.366666158040303,74.727272033691406,94.366666158040303,159.98571341378343]
[null,"Mixed Use Property",89,9110600.296875,null,0.26923076923076922,0.53846153846153844,0.19230769230769232,null,1.1542876223689733,206.86262871786175,18.651232351644332,11.491268970074175,null,0.26923076923076922,0.32051282051282054,0.21794871794871795,0.19230769230769232,null,201.08888809769235,45.024000244140623,73.97368481284694,201.08888809769235]
[null,"Multifamily Housing",8,1526209,null,0.14285714285714285,0.14285714285714285,0.7142857142857143,null,3.8443966413102215,24.969491984035717,14.13480339530237,13.274104317835974,null,0.14285714285714285,0,0.14285714285714285,0.7142857142857143,null,69.599999745686873,{"$error":"#DIV/0!"},36.099998474121101,69.599999745686873]
[null,"Non-Refrigerated Warehouse",183,11605403.69921875,null,0.26842105263157895,0.49473684210526314,0.23684210526315788,null,9.6124501134674079E-2,41.285553977272727,6.2250458005236018,4.7344838129057951,null,0.26842105263157895,0.22105263157894736,0.27368421052631581,0.23684210526315788,null,34.823404149806244,19.649999936421711,34.823404149806244,72.199999745686839]
[null,"Office",446,60046929.0859375,null,0.19221411192214111,0.53527980535279807,0.27250608272506083,null,0.28259599609375002,91.365475410965985,15.460681358414357,13.387852507664972,null,0.19221411192214111,0.2944038929440389,0.24087591240875914,0.27250608272506083,null,61.908910694688856,48.281818232260463,61.908910694688856,96.722916762034103]
[null,"Other",235,21073143,null,0.29565217391304349,0.5304347826086957,0.17391304347826086,null,0.19931221031451027,244.5493888888889,20.022807155371563,13.406464015151515,null,0.29565217391304349,0.22173913043478261,0.30869565217391304,0.17391304347826086,null,229.08823585510251,55.133333243575748,91.773015582372253,229.08823585510251]
[null,"Refrigerated Warehouse",12,489440,null,0,0.2857142857142857,0.7142857142857143,null,4.5330565583634179,56.425985067541326,20.920062989350129,10.885796196463982,null,0,0.14285714285714285,0.14285714285714285,0.7142857142857143,null,36.100000381469755,36.100000381469755,63.600000381469727,181.43332926432268]
[null,"Residence Hall/Dormitory",2,145736,null,0,0.33333333333333331,0.66666666666666663,null,7.1971303310541588,8.1026038477240245,7.6498670893890921,7.6498670893890921,null,0,0.33333333333333331,0,0.66666666666666663,null,82.800003051757798,54.799999237060497,{"$error":"#DIV/0!"},82.800003051757798]
[null,"Restaurant",9,256775,null,0.5,0.33333333333333331,0.16666666666666666,null,6.0656145541463893,49.98068438082165,23.547536073515161,22.917023142169523,null,0.5,0.33333333333333331,0,0.16666666666666666,null,159.049995422363,136.69999694824199,159.049995422363,307.26666768391937]
[null,"Retail Store",88,7228308.3984375,null,0.22619047619047619,0.44047619047619047,0.33333333333333331,null,1.0768391197810592,37.388172974074266,13.754783218438662,11.770728754704816,null,0.22619047619047619,0.22619047619047619,0.21428571428571427,0.33333333333333331,null,69.121739428976312,46.973684009752766,69.121739428976312,121.17777591281462]
[null,"Self-Storage Facility",28,1427186,null,7.1428571428571425E-2,0.35714285714285715,0.5714285714285714,null,0.41912296709176011,12.356183176487978,3.405558739324706,2.4678811084572541,null,7.1428571428571425E-2,0.17857142857142858,0.17857142857142858,0.5714285714285714,null,43.050000190734863,15.620000076293939,22.316666603088382,43.050000190734863]
[null,"Senior Care Community",14,1198076,null,0.33333333333333331,0.4,0.26666666666666666,null,6.6729329500617451,28.993861111111112,15.345056416022887,14.313071856657144,null,0.33333333333333331,6.6666666666666666E-2,0.33333333333333331,0.26666666666666666,null,145.9699996948242,62.799999237060497,93,145.9699996948242]
[null,"Supermarket/Grocery Store",36,1660997,null,0.17647058823529413,0.58823529411764708,0.23529411764705882,null,14.131564253975679,70.903314998382214,45.81281782078392,45.433136425960221,null,0.17647058823529413,0.38235294117647056,0.20588235294117646,0.23529411764705882,null,290.0333353678385,243.60000258225668,290.0333353678385,348.35714721679699]
[null,"Worship Facility",69,2308649,null,0.29230769230769232,0.52307692307692311,0.18461538461538463,null,0.97400341722736605,16.573657849428706,3.6616297201801986,3.4809095948969055,null,0.29230769230769232,0.30769230769230771,0.2153846153846154,0.18461538461538463,null,55.92499923706054,30.714999961853039,40.9611110687256,55.92499923706054]
[null,null,{"$f":"SUM(C6:C24)","v":1544},{"$f":"SUM(D6:D24)","v":158338464.48046875},null,0.24051912250830498,0.44518538445947931,0.31429549303221571,1,3.2641837838166765,57.088107200423281,15.266469305654731,10.479915495310923]
[]
[]
[null,null,null,null,null,null,null,null,null,"kWh/ SqFt (Avg. Use per Quartile)",null,null,null,null,"# of Buildings"]
[null,null,null,null,null,null,null,null,null,"Lowest Use","Medium Low","Medium High","Highest Use",null,"Lowest Use","Medium Low","Medium High","Highest Use"]
[null,null,null,null,null,null,null,null,"College/University",5.0261639469029573,12.175906672874129,13.135863649278878,15.459110320284697,null,6,6,7,1,20]
[null,null,null,null,null,null,null,null,"Distribution Center",4.4972140419706639,4.4972140419706639,6.4208539734905328,13.987322186597876,null,17,7,12,11,47]
[null,null,null,null,null,null,null,null,"Hospital",29.100857125645177,29.100857125645177,36.616056205755967,33.545568996844167,null,2,3,2,3,10]
[null,null,null,null,null,null,null,null,"Hotel",6.9746228799284564,10.119396758451991,13.342486871289637,14.478887589903216,null,13,18,18,18,67]
[null,null,null,null,null,null,null,null,"K-12 School",6.9622396963101014,5.832321089846082,4.9212118572631658,6.9622396963101014,null,50,29,26,31,136]
[null,null,null,null,null,null,null,null,"Medical Office",22.944283235626255,19.018798132235293,22.944283235626255,30.175912192439615,null,14,11,6,6,37]
[null,null,null,null,null,null,null,null,"Mixed Use Property",39.222036464233575,9.654711357590454,13.420976870032606,39.222036464233575,null,21,25,17,15,78]
[null,null,null,null,null,null,null,null,"Multifamily Housing",14.937805772856457,{"$error":"#DIV/0!"},8.7096328455472989,14.937805772856457,null,1,0,1,5,7]
[null,null,null,null,null,null,null,null,"Non-Refrigerated Warehouse",6.4327293949240287,4.2494733313515818,6.4327293949240287,11.962924093219327,null,51,42,52,45,190]
[null,null,null,null,null,null,null,null,"Office",15.214115762323134,12.53872965027842,15.214115762323134,21.88642648609417,null,79,121,99,112,411]
[null,null,null,null,null,null,null,null,"Other",41.63163019442915,10.966821126171901,16.833638905230547,41.63163019442915,null,68,51,71,40,230]
[null,null,null,null,null,null,null,null,"Refrigerated Warehouse",9.5738808665384258,9.5738808665384258,14.656669271927104,50.50684035507431,null,0,2,2,10,14]
[null,null,null,null,null,null,null,null,"Residence Hall/Dormitory",8.1026038477240245,7.1971303310541588,{"$error":"#DIV/0!"},8.1026038477240245,null,0,1,0,2,3]
[null,null,null,null,null,null,null,null,"Restaurant",14.407534978013668,24.822391585410347,14.407534978013668,36.625659205851271,null,3,2,0,1,6]
[null,null,null,null,null,null,null,null,"Retail Store",16.356166434796872,10.153155538563903,16.356166434796872,24.320239942405212,null,19,19,18,28,84]
[null,null,null,null,null,null,null,null,"Self-Storage Facility",7.1909365957633566,2.800964699959986,3.1973014900555605,7.1909365957633566,null,2,5,5,16,28]
[null,null,null,null,null,null,null,null,"Senior Care Community",16.464025030817645,12.685337960203567,15.416134302939344,16.464025030817645,null,5,1,5,4,15]
[null,null,null,null,null,null,null,null,"Supermarket/Grocery Store",52.62235947736162,44.981671924602082,52.62235947736162,59.024573867117113,null,6,13,7,8,34]
[null,null,null,null,null,null,null,null,"Worship Facility",6.5643898708002899,3.3591802602783183,3.5878864466803719,6.5643898708002899,null,19,20,14,12,65]
[null,null,null,null,null,null,null,null,null,null,null,{"$error":"#DIV/0!"}]
[null,null,null,null,null,null,null,null,null,null,null,null,null,null,null,null,null,null,1482]

{"sheet":"DataLabel Definitions","index":13,"n_rows":48,"n_cols":7,"rows_kept":48,"cut":false,"hidden":true,"merged":[]}
["Field","Description","Units","Importance for Tune-Ups (Per draft Director's Rule) or Asset Score","Asset Score Preview Field?","AS Field Name"]
["BuildingId","COS custom ID using for energy benchmarking reporting."]
["KCPinNumber","King County tax parcel number"]
["EPA_BUILDING_ID","Portfolio Manager building ID #. Also referred to as EPABuildingId."]
["BuildingTypeName","COS ID used for sorting buildings into high level types.",null,"Part of TuneUp Eligible Iff function."]
["BuildingName","Name listed in King County or updated though customer contact.",null,null,"X","building_name"]
["Address","Address listed in King County or updated though customer contact.",null,null,"X","street"]
["City","City listed in King County or updated though customer contact.",null,null,"X","city","state will be all WA"]
["ZipCode","ZipCode listed in King County or updated though customer contact.",null,null,"X","postal_code"]
["YearBuiltDateTime","Date built listed in King County or updated though customer contact.",null,null,"X","year_completed","will need to convert to whole year"]
["YearLastRemodelDateTime","Last Remodel listed in King County or updated though customer contact. Often not a reliable date."]
["NumberFloorsQuantity","Floors listed in King County or updated though customer contact.",null,null,"X","number_floors"]
["KCGrossSF","Gross Floor area listed in King County or updated though customer contact.","SF"]
["KCParking","Parking listed in King County or updated though customer contact.","SF"]
["KCBaseParking","Basement parking listed in King County or updated though customer contact.","SF"]
["KCParkingTotal","Sum of Parking + Base Parking (in Access)","SF"]
["KCGrossSFLessParking","KCGrossSF minus KCParkingTotal (in Access)","SF"]
["KCResSF","Residential SF listed in King County or updated though customer contact.","SF"]
["KCNoParkingNoRes","KCGrossSF minus KCParkingTotal + KCResSF (in Access)","SF","SF used to determine if Tune Up is required. Part of TuneUp Eligible Function."]
["KCNonResSF","Nonresidential SF listed in King County or updated though customer contact.","SF"]
["KCBaseNonResSF","Basement Nonresidential SF listed in King County or updated though customer contact.","SF"]
["KCTotalNonResSF","Sum of NonResidential spaces (in Access)","SF","Part of TuneUp Eligible Function."]
["TuneUpEligible","Iff Function created in Access ",null,"An if/then function built in Access that defines if building must comply with TU Req and deadline. Buildings listed as TU2020 and TU2021 are mandated to comply with Seattle Requirement by October of that year, and are eligible for the Accelerator. (TU2018 and TU2019 are larger than 100K, but are required and pending conditioned space, some just over 100K could partipate in Accelerator). Buildings listed as TUOPT are could participate in the Accelerator, but are not required by mandate."]
["EPABuildingTypeName","Portfolio Manager defined building type use for EUIRank loopup.",null,"Building name that the person who benchmarked used. Often more accurate than KC building name.","X","use_type","will need to match to AS types"]
["EPABuildingSubTypeName","Portfolio Manager defined building type (50% of space or more), based on benchmarking. ",null,null,"X","use_type","use this if prior is \"other\""]
["ListOfAllPropertyUseTypesAtPropertyDescription","Portfolio Manager property types."]
["EPAGrossFloorAreaQuantity","Portfolio Manager defined gross area, based on benchmarking.","SF","GFA that is used to determine EUI and ENERGY STAR score","X","floor_area"]
["SiteEUINonNormQuantity","Portfolio Manager calculated Site EUI ending Dec 2016","kBtu/sf"]
["EUIRankDescription","Building site EUI Rank (quartile) by building type based on benchmarking analysis of Seattle buildings.",null,"Useful for prioritization"]
["SiteTotalNonNormQuantity","Portfolio Manager calculated Total  ending Dec 2016","kBtu"]
["SiteEUIWeatherNormQuantity","Portfolio Manager calculated weather normalized Site EUI ending Dec 2016","kBtu/sf","Buildings with WN EUI <=20 may be exempt pending data verification"]
["ElectricGridRenewNonNormQuantity","Portfolio Manager calculated electric total use ending Dec 2016","KWH",null,"X"]
["GasTotalNonNormQuantity","Portfolio Manager calculated natural gas total use ending Dec 2016"," therms",null,"X"]
["SteamTotalNonNormQuantity","Portfolio Manager calculated natural gas total use ending Dec 2016"," kBtu"]
["SourceEUINonNormQuantity","Portfolio Manager calculated Source EUI ending Dec 2016","kBtu/sf"]
["ScoreNumber","Portfolio Manager ENERGY STAR score","1-100 (blank = NA)","Buildings >=100K with \"certifed\" ENERGY STAR Score >=90 may be exempt; <100K threshold is >85. "]
["DefaultDataFlag","Portfolio Manager ENERGY STAR score is based on default space us data (for example, hours of operation).","Y/N","ScoreNumber  is more likely to be incorrect if = Y, since it means business characteristics such as operating hours are not relying on default ES values."]
["EnergyStarYearsDescription","Portfolio Manager ENERGY STAR score years that building obtained certification label",null,"Indicates ENERGY STAR scores that have been certfied and therefore could help building obtain exemption (if they recertify within 2 years or less before deadline)"]
["IndirectGHGEmissionsQuantity","Portfolio Manager calculated based on regional grid factors","(Metric Tons CO2e)"]
["DirectGHGEmissionsQuantity","Portfolio Manager calculated based on regional grid factors","(Metric Tons CO2e)"]
["TotalGHGEmissionsQuantity","Portfolio Manager calculated based on regional grid factors","(Metric Tons CO2e)"]
["NEW_EPA_CONTACT_ID","Portfolio Manager account ID that submitted benchmarking report"]
["USER_NAME","Portfolio Manager user name (login name of person with account)"]
["EPA_CONTACT_NAME","Portfolio Manager organization name that submitted benchmarking report"]
["FIRST_NAME","Portfolio Manager first name that submitted benchmarking report"]
["LAST_NAME","Portfolio Manager last name that submitted benchmarking report"]
["EMAIL","Portfolio Manager contact organization that submitted benchmarking report"]
["PHONE","Portfolio Manager contact organization that submitted benchmarking report"]

{"sheet":"DropDown Lookups","index":14,"n_rows":69,"n_cols":7,"rows_kept":69,"cut":false,"hidden":true,"merged":[]}
[null,"Basic Tune-Up:\n","Tune-Up Plus:\n","Building Renewal Program:\n"]
[null,"This basic Tune-Up meets BTU Requirements. No other additional scope.","Tune-Up meets BTU Requirements & Additional standard conservation measures requested, e.g. Lighting or HVAC","Tune-Up meets BTU Requirements & Integrated Design Lab support requested for \"Deep Retrofits\". "]
[null,"Contractor"]
[null,"Customer"]
[]
[]
[]
[]
["Facility Use  Code",null,null,null,null,null,"Project Summary"]
["Facility Use","Code",null,null,null,null,"Assessment"]
[null,null,null,null,null,null,"Tune-Up Actions"]
["Assembly - Religious Worship","CC"]
["Assembly - All Others","CD"]
["Lodging - Hotel/Motel/Inn","CH"]
["Commercial - Other","CZ"]
["Data Center","DC"]
["Grocery - Big Box >50,000 SF","GB"]
["Supermarket >5,000 SF","GM"]
["MiniMart ","GS"]
["Hospital","HO"]
["Industrial - Frozen Food / Cold Storage","I1"]
["Industrial - Foundries","I2"]
["Industrial - Utilities","I3"]
["Industrial - Stone & Glass","I4"]
["Industrial - Other Food","IF"]
["Industrial-Marijuana Horticulture","IH"]
["Industrial - Transportation Equipment","IN"]
["Industrial - Other","IZ"]
["Marijuana - All Related Businesses (non-horticulture)","MB"]
["High-Rise Multifamily, 5 units or more, 6+ stories","MH"]
["Low-Rise Multifamily, 5 units or more, 1-3 stories","ML"]
["Mid-Rise Multifamily, 5 units or more, 4-6 stories","MM"]
["Multiplex - 2-4 Dwelling Units","MP"]
["Office Large > 100,000 SF","OL"]
["Office Medium 20,000 to 100,000 SF","OM"]
["Office Small ","OS"]
["Retail Automotive","RA"]
["Retail Big Box/Anchor/Mall >50,000 SF","RB"]
["Residential Care","RC"]
["Restaurant - Full Service","RF"]
["Restaurant - Limited Service","RL"]
["Retail Small Box ","RS"]
["School - K-12","SE"]
["Single Family Dwelling","SF"]
["School - University","SU"]
["NON-BUILDING - Vacant Land","VL"]
["Non-Building - Exterior Lighting","Z1"]
["Non-Building - Miscellaneous Equipment","Z2"]
["Parking","ZP"]
["Warehouse","ZW"]
[]
[]
["Facility Type"]
["Facility Type"]
["New Construction Commercial"]
["Retrofit Commercial"]
["Industrial"]
["Non-Incentive Savings"]
["Retrofit Commercial-Data Center"]
["Industrial- Horticulture"]
["Small Business"]
["Multi-Family"]
[]
[]
["Supervisor "]
["Joseph Fernandi"]
["Kanwalpreet Sidhu"]
["Bretnie Eschenbach"]
["Victor Yagi"]